{"id":96797,"date":"2025-06-19T09:50:33","date_gmt":"2025-06-19T14:50:33","guid":{"rendered":"https:\/\/arriendo.com\/co\/%es_type%\/manizales\/arboleda\/AR-0\/"},"modified":"2025-10-17T11:37:33","modified_gmt":"2025-10-17T16:37:33","slug":"ar-96797","status":"publish","type":"properties","link":"https:\/\/arriendo.com\/co\/oficinas\/manizales\/arboleda\/ar-96797\/","title":{"rendered":"ARRIENDO OFICINA EN ARBOLEDA MANIZALES | ARRIENDOS MANIZALES"},"content":{"rendered":"<p>\ud83c\udfe2 \u00a1Oficina en Arriendo en Arboleda, Manizales! \ud83c\udf06 Trabaja con comodidad y estilo en esta hermosa oficina totalmente remodelada, con acabados de alta calidad y un dise\u00f1o moderno que potencia la productividad. \ud83d\udcd0 Espacios Funcionales: Con 96 m\u00b2 de \u00e1rea privada, la oficina cuenta con 2 espacios independientes, ideales para salas de reuniones o \u00e1reas de trabajo privadas. Adem\u00e1s, su vista a la calle y excelente iluminaci\u00f3n natural crean un ambiente agradable y profesional. \ud83c\udf7d\ufe0f Comodidad y Equipamiento: Dispone de 2 ba\u00f1os, cocina semintegral y una distribuci\u00f3n pensada para ofrecer confort y funcionalidad en cada rinc\u00f3n. \ud83d\ude97 Parqueadero y Ubicaci\u00f3n Estrat\u00e9gica: Incluye 2 garajes y est\u00e1 ubicada en el primer piso de un edificio en una zona tranquila y segura, con f\u00e1cil acceso al transporte p\u00fablico y cercana a escuelas y comercios. \ud83c\udf1f Ideal para Empresas: Si buscas un espacio que combine comodidad, seguridad y una excelente ubicaci\u00f3n, esta oficina es la opci\u00f3n perfecta para tu negocio. \ud83d\udcf2 \u00a1Cont\u00e1ctanos y agenda tu visita hoy mismo!<\/p>\n","protected":false},"excerpt":{"rendered":"\ud83c\udfe2 \u00a1Oficina en Arriendo en Arboleda, Manizales! \ud83c\udf06 Trabaja con...","protected":false},"author":4152,"featured_media":96799,"template":"","es_locations":[1607,84,418,340],"es_categories":[124],"es_types":[116],"es_rent_periods":[],"es_labels":[],"es_statuses":[],"es_parkings":[],"es_roofs":[],"es_exterior_materials":[],"es_basements":[],"es_floor_coverings":[],"es_features":[],"es_amenities":[],"es_neighborhoods":[],"es_tags":[],"class_list":["post-96797","properties","type-properties","status-publish","has-post-thumbnail","hentry","es_location-arboleda","es_location-caldas","es_location-colombia","es_location-manizales","es_category-arriendo","es_type-oficinas","es-post-entity"],"_links":{"self":[{"href":"https:\/\/arriendo.com\/co\/wp-json\/wp\/v2\/properties\/96797","targetHints":{"allow":["GET"]}}],"collection":[{"href":"https:\/\/arriendo.com\/co\/wp-json\/wp\/v2\/properties"}],"about":[{"href":"https:\/\/arriendo.com\/co\/wp-json\/wp\/v2\/types\/properties"}],"author":[{"embeddable":true,"href":"https:\/\/arriendo.com\/co\/wp-json\/wp\/v2\/users\/4152"}],"version-history":[{"count":0,"href":"https:\/\/arriendo.com\/co\/wp-json\/wp\/v2\/properties\/96797\/revisions"}],"wp:featuredmedia":[{"embeddable":true,"href":"https:\/\/arriendo.com\/co\/wp-json\/wp\/v2\/media\/96799"}],"wp:attachment":[{"href":"https:\/\/arriendo.com\/co\/wp-json\/wp\/v2\/media?parent=96797"}],"wp:term":[{"taxonomy":"es_location","embeddable":true,"href":"https:\/\/arriendo.com\/co\/wp-json\/wp\/v2\/es_locations?post=96797"},{"taxonomy":"es_category","embeddable":true,"href":"https:\/\/arriendo.com\/co\/wp-json\/wp\/v2\/es_categories?post=96797"},{"taxonomy":"es_type","embeddable":true,"href":"https:\/\/arriendo.com\/co\/wp-json\/wp\/v2\/es_types?post=96797"},{"taxonomy":"es_rent_period","embeddable":true,"href":"https:\/\/arriendo.com\/co\/wp-json\/wp\/v2\/es_rent_periods?post=96797"},{"taxonomy":"es_label","embeddable":true,"href":"https:\/\/arriendo.com\/co\/wp-json\/wp\/v2\/es_labels?post=96797"},{"taxonomy":"es_status","embeddable":true,"href":"https:\/\/arriendo.com\/co\/wp-json\/wp\/v2\/es_statuses?post=96797"},{"taxonomy":"es_parking","embeddable":true,"href":"https:\/\/arriendo.com\/co\/wp-json\/wp\/v2\/es_parkings?post=96797"},{"taxonomy":"es_roof","embeddable":true,"href":"https:\/\/arriendo.com\/co\/wp-json\/wp\/v2\/es_roofs?post=96797"},{"taxonomy":"es_exterior_material","embeddable":true,"href":"https:\/\/arriendo.com\/co\/wp-json\/wp\/v2\/es_exterior_materials?post=96797"},{"taxonomy":"es_basement","embeddable":true,"href":"https:\/\/arriendo.com\/co\/wp-json\/wp\/v2\/es_basements?post=96797"},{"taxonomy":"es_floor_covering","embeddable":true,"href":"https:\/\/arriendo.com\/co\/wp-json\/wp\/v2\/es_floor_coverings?post=96797"},{"taxonomy":"es_feature","embeddable":true,"href":"https:\/\/arriendo.com\/co\/wp-json\/wp\/v2\/es_features?post=96797"},{"taxonomy":"es_amenity","embeddable":true,"href":"https:\/\/arriendo.com\/co\/wp-json\/wp\/v2\/es_amenities?post=96797"},{"taxonomy":"es_neighborhood","embeddable":true,"href":"https:\/\/arriendo.com\/co\/wp-json\/wp\/v2\/es_neighborhoods?post=96797"},{"taxonomy":"es_tag","embeddable":true,"href":"https:\/\/arriendo.com\/co\/wp-json\/wp\/v2\/es_tags?post=96797"}],"curies":[{"name":"wp","href":"https:\/\/api.w.org\/{rel}","templated":true}]}}

<p>🏢 ¡Oficina en Arriendo en Arboleda, Manizales! 🌆 Trabaja con comodidad y estilo en esta hermosa oficina totalmente remodelada, con acabados de alta calidad y un diseño moderno que potencia la productividad. 📐 Espacios Funcionales: Con 96 m² de área privada, la oficina cuenta con 2 espacios independientes, ideales para salas de reuniones o áreas de trabajo privadas. Además, su vista a la calle y excelente iluminación natural crean un ambiente agradable y profesional. 🍽️ Comodidad y Equipamiento: Dispone de 2 baños, cocina semintegral y una distribución pensada para ofrecer confort y funcionalidad en cada rincón. 🚗 Parqueadero y Ubicación Estratégica: Incluye 2 garajes y está ubicada en el primer piso de un edificio en una zona tranquila y segura, con fácil acceso al transporte público y cercana a escuelas y comercios. 🌟 Ideal para Empresas: Si buscas un espacio que combine comodidad, seguridad y una excelente ubicación, esta oficina es la opción perfecta para tu negocio. 📲 ¡Contáctanos y agenda tu visita hoy mismo!</p>
