{"id":84380,"date":"2025-05-20T10:54:16","date_gmt":"2025-05-20T15:54:16","guid":{"rendered":"https:\/\/arriendo.com\/co\/%es_type%\/villa-de-leyva\/vereda-salto-y-lavandera\/AR-0\/"},"modified":"2025-11-18T00:45:01","modified_gmt":"2025-11-18T05:45:01","slug":"ar-84380","status":"publish","type":"properties","link":"https:\/\/arriendo.com\/co\/casas\/villa-de-leyva\/vereda-salto-y-lavandera\/ar-84380\/","title":{"rendered":"ARRIENDO CASA CAMPESTRE &#8211; VEREDA SALTO Y LAVANDERA &#8211; VILLA DE LEYVA"},"content":{"rendered":"<p>Hermosa casa para alquiler en el id\u00edlico pueblo colonial de Villa de Leyva, ubicada en el departamento de Boyac\u00e1. Esta propiedad cuenta con una extensi\u00f3n de terreno de 4000 M2, rodeada de amplias zonas verdes y jardines que te transportan a un ambiente campestre y tranquilo. La casa en s\u00ed tiene una construcci\u00f3n de 220 M2 que se integra perfectamente en el entorno. La casa ofrece un total de 6 habitaciones, lo que la hace ideal para familias numerosas o grupos de amigos que buscan un lugar para disfrutar juntos.\u00a0 Para mayor comodidad, la casa cuenta con 4 ba\u00f1os en \u00f3ptimas condiciones. La habitaci\u00f3n principal tiene su propio ba\u00f1o ofreciendo privacidad y comodidad para sus ocupantes. Adem\u00e1s, la amplia sala de estar tiene una hermosa chimenea que agrega un toque acogedor y c\u00e1lido a las noches fr\u00edas. Una de las caracter\u00edsticas m\u00e1s destacadas de esta propiedad es su amplia cocina equipada con una barra estilo americano, perfecto para cocinar mientras se conversa con amigos y familiares. Tambi\u00e9n cuenta con una despensa y una zona de lavander\u00eda separada para mayor comodidad. La casa viene completamente amoblada y en excelentes condiciones, lista para ser habitada de inmediato. Adem\u00e1s, su ubicaci\u00f3n exterior le permite disfrutar de una vista panor\u00e1mica de los alrededores y una brisa fresca en todo momento. La propiedad cuenta con un\u00a0 estacionamiento pra varios\u00a0veh\u00edculos, lo cual es una ventaja en un pueblo tan concurrido como Villa de Leyva. Tambi\u00e9n tiene un dep\u00f3sito para almacenar cualquier tipo de art\u00edculo de forma segura. Ubicada en una zona residencial tranquila, sus calles de tosca y su entorno campestre la convierten en un lugar perfecto para aquellos que buscan alejarse del ajetreo de la ciudad y disfrutar de la naturaleza en su esplendor. \u00a1No pierdas la oportunidad de vivir en esta espectacular casa en Villa de Leyva! Cont\u00e1ctenos hoy mismo para m\u00e1s informaci\u00f3n y para programar una visita. Valor arriendo con muebles\u00a0$ 4.500.000 millones Valor arriendo sin muebles $ 4.200.000 NO SE ACEPTAN MASCOSTAS<\/p>\n","protected":false},"excerpt":{"rendered":"Hermosa casa para alquiler en el id\u00edlico pueblo colonial de...","protected":false},"author":3901,"featured_media":84382,"template":"","es_locations":[83,418,1519,956],"es_categories":[124],"es_types":[115],"es_rent_periods":[],"es_labels":[],"es_statuses":[],"es_parkings":[],"es_roofs":[],"es_exterior_materials":[],"es_basements":[],"es_floor_coverings":[],"es_features":[],"es_amenities":[],"es_neighborhoods":[],"es_tags":[],"class_list":["post-84380","properties","type-properties","status-publish","has-post-thumbnail","hentry","es_location-boyaca","es_location-colombia","es_location-vereda-salto-y-lavandera","es_location-villa-de-leyva","es_category-arriendo","es_type-casas","es-post-entity"],"_links":{"self":[{"href":"https:\/\/arriendo.com\/co\/wp-json\/wp\/v2\/properties\/84380","targetHints":{"allow":["GET"]}}],"collection":[{"href":"https:\/\/arriendo.com\/co\/wp-json\/wp\/v2\/properties"}],"about":[{"href":"https:\/\/arriendo.com\/co\/wp-json\/wp\/v2\/types\/properties"}],"author":[{"embeddable":true,"href":"https:\/\/arriendo.com\/co\/wp-json\/wp\/v2\/users\/3901"}],"version-history":[{"count":0,"href":"https:\/\/arriendo.com\/co\/wp-json\/wp\/v2\/properties\/84380\/revisions"}],"wp:featuredmedia":[{"embeddable":true,"href":"https:\/\/arriendo.com\/co\/wp-json\/wp\/v2\/media\/84382"}],"wp:attachment":[{"href":"https:\/\/arriendo.com\/co\/wp-json\/wp\/v2\/media?parent=84380"}],"wp:term":[{"taxonomy":"es_location","embeddable":true,"href":"https:\/\/arriendo.com\/co\/wp-json\/wp\/v2\/es_locations?post=84380"},{"taxonomy":"es_category","embeddable":true,"href":"https:\/\/arriendo.com\/co\/wp-json\/wp\/v2\/es_categories?post=84380"},{"taxonomy":"es_type","embeddable":true,"href":"https:\/\/arriendo.com\/co\/wp-json\/wp\/v2\/es_types?post=84380"},{"taxonomy":"es_rent_period","embeddable":true,"href":"https:\/\/arriendo.com\/co\/wp-json\/wp\/v2\/es_rent_periods?post=84380"},{"taxonomy":"es_label","embeddable":true,"href":"https:\/\/arriendo.com\/co\/wp-json\/wp\/v2\/es_labels?post=84380"},{"taxonomy":"es_status","embeddable":true,"href":"https:\/\/arriendo.com\/co\/wp-json\/wp\/v2\/es_statuses?post=84380"},{"taxonomy":"es_parking","embeddable":true,"href":"https:\/\/arriendo.com\/co\/wp-json\/wp\/v2\/es_parkings?post=84380"},{"taxonomy":"es_roof","embeddable":true,"href":"https:\/\/arriendo.com\/co\/wp-json\/wp\/v2\/es_roofs?post=84380"},{"taxonomy":"es_exterior_material","embeddable":true,"href":"https:\/\/arriendo.com\/co\/wp-json\/wp\/v2\/es_exterior_materials?post=84380"},{"taxonomy":"es_basement","embeddable":true,"href":"https:\/\/arriendo.com\/co\/wp-json\/wp\/v2\/es_basements?post=84380"},{"taxonomy":"es_floor_covering","embeddable":true,"href":"https:\/\/arriendo.com\/co\/wp-json\/wp\/v2\/es_floor_coverings?post=84380"},{"taxonomy":"es_feature","embeddable":true,"href":"https:\/\/arriendo.com\/co\/wp-json\/wp\/v2\/es_features?post=84380"},{"taxonomy":"es_amenity","embeddable":true,"href":"https:\/\/arriendo.com\/co\/wp-json\/wp\/v2\/es_amenities?post=84380"},{"taxonomy":"es_neighborhood","embeddable":true,"href":"https:\/\/arriendo.com\/co\/wp-json\/wp\/v2\/es_neighborhoods?post=84380"},{"taxonomy":"es_tag","embeddable":true,"href":"https:\/\/arriendo.com\/co\/wp-json\/wp\/v2\/es_tags?post=84380"}],"curies":[{"name":"wp","href":"https:\/\/api.w.org\/{rel}","templated":true}]}}

<p>Hermosa casa para alquiler en el idílico pueblo colonial de Villa de Leyva, ubicada en el departamento de Boyacá. Esta propiedad cuenta con una extensión de terreno de 4000 M2, rodeada de amplias zonas verdes y jardines que te transportan a un ambiente campestre y tranquilo. La casa en sí tiene una construcción de 220 M2 que se integra perfectamente en el entorno. La casa ofrece un total de 6 habitaciones, lo que la hace ideal para familias numerosas o grupos de amigos que buscan un lugar para disfrutar juntos.  Para mayor comodidad, la casa cuenta con 4 baños en óptimas condiciones. La habitación principal tiene su propio baño ofreciendo privacidad y comodidad para sus ocupantes. Además, la amplia sala de estar tiene una hermosa chimenea que agrega un toque acogedor y cálido a las noches frías. Una de las características más destacadas de esta propiedad es su amplia cocina equipada con una barra estilo americano, perfecto para cocinar mientras se conversa con amigos y familiares. También cuenta con una despensa y una zona de lavandería separada para mayor comodidad. La casa viene completamente amoblada y en excelentes condiciones, lista para ser habitada de inmediato. Además, su ubicación exterior le permite disfrutar de una vista panorámica de los alrededores y una brisa fresca en todo momento. La propiedad cuenta con un  estacionamiento pra varios vehículos, lo cual es una ventaja en un pueblo tan concurrido como Villa de Leyva. También tiene un depósito para almacenar cualquier tipo de artículo de forma segura. Ubicada en una zona residencial tranquila, sus calles de tosca y su entorno campestre la convierten en un lugar perfecto para aquellos que buscan alejarse del ajetreo de la ciudad y disfrutar de la naturaleza en su esplendor. ¡No pierdas la oportunidad de vivir en esta espectacular casa en Villa de Leyva! Contáctenos hoy mismo para más información y para programar una visita. Valor arriendo con muebles $ 4.500.000 millones Valor arriendo sin muebles $ 4.200.000 NO SE ACEPTAN MASCOSTAS</p>

Hermosa casa para alquiler en el idílico pueblo colonial de...
