{"id":72845,"date":"2025-04-23T16:31:25","date_gmt":"2025-04-23T21:31:25","guid":{"rendered":"https:\/\/arriendo.com\/co\/%es_type%\/dosquebradas\/la-macarena\/AR-0\/"},"modified":"2025-11-24T00:49:20","modified_gmt":"2025-11-24T05:49:20","slug":"ar-72845","status":"publish","type":"properties","link":"https:\/\/arriendo.com\/co\/bodegas\/dosquebradas\/dosquebradas\/ar-72845\/","title":{"rendered":"RENTO AMPLIA BODEGA EN LA BADEA DOSQUEBRADAS"},"content":{"rendered":"<p>Rento bodega sobre via principal en La Badea\u00a0&#8211; Dosquebradas. Cuenta con un area de 1.200m2, dividido en varias\u00a0zonas de bodegas, areas comunes, oficinas\u00a0y 4 ba\u00f1os. Areas de estacionamiento amplias, entrada\u00a0vehicular\u00a0para descarga de camiones peque\u00f1os, espacio para descarga de tractomula al lateral. *Techado alto (10mtrs) apto para todo tipo de industria Hugo Marin REQUISITOS: *C\u00e9dula al 150% *Carta laboral vigente (Antig\u00fcedad m\u00ednimo 6 meses, o demostrar continuidad con la del trabajo anterior) *Ingresos al doble del canon aprox. *Desprendibles de nomina \u00faltimos 3 meses *Extractos bancarios \u00faltimos 3 meses *No estar reportados *2\u00a0Codeudores\u00a0que cumplan con los mismos requisitos (Uno de ellos adjunta Propiedad Raiz) *Pensionados deben demostrar ingresos adicionales a la pensi\u00f3n *Asumir costo de estudio y tr\u00e1mite inmobiliario<\/p>\n","protected":false},"excerpt":{"rendered":"Rento bodega sobre via principal en La Badea\u00a0&#8211; Dosquebradas. Cuenta...","protected":false},"author":3505,"featured_media":72846,"template":"","es_locations":[418,727,231,102],"es_categories":[124],"es_types":[121],"es_rent_periods":[],"es_labels":[2090],"es_statuses":[],"es_parkings":[],"es_roofs":[],"es_exterior_materials":[],"es_basements":[],"es_floor_coverings":[],"es_features":[],"es_amenities":[],"es_neighborhoods":[],"es_tags":[],"class_list":["post-72845","properties","type-properties","status-publish","has-post-thumbnail","hentry","es_location-colombia","es_location-dosquebradas","es_location-pereira","es_location-risaralda","es_category-arriendo","es_type-bodegas","es_label-arrendado","es-post-entity"],"_links":{"self":[{"href":"https:\/\/arriendo.com\/co\/wp-json\/wp\/v2\/properties\/72845","targetHints":{"allow":["GET"]}}],"collection":[{"href":"https:\/\/arriendo.com\/co\/wp-json\/wp\/v2\/properties"}],"about":[{"href":"https:\/\/arriendo.com\/co\/wp-json\/wp\/v2\/types\/properties"}],"author":[{"embeddable":true,"href":"https:\/\/arriendo.com\/co\/wp-json\/wp\/v2\/users\/3505"}],"version-history":[{"count":0,"href":"https:\/\/arriendo.com\/co\/wp-json\/wp\/v2\/properties\/72845\/revisions"}],"wp:featuredmedia":[{"embeddable":true,"href":"https:\/\/arriendo.com\/co\/wp-json\/wp\/v2\/media\/72846"}],"wp:attachment":[{"href":"https:\/\/arriendo.com\/co\/wp-json\/wp\/v2\/media?parent=72845"}],"wp:term":[{"taxonomy":"es_location","embeddable":true,"href":"https:\/\/arriendo.com\/co\/wp-json\/wp\/v2\/es_locations?post=72845"},{"taxonomy":"es_category","embeddable":true,"href":"https:\/\/arriendo.com\/co\/wp-json\/wp\/v2\/es_categories?post=72845"},{"taxonomy":"es_type","embeddable":true,"href":"https:\/\/arriendo.com\/co\/wp-json\/wp\/v2\/es_types?post=72845"},{"taxonomy":"es_rent_period","embeddable":true,"href":"https:\/\/arriendo.com\/co\/wp-json\/wp\/v2\/es_rent_periods?post=72845"},{"taxonomy":"es_label","embeddable":true,"href":"https:\/\/arriendo.com\/co\/wp-json\/wp\/v2\/es_labels?post=72845"},{"taxonomy":"es_status","embeddable":true,"href":"https:\/\/arriendo.com\/co\/wp-json\/wp\/v2\/es_statuses?post=72845"},{"taxonomy":"es_parking","embeddable":true,"href":"https:\/\/arriendo.com\/co\/wp-json\/wp\/v2\/es_parkings?post=72845"},{"taxonomy":"es_roof","embeddable":true,"href":"https:\/\/arriendo.com\/co\/wp-json\/wp\/v2\/es_roofs?post=72845"},{"taxonomy":"es_exterior_material","embeddable":true,"href":"https:\/\/arriendo.com\/co\/wp-json\/wp\/v2\/es_exterior_materials?post=72845"},{"taxonomy":"es_basement","embeddable":true,"href":"https:\/\/arriendo.com\/co\/wp-json\/wp\/v2\/es_basements?post=72845"},{"taxonomy":"es_floor_covering","embeddable":true,"href":"https:\/\/arriendo.com\/co\/wp-json\/wp\/v2\/es_floor_coverings?post=72845"},{"taxonomy":"es_feature","embeddable":true,"href":"https:\/\/arriendo.com\/co\/wp-json\/wp\/v2\/es_features?post=72845"},{"taxonomy":"es_amenity","embeddable":true,"href":"https:\/\/arriendo.com\/co\/wp-json\/wp\/v2\/es_amenities?post=72845"},{"taxonomy":"es_neighborhood","embeddable":true,"href":"https:\/\/arriendo.com\/co\/wp-json\/wp\/v2\/es_neighborhoods?post=72845"},{"taxonomy":"es_tag","embeddable":true,"href":"https:\/\/arriendo.com\/co\/wp-json\/wp\/v2\/es_tags?post=72845"}],"curies":[{"name":"wp","href":"https:\/\/api.w.org\/{rel}","templated":true}]}}

<p>Rento bodega sobre via principal en La Badea &#8211; Dosquebradas. Cuenta con un area de 1.200m2, dividido en varias zonas de bodegas, areas comunes, oficinas y 4 baños. Areas de estacionamiento amplias, entrada vehicular para descarga de camiones pequeños, espacio para descarga de tractomula al lateral. *Techado alto (10mtrs) apto para todo tipo de industria Hugo Marin REQUISITOS: *Cédula al 150% *Carta laboral vigente (Antigüedad mínimo 6 meses, o demostrar continuidad con la del trabajo anterior) *Ingresos al doble del canon aprox. *Desprendibles de nomina últimos 3 meses *Extractos bancarios últimos 3 meses *No estar reportados *2 Codeudores que cumplan con los mismos requisitos (Uno de ellos adjunta Propiedad Raiz) *Pensionados deben demostrar ingresos adicionales a la pensión *Asumir costo de estudio y trámite inmobiliario</p>
