{"id":7094,"date":"2024-09-06T15:28:16","date_gmt":"2024-09-06T20:28:16","guid":{"rendered":"https:\/\/arriendo.com\/co\/%es_type%\/\/%neighborhood%\/vqw1Wu5H0\/"},"modified":"2024-09-06T15:28:51","modified_gmt":"2024-09-06T20:28:51","slug":"ar-7094","status":"publish","type":"properties","link":"https:\/\/arriendo.com\/co\/casas\/valledupar\/alfonso-lopez\/ar-7094\/","title":{"rendered":"Casa comercial en arriendo en Alfonso L\u00f3pez"},"content":{"rendered":"<p>Se arrienda una casa para uso comercial en el barrio Alfonso L\u00f3pez, Valledupar, Cesar. Ubicada en la Calle 13B No. 15-19, esta propiedad de estrato 4 cuenta con una \u00e1rea construida de 106 m\u00b2 y tiene un precio de arriendo de $3.000.000. La casa, con m\u00e1s de 30 a\u00f1os de antig\u00fcedad, se distribuye en dos plantas y ofrece 3 habitaciones, un estudio, 4 ba\u00f1os, y un garaje interno. La propiedad tambi\u00e9n acepta mascotas y est\u00e1 equipada con rejas en las ventanas.<\/p>\n","protected":false},"excerpt":{"rendered":"Se arrienda una casa para uso comercial en el barrio...","protected":false},"author":1770,"featured_media":7105,"template":"","es_locations":[440,88,418,436],"es_categories":[124],"es_types":[115],"es_rent_periods":[],"es_labels":[51],"es_statuses":[126],"es_parkings":[],"es_roofs":[],"es_exterior_materials":[],"es_basements":[],"es_floor_coverings":[],"es_features":[],"es_amenities":[],"es_neighborhoods":[],"es_tags":[],"class_list":["post-7094","properties","type-properties","status-publish","has-post-thumbnail","hentry","es_location-alfonso-lopez","es_location-cesar","es_location-colombia","es_location-valledupar","es_category-arriendo","es_type-casas","es_label-featured","es_status-usado","es-post-entity"],"_links":{"self":[{"href":"https:\/\/arriendo.com\/co\/wp-json\/wp\/v2\/properties\/7094","targetHints":{"allow":["GET"]}}],"collection":[{"href":"https:\/\/arriendo.com\/co\/wp-json\/wp\/v2\/properties"}],"about":[{"href":"https:\/\/arriendo.com\/co\/wp-json\/wp\/v2\/types\/properties"}],"author":[{"embeddable":true,"href":"https:\/\/arriendo.com\/co\/wp-json\/wp\/v2\/users\/1770"}],"version-history":[{"count":0,"href":"https:\/\/arriendo.com\/co\/wp-json\/wp\/v2\/properties\/7094\/revisions"}],"wp:featuredmedia":[{"embeddable":true,"href":"https:\/\/arriendo.com\/co\/wp-json\/wp\/v2\/media\/7105"}],"wp:attachment":[{"href":"https:\/\/arriendo.com\/co\/wp-json\/wp\/v2\/media?parent=7094"}],"wp:term":[{"taxonomy":"es_location","embeddable":true,"href":"https:\/\/arriendo.com\/co\/wp-json\/wp\/v2\/es_locations?post=7094"},{"taxonomy":"es_category","embeddable":true,"href":"https:\/\/arriendo.com\/co\/wp-json\/wp\/v2\/es_categories?post=7094"},{"taxonomy":"es_type","embeddable":true,"href":"https:\/\/arriendo.com\/co\/wp-json\/wp\/v2\/es_types?post=7094"},{"taxonomy":"es_rent_period","embeddable":true,"href":"https:\/\/arriendo.com\/co\/wp-json\/wp\/v2\/es_rent_periods?post=7094"},{"taxonomy":"es_label","embeddable":true,"href":"https:\/\/arriendo.com\/co\/wp-json\/wp\/v2\/es_labels?post=7094"},{"taxonomy":"es_status","embeddable":true,"href":"https:\/\/arriendo.com\/co\/wp-json\/wp\/v2\/es_statuses?post=7094"},{"taxonomy":"es_parking","embeddable":true,"href":"https:\/\/arriendo.com\/co\/wp-json\/wp\/v2\/es_parkings?post=7094"},{"taxonomy":"es_roof","embeddable":true,"href":"https:\/\/arriendo.com\/co\/wp-json\/wp\/v2\/es_roofs?post=7094"},{"taxonomy":"es_exterior_material","embeddable":true,"href":"https:\/\/arriendo.com\/co\/wp-json\/wp\/v2\/es_exterior_materials?post=7094"},{"taxonomy":"es_basement","embeddable":true,"href":"https:\/\/arriendo.com\/co\/wp-json\/wp\/v2\/es_basements?post=7094"},{"taxonomy":"es_floor_covering","embeddable":true,"href":"https:\/\/arriendo.com\/co\/wp-json\/wp\/v2\/es_floor_coverings?post=7094"},{"taxonomy":"es_feature","embeddable":true,"href":"https:\/\/arriendo.com\/co\/wp-json\/wp\/v2\/es_features?post=7094"},{"taxonomy":"es_amenity","embeddable":true,"href":"https:\/\/arriendo.com\/co\/wp-json\/wp\/v2\/es_amenities?post=7094"},{"taxonomy":"es_neighborhood","embeddable":true,"href":"https:\/\/arriendo.com\/co\/wp-json\/wp\/v2\/es_neighborhoods?post=7094"},{"taxonomy":"es_tag","embeddable":true,"href":"https:\/\/arriendo.com\/co\/wp-json\/wp\/v2\/es_tags?post=7094"}],"curies":[{"name":"wp","href":"https:\/\/api.w.org\/{rel}","templated":true}]}}

Casa comercial en arriendo en Alfonso López

<p>Se arrienda una casa para uso comercial en el barrio Alfonso López, Valledupar, Cesar. Ubicada en la Calle 13B No. 15-19, esta propiedad de estrato 4 cuenta con una área construida de 106 m² y tiene un precio de arriendo de $3.000.000. La casa, con más de 30 años de antigüedad, se distribuye en dos plantas y ofrece 3 habitaciones, un estudio, 4 baños, y un garaje interno. La propiedad también acepta mascotas y está equipada con rejas en las ventanas.</p>
