{"id":70903,"date":"2025-04-21T12:33:35","date_gmt":"2025-04-21T17:33:35","guid":{"rendered":"https:\/\/arriendo.com\/co\/%es_type%\/medellin\/bombona\/AR-0\/"},"modified":"2025-10-17T12:08:39","modified_gmt":"2025-10-17T17:08:39","slug":"ar-70903","status":"publish","type":"properties","link":"https:\/\/arriendo.com\/co\/locales\/medellin\/bombona\/ar-70903\/","title":{"rendered":"Arriendo de local en la Bombona Barranquilla"},"content":{"rendered":"<p data-start=\"284\" data-end=\"607\">\u00bfBuscas un espacio ideal para iniciar tu emprendimiento o expandir tu negocio? Este <strong data-start=\"368\" data-end=\"431\">local en arriendo ubicado en el sector de Bombon\u00e1, Medell\u00edn<\/strong>, es una excelente oportunidad por su estrat\u00e9gica ubicaci\u00f3n en una zona de <strong data-start=\"506\" data-end=\"543\">alto tr\u00e1fico vehicular y peatonal<\/strong>, lo que garantiza visibilidad y f\u00e1cil acceso para tus clientes.<\/p>\n<p data-start=\"609\" data-end=\"942\">Con una <strong data-start=\"617\" data-end=\"640\">superficie de 24 m\u00b2<\/strong>, este inmueble es perfecto para negocios como <strong data-start=\"687\" data-end=\"768\">tiendas, peluquer\u00edas, minimercados, venta de licores, droguer\u00edas, entre otros<\/strong>. El local cuenta con <strong data-start=\"790\" data-end=\"809\">un ba\u00f1o privado<\/strong>, piso en buen estado, buena iluminaci\u00f3n y un dise\u00f1o funcional que permite una f\u00e1cil adecuaci\u00f3n seg\u00fan el tipo de actividad comercial.<\/p>\n<p data-start=\"944\" data-end=\"1251\">Ubicado sobre v\u00eda principal, este local se encuentra en un entorno mixto, con una combinaci\u00f3n entre zona residencial y comercial, lo que favorece el flujo constante de personas durante todo el d\u00eda. Adem\u00e1s, su cercan\u00eda a rutas de transporte p\u00fablico facilita el acceso tanto para clientes como para empleados.<\/p>\n<p data-start=\"1253\" data-end=\"1496\">El inmueble es ideal para emprendedores que buscan una opci\u00f3n rentable y con gran proyecci\u00f3n. Si deseas establecer tu marca en un lugar estrat\u00e9gico y con alto potencial comercial, el arriendo de local en la Bombon\u00e1 es una opci\u00f3n que definitivamente vale la pena considerar.<\/p>\n","protected":false},"excerpt":{"rendered":"\u00bfBuscas un espacio ideal para iniciar tu emprendimiento o expandir...","protected":false},"author":832,"featured_media":70905,"template":"","es_locations":[79,1372,418,305],"es_categories":[124],"es_types":[117],"es_rent_periods":[],"es_labels":[],"es_statuses":[],"es_parkings":[],"es_roofs":[],"es_exterior_materials":[],"es_basements":[],"es_floor_coverings":[],"es_features":[],"es_amenities":[],"es_neighborhoods":[],"es_tags":[],"class_list":["post-70903","properties","type-properties","status-publish","has-post-thumbnail","hentry","es_location-antioquia","es_location-bombona","es_location-colombia","es_location-medellin","es_category-arriendo","es_type-locales","es-post-entity"],"_links":{"self":[{"href":"https:\/\/arriendo.com\/co\/wp-json\/wp\/v2\/properties\/70903","targetHints":{"allow":["GET"]}}],"collection":[{"href":"https:\/\/arriendo.com\/co\/wp-json\/wp\/v2\/properties"}],"about":[{"href":"https:\/\/arriendo.com\/co\/wp-json\/wp\/v2\/types\/properties"}],"author":[{"embeddable":true,"href":"https:\/\/arriendo.com\/co\/wp-json\/wp\/v2\/users\/832"}],"version-history":[{"count":0,"href":"https:\/\/arriendo.com\/co\/wp-json\/wp\/v2\/properties\/70903\/revisions"}],"wp:featuredmedia":[{"embeddable":true,"href":"https:\/\/arriendo.com\/co\/wp-json\/wp\/v2\/media\/70905"}],"wp:attachment":[{"href":"https:\/\/arriendo.com\/co\/wp-json\/wp\/v2\/media?parent=70903"}],"wp:term":[{"taxonomy":"es_location","embeddable":true,"href":"https:\/\/arriendo.com\/co\/wp-json\/wp\/v2\/es_locations?post=70903"},{"taxonomy":"es_category","embeddable":true,"href":"https:\/\/arriendo.com\/co\/wp-json\/wp\/v2\/es_categories?post=70903"},{"taxonomy":"es_type","embeddable":true,"href":"https:\/\/arriendo.com\/co\/wp-json\/wp\/v2\/es_types?post=70903"},{"taxonomy":"es_rent_period","embeddable":true,"href":"https:\/\/arriendo.com\/co\/wp-json\/wp\/v2\/es_rent_periods?post=70903"},{"taxonomy":"es_label","embeddable":true,"href":"https:\/\/arriendo.com\/co\/wp-json\/wp\/v2\/es_labels?post=70903"},{"taxonomy":"es_status","embeddable":true,"href":"https:\/\/arriendo.com\/co\/wp-json\/wp\/v2\/es_statuses?post=70903"},{"taxonomy":"es_parking","embeddable":true,"href":"https:\/\/arriendo.com\/co\/wp-json\/wp\/v2\/es_parkings?post=70903"},{"taxonomy":"es_roof","embeddable":true,"href":"https:\/\/arriendo.com\/co\/wp-json\/wp\/v2\/es_roofs?post=70903"},{"taxonomy":"es_exterior_material","embeddable":true,"href":"https:\/\/arriendo.com\/co\/wp-json\/wp\/v2\/es_exterior_materials?post=70903"},{"taxonomy":"es_basement","embeddable":true,"href":"https:\/\/arriendo.com\/co\/wp-json\/wp\/v2\/es_basements?post=70903"},{"taxonomy":"es_floor_covering","embeddable":true,"href":"https:\/\/arriendo.com\/co\/wp-json\/wp\/v2\/es_floor_coverings?post=70903"},{"taxonomy":"es_feature","embeddable":true,"href":"https:\/\/arriendo.com\/co\/wp-json\/wp\/v2\/es_features?post=70903"},{"taxonomy":"es_amenity","embeddable":true,"href":"https:\/\/arriendo.com\/co\/wp-json\/wp\/v2\/es_amenities?post=70903"},{"taxonomy":"es_neighborhood","embeddable":true,"href":"https:\/\/arriendo.com\/co\/wp-json\/wp\/v2\/es_neighborhoods?post=70903"},{"taxonomy":"es_tag","embeddable":true,"href":"https:\/\/arriendo.com\/co\/wp-json\/wp\/v2\/es_tags?post=70903"}],"curies":[{"name":"wp","href":"https:\/\/api.w.org\/{rel}","templated":true}]}}

<p data-start="284" data-end="607">¿Buscas un espacio ideal para iniciar tu emprendimiento o expandir tu negocio? Este <strong data-start="368" data-end="431">local en arriendo ubicado en el sector de Bomboná, Medellín</strong>, es una excelente oportunidad por su estratégica ubicación en una zona de <strong data-start="506" data-end="543">alto tráfico vehicular y peatonal</strong>, lo que garantiza visibilidad y fácil acceso para tus clientes.</p>
<p data-start="609" data-end="942">Con una <strong data-start="617" data-end="640">superficie de 24 m²</strong>, este inmueble es perfecto para negocios como <strong data-start="687" data-end="768">tiendas, peluquerías, minimercados, venta de licores, droguerías, entre otros</strong>. El local cuenta con <strong data-start="790" data-end="809">un baño privado</strong>, piso en buen estado, buena iluminación y un diseño funcional que permite una fácil adecuación según el tipo de actividad comercial.</p>
<p data-start="944" data-end="1251">Ubicado sobre vía principal, este local se encuentra en un entorno mixto, con una combinación entre zona residencial y comercial, lo que favorece el flujo constante de personas durante todo el día. Además, su cercanía a rutas de transporte público facilita el acceso tanto para clientes como para empleados.</p>
<p data-start="1253" data-end="1496">El inmueble es ideal para emprendedores que buscan una opción rentable y con gran proyección. Si deseas establecer tu marca en un lugar estratégico y con alto potencial comercial, el arriendo de local en la Bomboná es una opción que definitivamente vale la pena considerar.</p>
