{"id":6519,"date":"2024-09-03T16:15:15","date_gmt":"2024-09-03T21:15:15","guid":{"rendered":"https:\/\/arriendo.com\/co\/%es_type%\/\/%neighborhood%\/vqw1Wu5H0\/"},"modified":"2026-01-19T08:38:04","modified_gmt":"2026-01-19T13:38:04","slug":"ar-6519","status":"publish","type":"properties","link":"https:\/\/arriendo.com\/co\/apartamentos\/santa-marta\/pozos-colorados\/ar-6519\/","title":{"rendered":"Arriendo de apartamento en Santa Marta"},"content":{"rendered":"<p data-start=\"1023\" data-end=\"1434\">Vivir frente al mar es una experiencia que combina bienestar, tranquilidad y conexi\u00f3n con el entorno natural. Este <strong>arriendo de apartamento en\u00a0Santa Marta<\/strong>, ubicado en el exclusivo proyecto Salinas del Mar, en el sector de Pozos Colorados, ofrece una propuesta residencial que integra comodidad, dise\u00f1o y una ubicaci\u00f3n privilegiada cercana al mar y a una importante reserva natural de la ciudad. Con <strong>76 m\u00b2<\/strong> de \u00e1rea construida, el apartamento ha sido dise\u00f1ado para aprovechar al m\u00e1ximo cada espacio. La sala-comedor se integra de forma arm\u00f3nica con un amplio balc\u00f3n con vista al mar, creando un ambiente ideal para disfrutar de la brisa marina y los atardeceres caracter\u00edsticos de la zona. Este espacio exterior se convierte en un punto central para el descanso y la contemplaci\u00f3n del paisaje.<\/p>\n<p data-start=\"1845\" data-end=\"2249\">El inmueble dispone de dos habitaciones, ambas con ba\u00f1o privado, lo que brinda privacidad y confort. Una de las alcobas cuenta con acceso directo al balc\u00f3n y vista panor\u00e1mica al mar, adem\u00e1s, incluye ba\u00f1o social, cocina integral con barra tipo americano y un \u00e1rea de labores.<\/p>\n<p data-start=\"2537\" data-end=\"2949\">El proyecto Salinas del Mar complementa el inmueble con una completa oferta de zonas comunes, entre las que se destacan <strong>piscina familiar, piscina para ni\u00f1os<\/strong>, <strong>solarium<\/strong>, club de ni\u00f1os, sauna, turco, jacuzzi, gimnasio y zona de mascotas. Adicionalmente, cuenta con ascensor, parqueadero para visitantes, planta el\u00e9ctrica y cercan\u00eda al transporte p\u00fablico, fortaleciendo la comodidad y la calidad de vida.<\/p>\n","protected":false},"excerpt":{"rendered":"Vivir frente al mar es una experiencia que combina bienestar,...","protected":false},"author":6261,"featured_media":6531,"template":"","es_locations":[418,96,393,234],"es_categories":[124],"es_types":[114],"es_rent_periods":[],"es_labels":[51],"es_statuses":[126],"es_parkings":[],"es_roofs":[],"es_exterior_materials":[],"es_basements":[],"es_floor_coverings":[],"es_features":[],"es_amenities":[],"es_neighborhoods":[],"es_tags":[],"class_list":["post-6519","properties","type-properties","status-publish","has-post-thumbnail","hentry","es_location-colombia","es_location-magdalena","es_location-pozos-colorados","es_location-santa-marta","es_category-arriendo","es_type-apartamentos","es_label-featured","es_status-usado","es-post-entity"],"_links":{"self":[{"href":"https:\/\/arriendo.com\/co\/wp-json\/wp\/v2\/properties\/6519","targetHints":{"allow":["GET"]}}],"collection":[{"href":"https:\/\/arriendo.com\/co\/wp-json\/wp\/v2\/properties"}],"about":[{"href":"https:\/\/arriendo.com\/co\/wp-json\/wp\/v2\/types\/properties"}],"author":[{"embeddable":true,"href":"https:\/\/arriendo.com\/co\/wp-json\/wp\/v2\/users\/6261"}],"version-history":[{"count":0,"href":"https:\/\/arriendo.com\/co\/wp-json\/wp\/v2\/properties\/6519\/revisions"}],"wp:featuredmedia":[{"embeddable":true,"href":"https:\/\/arriendo.com\/co\/wp-json\/wp\/v2\/media\/6531"}],"wp:attachment":[{"href":"https:\/\/arriendo.com\/co\/wp-json\/wp\/v2\/media?parent=6519"}],"wp:term":[{"taxonomy":"es_location","embeddable":true,"href":"https:\/\/arriendo.com\/co\/wp-json\/wp\/v2\/es_locations?post=6519"},{"taxonomy":"es_category","embeddable":true,"href":"https:\/\/arriendo.com\/co\/wp-json\/wp\/v2\/es_categories?post=6519"},{"taxonomy":"es_type","embeddable":true,"href":"https:\/\/arriendo.com\/co\/wp-json\/wp\/v2\/es_types?post=6519"},{"taxonomy":"es_rent_period","embeddable":true,"href":"https:\/\/arriendo.com\/co\/wp-json\/wp\/v2\/es_rent_periods?post=6519"},{"taxonomy":"es_label","embeddable":true,"href":"https:\/\/arriendo.com\/co\/wp-json\/wp\/v2\/es_labels?post=6519"},{"taxonomy":"es_status","embeddable":true,"href":"https:\/\/arriendo.com\/co\/wp-json\/wp\/v2\/es_statuses?post=6519"},{"taxonomy":"es_parking","embeddable":true,"href":"https:\/\/arriendo.com\/co\/wp-json\/wp\/v2\/es_parkings?post=6519"},{"taxonomy":"es_roof","embeddable":true,"href":"https:\/\/arriendo.com\/co\/wp-json\/wp\/v2\/es_roofs?post=6519"},{"taxonomy":"es_exterior_material","embeddable":true,"href":"https:\/\/arriendo.com\/co\/wp-json\/wp\/v2\/es_exterior_materials?post=6519"},{"taxonomy":"es_basement","embeddable":true,"href":"https:\/\/arriendo.com\/co\/wp-json\/wp\/v2\/es_basements?post=6519"},{"taxonomy":"es_floor_covering","embeddable":true,"href":"https:\/\/arriendo.com\/co\/wp-json\/wp\/v2\/es_floor_coverings?post=6519"},{"taxonomy":"es_feature","embeddable":true,"href":"https:\/\/arriendo.com\/co\/wp-json\/wp\/v2\/es_features?post=6519"},{"taxonomy":"es_amenity","embeddable":true,"href":"https:\/\/arriendo.com\/co\/wp-json\/wp\/v2\/es_amenities?post=6519"},{"taxonomy":"es_neighborhood","embeddable":true,"href":"https:\/\/arriendo.com\/co\/wp-json\/wp\/v2\/es_neighborhoods?post=6519"},{"taxonomy":"es_tag","embeddable":true,"href":"https:\/\/arriendo.com\/co\/wp-json\/wp\/v2\/es_tags?post=6519"}],"curies":[{"name":"wp","href":"https:\/\/api.w.org\/{rel}","templated":true}]}}

<p data-start="1023" data-end="1434">Vivir frente al mar es una experiencia que combina bienestar, tranquilidad y conexión con el entorno natural. Este <strong>arriendo de apartamento en Santa Marta</strong>, ubicado en el exclusivo proyecto Salinas del Mar, en el sector de Pozos Colorados, ofrece una propuesta residencial que integra comodidad, diseño y una ubicación privilegiada cercana al mar y a una importante reserva natural de la ciudad. Con <strong>76 m²</strong> de área construida, el apartamento ha sido diseñado para aprovechar al máximo cada espacio. La sala-comedor se integra de forma armónica con un amplio balcón con vista al mar, creando un ambiente ideal para disfrutar de la brisa marina y los atardeceres característicos de la zona. Este espacio exterior se convierte en un punto central para el descanso y la contemplación del paisaje.</p>
<p data-start="1845" data-end="2249">El inmueble dispone de dos habitaciones, ambas con baño privado, lo que brinda privacidad y confort. Una de las alcobas cuenta con acceso directo al balcón y vista panorámica al mar, además, incluye baño social, cocina integral con barra tipo americano y un área de labores.</p>
<p data-start="2537" data-end="2949">El proyecto Salinas del Mar complementa el inmueble con una completa oferta de zonas comunes, entre las que se destacan <strong>piscina familiar, piscina para niños</strong>, <strong>solarium</strong>, club de niños, sauna, turco, jacuzzi, gimnasio y zona de mascotas. Adicionalmente, cuenta con ascensor, parqueadero para visitantes, planta eléctrica y cercanía al transporte público, fortaleciendo la comodidad y la calidad de vida.</p>
