{"id":6408,"date":"2024-09-03T10:17:38","date_gmt":"2024-09-03T15:17:38","guid":{"rendered":"https:\/\/arriendo.com\/co\/%es_type%\/\/%neighborhood%\/vqw1Wu5H0\/"},"modified":"2026-01-27T12:01:24","modified_gmt":"2026-01-27T17:01:24","slug":"AR-6408","status":"publish","type":"properties","link":"https:\/\/arriendo.com\/co\/apartamentos\/pasto\/altos-de-la-colina\/AR-6408\/","title":{"rendered":"Arriendo un apartamento en Pasto"},"content":{"rendered":"<p data-start=\"998\" data-end=\"1282\">Tenemos en <strong>arriendo un apartamento en Pasto<\/strong>, ubicado en el Conjunto Residencial Prado Verde. Es un espacio c\u00f3modo y bien distribuido, pensado para quienes buscan un lugar listo para habitar, sin necesidad de hacer ajustes adicionales. Tiene 61m\u00b2\u00a0 y se entrega completamente amoblado. Cuenta con sala comedor con buena iluminaci\u00f3n natural, cocina integral equipada, tres alcobas y dos ba\u00f1os, ofreciendo una distribuci\u00f3n pr\u00e1ctica para una familia o para quienes necesitan varios espacios dentro del apartamento. Adem\u00e1s, dispone de parqueadero cubierto, lo que aporta mayor comodidad.<\/p>\n<p data-start=\"1674\" data-end=\"1976\">El conjunto residencial es cerrado y cuenta con vigilancia las 24 horas, brindando un entorno seguro y organizado. Dentro de sus zonas comunes se encuentran \u00e1reas verdes, zona infantil, sal\u00f3n comunal y cancha de baloncesto, espacios pensados para el uso diario y la convivencia.<\/p>\n<p data-start=\"1978\" data-end=\"2327\" data-is-last-node=\"\" data-is-only-node=\"\">Desde el apartamento se disfruta una vista panor\u00e1mica a la ciudad, un detalle que aporta amplitud y una sensaci\u00f3n agradable en los espacios.<br data-start=\"2122\" data-end=\"2125\" \/>Este apartamento amoblado en Arriendo en Altos de la Colina es una opci\u00f3n pr\u00e1ctica para quienes buscan comodidad, seguridad y una ubicaci\u00f3n dentro de un conjunto residencial con zonas comunes completas.<\/p>\n","protected":false},"excerpt":{"rendered":"Tenemos en arriendo un apartamento en Pasto, ubicado en el...","protected":false},"author":1789,"featured_media":6416,"template":"","es_locations":[364,418,98,362],"es_categories":[124],"es_types":[114],"es_rent_periods":[],"es_labels":[51],"es_statuses":[126],"es_parkings":[],"es_roofs":[],"es_exterior_materials":[],"es_basements":[],"es_floor_coverings":[],"es_features":[],"es_amenities":[],"es_neighborhoods":[],"es_tags":[],"class_list":["post-6408","properties","type-properties","status-publish","has-post-thumbnail","hentry","es_location-altos-de-la-colina","es_location-colombia","es_location-narino","es_location-pasto","es_category-arriendo","es_type-apartamentos","es_label-featured","es_status-usado","es-post-entity"],"_links":{"self":[{"href":"https:\/\/arriendo.com\/co\/wp-json\/wp\/v2\/properties\/6408","targetHints":{"allow":["GET"]}}],"collection":[{"href":"https:\/\/arriendo.com\/co\/wp-json\/wp\/v2\/properties"}],"about":[{"href":"https:\/\/arriendo.com\/co\/wp-json\/wp\/v2\/types\/properties"}],"author":[{"embeddable":true,"href":"https:\/\/arriendo.com\/co\/wp-json\/wp\/v2\/users\/1789"}],"version-history":[{"count":0,"href":"https:\/\/arriendo.com\/co\/wp-json\/wp\/v2\/properties\/6408\/revisions"}],"wp:featuredmedia":[{"embeddable":true,"href":"https:\/\/arriendo.com\/co\/wp-json\/wp\/v2\/media\/6416"}],"wp:attachment":[{"href":"https:\/\/arriendo.com\/co\/wp-json\/wp\/v2\/media?parent=6408"}],"wp:term":[{"taxonomy":"es_location","embeddable":true,"href":"https:\/\/arriendo.com\/co\/wp-json\/wp\/v2\/es_locations?post=6408"},{"taxonomy":"es_category","embeddable":true,"href":"https:\/\/arriendo.com\/co\/wp-json\/wp\/v2\/es_categories?post=6408"},{"taxonomy":"es_type","embeddable":true,"href":"https:\/\/arriendo.com\/co\/wp-json\/wp\/v2\/es_types?post=6408"},{"taxonomy":"es_rent_period","embeddable":true,"href":"https:\/\/arriendo.com\/co\/wp-json\/wp\/v2\/es_rent_periods?post=6408"},{"taxonomy":"es_label","embeddable":true,"href":"https:\/\/arriendo.com\/co\/wp-json\/wp\/v2\/es_labels?post=6408"},{"taxonomy":"es_status","embeddable":true,"href":"https:\/\/arriendo.com\/co\/wp-json\/wp\/v2\/es_statuses?post=6408"},{"taxonomy":"es_parking","embeddable":true,"href":"https:\/\/arriendo.com\/co\/wp-json\/wp\/v2\/es_parkings?post=6408"},{"taxonomy":"es_roof","embeddable":true,"href":"https:\/\/arriendo.com\/co\/wp-json\/wp\/v2\/es_roofs?post=6408"},{"taxonomy":"es_exterior_material","embeddable":true,"href":"https:\/\/arriendo.com\/co\/wp-json\/wp\/v2\/es_exterior_materials?post=6408"},{"taxonomy":"es_basement","embeddable":true,"href":"https:\/\/arriendo.com\/co\/wp-json\/wp\/v2\/es_basements?post=6408"},{"taxonomy":"es_floor_covering","embeddable":true,"href":"https:\/\/arriendo.com\/co\/wp-json\/wp\/v2\/es_floor_coverings?post=6408"},{"taxonomy":"es_feature","embeddable":true,"href":"https:\/\/arriendo.com\/co\/wp-json\/wp\/v2\/es_features?post=6408"},{"taxonomy":"es_amenity","embeddable":true,"href":"https:\/\/arriendo.com\/co\/wp-json\/wp\/v2\/es_amenities?post=6408"},{"taxonomy":"es_neighborhood","embeddable":true,"href":"https:\/\/arriendo.com\/co\/wp-json\/wp\/v2\/es_neighborhoods?post=6408"},{"taxonomy":"es_tag","embeddable":true,"href":"https:\/\/arriendo.com\/co\/wp-json\/wp\/v2\/es_tags?post=6408"}],"curies":[{"name":"wp","href":"https:\/\/api.w.org\/{rel}","templated":true}]}}

<p data-start="998" data-end="1282">Tenemos en <strong>arriendo un apartamento en Pasto</strong>, ubicado en el Conjunto Residencial Prado Verde. Es un espacio cómodo y bien distribuido, pensado para quienes buscan un lugar listo para habitar, sin necesidad de hacer ajustes adicionales. Tiene 61m²  y se entrega completamente amoblado. Cuenta con sala comedor con buena iluminación natural, cocina integral equipada, tres alcobas y dos baños, ofreciendo una distribución práctica para una familia o para quienes necesitan varios espacios dentro del apartamento. Además, dispone de parqueadero cubierto, lo que aporta mayor comodidad.</p>
<p data-start="1674" data-end="1976">El conjunto residencial es cerrado y cuenta con vigilancia las 24 horas, brindando un entorno seguro y organizado. Dentro de sus zonas comunes se encuentran áreas verdes, zona infantil, salón comunal y cancha de baloncesto, espacios pensados para el uso diario y la convivencia.</p>
<p data-start="1978" data-end="2327" data-is-last-node="" data-is-only-node="">Desde el apartamento se disfruta una vista panorámica a la ciudad, un detalle que aporta amplitud y una sensación agradable en los espacios.<br data-start="2122" data-end="2125" />Este apartamento amoblado en Arriendo en Altos de la Colina es una opción práctica para quienes buscan comodidad, seguridad y una ubicación dentro de un conjunto residencial con zonas comunes completas.</p>
