{"id":6255,"date":"2024-09-02T12:04:59","date_gmt":"2024-09-02T17:04:59","guid":{"rendered":"https:\/\/arriendo.com\/co\/%es_type%\/\/%neighborhood%\/vqw1Wu5H0\/"},"modified":"2026-01-29T08:40:17","modified_gmt":"2026-01-29T13:40:17","slug":"AR-6255","status":"publish","type":"properties","link":"https:\/\/arriendo.com\/co\/apartamentos\/armenia\/la-campina\/AR-6255\/","title":{"rendered":"Apartamento en arriendo en La Campi\u00f1a 74m\u00b2"},"content":{"rendered":"<p data-start=\"836\" data-end=\"1169\"><strong>Apartamento en arriendo en La Campi\u00f1a<\/strong> disponible en arriendo, ubicado en un sector residencial reconocido por su tranquilidad y f\u00e1cil conexi\u00f3n con los principales puntos de la ciudad. Este inmueble se encuentra en s\u00e9ptimo piso y ofrece una vista abierta hacia la cordillera, lo que le da una sensaci\u00f3n constante de amplitud y bienestar.<\/p>\n<p data-start=\"1171\" data-end=\"1602\">Cuenta con un \u00e1rea de 74 m\u00b2 bien aprovechados, distribuidos en dos habitaciones c\u00f3modas, dos ba\u00f1os, vestier y una sala comedor que se integra de forma natural con la cocina integral. La zona de ropas est\u00e1 definida y facilita el uso diario del apartamento sin afectar los espacios sociales. El balc\u00f3n terraza se convierte en un punto clave del inmueble, ideal para disfrutar del paisaje y la iluminaci\u00f3n natural durante todo el d\u00eda.<\/p>\n<p data-start=\"1604\" data-end=\"1889\">El conjunto cerrado ofrece vigilancia 24\/7, circuito cerrado de c\u00e1maras, porter\u00eda tipo lobby, parqueadero cubierto, parqueadero para visitantes y zonas verdes que complementan el entorno residencial. Adem\u00e1s, cuenta con dos ascensores por torre, lo que mejora la comodidad en el acceso.<\/p>\n<p data-start=\"1891\" data-end=\"2181\">Este apartamento amoblado en arriendo en La Campi\u00f1a se encuentra cerca de centros comerciales, cl\u00ednicas, bancos, restaurantes y museos, con f\u00e1cil acceso a avenidas principales y transporte p\u00fablico, siendo una opci\u00f3n funcional y bien ubicada para quienes buscan confort y buena distribuci\u00f3n.<\/p>\n","protected":false},"excerpt":{"rendered":"Apartamento en arriendo en La Campi\u00f1a disponible en arriendo, ubicado...","protected":false},"author":1794,"featured_media":6262,"template":"","es_locations":[347,418,356,101],"es_categories":[124],"es_types":[114],"es_rent_periods":[],"es_labels":[51],"es_statuses":[126],"es_parkings":[],"es_roofs":[],"es_exterior_materials":[],"es_basements":[],"es_floor_coverings":[],"es_features":[],"es_amenities":[],"es_neighborhoods":[],"es_tags":[],"class_list":["post-6255","properties","type-properties","status-publish","has-post-thumbnail","hentry","es_location-armenia","es_location-colombia","es_location-la-campina","es_location-quindio","es_category-arriendo","es_type-apartamentos","es_label-featured","es_status-usado","es-post-entity"],"_links":{"self":[{"href":"https:\/\/arriendo.com\/co\/wp-json\/wp\/v2\/properties\/6255","targetHints":{"allow":["GET"]}}],"collection":[{"href":"https:\/\/arriendo.com\/co\/wp-json\/wp\/v2\/properties"}],"about":[{"href":"https:\/\/arriendo.com\/co\/wp-json\/wp\/v2\/types\/properties"}],"author":[{"embeddable":true,"href":"https:\/\/arriendo.com\/co\/wp-json\/wp\/v2\/users\/1794"}],"version-history":[{"count":0,"href":"https:\/\/arriendo.com\/co\/wp-json\/wp\/v2\/properties\/6255\/revisions"}],"wp:featuredmedia":[{"embeddable":true,"href":"https:\/\/arriendo.com\/co\/wp-json\/wp\/v2\/media\/6262"}],"wp:attachment":[{"href":"https:\/\/arriendo.com\/co\/wp-json\/wp\/v2\/media?parent=6255"}],"wp:term":[{"taxonomy":"es_location","embeddable":true,"href":"https:\/\/arriendo.com\/co\/wp-json\/wp\/v2\/es_locations?post=6255"},{"taxonomy":"es_category","embeddable":true,"href":"https:\/\/arriendo.com\/co\/wp-json\/wp\/v2\/es_categories?post=6255"},{"taxonomy":"es_type","embeddable":true,"href":"https:\/\/arriendo.com\/co\/wp-json\/wp\/v2\/es_types?post=6255"},{"taxonomy":"es_rent_period","embeddable":true,"href":"https:\/\/arriendo.com\/co\/wp-json\/wp\/v2\/es_rent_periods?post=6255"},{"taxonomy":"es_label","embeddable":true,"href":"https:\/\/arriendo.com\/co\/wp-json\/wp\/v2\/es_labels?post=6255"},{"taxonomy":"es_status","embeddable":true,"href":"https:\/\/arriendo.com\/co\/wp-json\/wp\/v2\/es_statuses?post=6255"},{"taxonomy":"es_parking","embeddable":true,"href":"https:\/\/arriendo.com\/co\/wp-json\/wp\/v2\/es_parkings?post=6255"},{"taxonomy":"es_roof","embeddable":true,"href":"https:\/\/arriendo.com\/co\/wp-json\/wp\/v2\/es_roofs?post=6255"},{"taxonomy":"es_exterior_material","embeddable":true,"href":"https:\/\/arriendo.com\/co\/wp-json\/wp\/v2\/es_exterior_materials?post=6255"},{"taxonomy":"es_basement","embeddable":true,"href":"https:\/\/arriendo.com\/co\/wp-json\/wp\/v2\/es_basements?post=6255"},{"taxonomy":"es_floor_covering","embeddable":true,"href":"https:\/\/arriendo.com\/co\/wp-json\/wp\/v2\/es_floor_coverings?post=6255"},{"taxonomy":"es_feature","embeddable":true,"href":"https:\/\/arriendo.com\/co\/wp-json\/wp\/v2\/es_features?post=6255"},{"taxonomy":"es_amenity","embeddable":true,"href":"https:\/\/arriendo.com\/co\/wp-json\/wp\/v2\/es_amenities?post=6255"},{"taxonomy":"es_neighborhood","embeddable":true,"href":"https:\/\/arriendo.com\/co\/wp-json\/wp\/v2\/es_neighborhoods?post=6255"},{"taxonomy":"es_tag","embeddable":true,"href":"https:\/\/arriendo.com\/co\/wp-json\/wp\/v2\/es_tags?post=6255"}],"curies":[{"name":"wp","href":"https:\/\/api.w.org\/{rel}","templated":true}]}}

Apartamento en arriendo en La Campiña 74m²

<p data-start="836" data-end="1169"><strong>Apartamento en arriendo en La Campiña</strong> disponible en arriendo, ubicado en un sector residencial reconocido por su tranquilidad y fácil conexión con los principales puntos de la ciudad. Este inmueble se encuentra en séptimo piso y ofrece una vista abierta hacia la cordillera, lo que le da una sensación constante de amplitud y bienestar.</p>
<p data-start="1171" data-end="1602">Cuenta con un área de 74 m² bien aprovechados, distribuidos en dos habitaciones cómodas, dos baños, vestier y una sala comedor que se integra de forma natural con la cocina integral. La zona de ropas está definida y facilita el uso diario del apartamento sin afectar los espacios sociales. El balcón terraza se convierte en un punto clave del inmueble, ideal para disfrutar del paisaje y la iluminación natural durante todo el día.</p>
<p data-start="1604" data-end="1889">El conjunto cerrado ofrece vigilancia 24/7, circuito cerrado de cámaras, portería tipo lobby, parqueadero cubierto, parqueadero para visitantes y zonas verdes que complementan el entorno residencial. Además, cuenta con dos ascensores por torre, lo que mejora la comodidad en el acceso.</p>
<p data-start="1891" data-end="2181">Este apartamento amoblado en arriendo en La Campiña se encuentra cerca de centros comerciales, clínicas, bancos, restaurantes y museos, con fácil acceso a avenidas principales y transporte público, siendo una opción funcional y bien ubicada para quienes buscan confort y buena distribución.</p>

Apartamento en arriendo en La Campiña disponible en arriendo, ubicado...
