{"id":57790,"date":"2025-03-21T20:17:26","date_gmt":"2025-03-22T01:17:26","guid":{"rendered":"https:\/\/arriendo.com\/co\/%es_type%\/santa-marta\/centro-historico\/AR-0\/"},"modified":"2025-11-22T01:09:00","modified_gmt":"2025-11-22T06:09:00","slug":"ar-57790","status":"publish","type":"properties","link":"https:\/\/arriendo.com\/co\/locales\/santa-marta\/centro-historico\/ar-57790\/","title":{"rendered":"CASA ESQUINERO COMERCIAL 420M2 &#8211; EN CENTRO HISTORICO DE SANTA MARTA"},"content":{"rendered":"<p>DISPONIBLE ENTREGA INMEDIATA &#8211; CASA ESQUINERO COMERCIAL 420M2 &#8211; \u00a0EN CENTRO HISTORICO DE SANTA MARTA\u00a0 Te presentamos dos casas adosadas de uso m\u00faltiple comercial, ideales para oficinas, comercio, emprendimientos o cualquier proyecto que tengas en mente. \u2728 Caracter\u00edsticas destacadas: Espacios amplios y vers\u00e1tiles para adaptarse a tus necesidades. Opci\u00f3n de alquiler completa o parcial, seg\u00fan lo que necesites. Ubicaci\u00f3n estrat\u00e9gica para maximizar tu visibilidad y accesibilidad. Perfecto para crecer y posicionar tu negocio en un espacio funcional y profesional. \ud83d\udd11 Disponibilidad inmediata. \u00a1Haz que tu proyecto comience hoy mismo! \ud83d\udce9 Cont\u00e1ctanos para m\u00e1s informaci\u00f3n o para agendar una visita. Este es el espacio que estabas esperando.<\/p>\n","protected":false},"excerpt":{"rendered":"DISPONIBLE ENTREGA INMEDIATA &#8211; CASA ESQUINERO COMERCIAL 420M2 &#8211; \u00a0EN...","protected":false},"author":2808,"featured_media":57791,"template":"","es_locations":[548,418,389,96,234],"es_categories":[124],"es_types":[117],"es_rent_periods":[],"es_labels":[2090],"es_statuses":[],"es_parkings":[],"es_roofs":[],"es_exterior_materials":[],"es_basements":[],"es_floor_coverings":[],"es_features":[],"es_amenities":[],"es_neighborhoods":[],"es_tags":[],"class_list":["post-57790","properties","type-properties","status-publish","has-post-thumbnail","hentry","es_location-barrio-centro","es_location-colombia","es_location-comuna-2","es_location-magdalena","es_location-santa-marta","es_category-arriendo","es_type-locales","es_label-arrendado","es-post-entity"],"_links":{"self":[{"href":"https:\/\/arriendo.com\/co\/wp-json\/wp\/v2\/properties\/57790","targetHints":{"allow":["GET"]}}],"collection":[{"href":"https:\/\/arriendo.com\/co\/wp-json\/wp\/v2\/properties"}],"about":[{"href":"https:\/\/arriendo.com\/co\/wp-json\/wp\/v2\/types\/properties"}],"author":[{"embeddable":true,"href":"https:\/\/arriendo.com\/co\/wp-json\/wp\/v2\/users\/2808"}],"version-history":[{"count":0,"href":"https:\/\/arriendo.com\/co\/wp-json\/wp\/v2\/properties\/57790\/revisions"}],"wp:featuredmedia":[{"embeddable":true,"href":"https:\/\/arriendo.com\/co\/wp-json\/wp\/v2\/media\/57791"}],"wp:attachment":[{"href":"https:\/\/arriendo.com\/co\/wp-json\/wp\/v2\/media?parent=57790"}],"wp:term":[{"taxonomy":"es_location","embeddable":true,"href":"https:\/\/arriendo.com\/co\/wp-json\/wp\/v2\/es_locations?post=57790"},{"taxonomy":"es_category","embeddable":true,"href":"https:\/\/arriendo.com\/co\/wp-json\/wp\/v2\/es_categories?post=57790"},{"taxonomy":"es_type","embeddable":true,"href":"https:\/\/arriendo.com\/co\/wp-json\/wp\/v2\/es_types?post=57790"},{"taxonomy":"es_rent_period","embeddable":true,"href":"https:\/\/arriendo.com\/co\/wp-json\/wp\/v2\/es_rent_periods?post=57790"},{"taxonomy":"es_label","embeddable":true,"href":"https:\/\/arriendo.com\/co\/wp-json\/wp\/v2\/es_labels?post=57790"},{"taxonomy":"es_status","embeddable":true,"href":"https:\/\/arriendo.com\/co\/wp-json\/wp\/v2\/es_statuses?post=57790"},{"taxonomy":"es_parking","embeddable":true,"href":"https:\/\/arriendo.com\/co\/wp-json\/wp\/v2\/es_parkings?post=57790"},{"taxonomy":"es_roof","embeddable":true,"href":"https:\/\/arriendo.com\/co\/wp-json\/wp\/v2\/es_roofs?post=57790"},{"taxonomy":"es_exterior_material","embeddable":true,"href":"https:\/\/arriendo.com\/co\/wp-json\/wp\/v2\/es_exterior_materials?post=57790"},{"taxonomy":"es_basement","embeddable":true,"href":"https:\/\/arriendo.com\/co\/wp-json\/wp\/v2\/es_basements?post=57790"},{"taxonomy":"es_floor_covering","embeddable":true,"href":"https:\/\/arriendo.com\/co\/wp-json\/wp\/v2\/es_floor_coverings?post=57790"},{"taxonomy":"es_feature","embeddable":true,"href":"https:\/\/arriendo.com\/co\/wp-json\/wp\/v2\/es_features?post=57790"},{"taxonomy":"es_amenity","embeddable":true,"href":"https:\/\/arriendo.com\/co\/wp-json\/wp\/v2\/es_amenities?post=57790"},{"taxonomy":"es_neighborhood","embeddable":true,"href":"https:\/\/arriendo.com\/co\/wp-json\/wp\/v2\/es_neighborhoods?post=57790"},{"taxonomy":"es_tag","embeddable":true,"href":"https:\/\/arriendo.com\/co\/wp-json\/wp\/v2\/es_tags?post=57790"}],"curies":[{"name":"wp","href":"https:\/\/api.w.org\/{rel}","templated":true}]}}

<p>DISPONIBLE ENTREGA INMEDIATA &#8211; CASA ESQUINERO COMERCIAL 420M2 &#8211;  EN CENTRO HISTORICO DE SANTA MARTA  Te presentamos dos casas adosadas de uso múltiple comercial, ideales para oficinas, comercio, emprendimientos o cualquier proyecto que tengas en mente. ✨ Características destacadas: Espacios amplios y versátiles para adaptarse a tus necesidades. Opción de alquiler completa o parcial, según lo que necesites. Ubicación estratégica para maximizar tu visibilidad y accesibilidad. Perfecto para crecer y posicionar tu negocio en un espacio funcional y profesional. 🔑 Disponibilidad inmediata. ¡Haz que tu proyecto comience hoy mismo! 📩 Contáctanos para más información o para agendar una visita. Este es el espacio que estabas esperando.</p>
