{"id":5712,"date":"2024-08-29T15:57:03","date_gmt":"2024-08-29T20:57:03","guid":{"rendered":"https:\/\/arriendo.com\/co\/%es_type%\/\/%neighborhood%\/vqw1Wu5H0\/"},"modified":"2025-02-03T09:24:45","modified_gmt":"2025-02-03T14:24:45","slug":"ar-5712","status":"publish","type":"properties","link":"https:\/\/arriendo.com\/co\/apartamentos\/ibague\/el-vergel\/ar-5712\/","title":{"rendered":"Moderno apartamento en arriendo en Vergel Tolima"},"content":{"rendered":"<p>Este encantador apartamento en arriendo en El Vergel de 89 m\u00b2 se encuentra ubicado en una prestigiosa zona de Ibagu\u00e9, cercano a importantes puntos de inter\u00e9s como el Colegio San Bonifacio, la Universidad de Ibagu\u00e9, y la avenida Ambal\u00e1. Gracias a su ubicaci\u00f3n estrat\u00e9gica, disfrutar\u00e1s de c\u00f3modas v\u00edas de acceso y cercan\u00eda a centros comerciales. El apartamento est\u00e1 distribuido en una amplia sala-comedor, dos habitaciones con cl\u00f3sets, donde la habitaci\u00f3n principal cuenta con vestier y ba\u00f1o privado. Adem\u00e1s, ofrece un balc\u00f3n con vistas espectaculares hacia la naturaleza, una moderna cocina integral tipo americano, zona de ropas, y un ba\u00f1o adicional. El inmueble incluye un parqueadero y dep\u00f3sito, y cuenta con excelente iluminaci\u00f3n y ventilaci\u00f3n natural. El edificio tambi\u00e9n ofrece un completo conjunto de zonas comunes para el disfrute de sus residentes, incluyendo sal\u00f3n social, piscina, parque infantil, gimnasio, sauna, turco y una fant\u00e1stica zona BBQ en el piso 17. Adem\u00e1s, dispone de vigilancia las 24 horas, asegurando un entorno seguro y tranquilo para tu familia. El valor de la administraci\u00f3n es de $360.082. \u00a1Haz de este apartamento tu nuevo hogar en un entorno privilegiado!<\/p>\n","protected":false},"excerpt":{"rendered":"Este encantador apartamento en arriendo en El Vergel de 89...","protected":false},"author":1807,"featured_media":5725,"template":"","es_locations":[418,350,337,106],"es_categories":[124],"es_types":[114],"es_rent_periods":[],"es_labels":[51],"es_statuses":[126],"es_parkings":[],"es_roofs":[],"es_exterior_materials":[],"es_basements":[],"es_floor_coverings":[],"es_features":[],"es_amenities":[],"es_neighborhoods":[],"es_tags":[],"class_list":["post-5712","properties","type-properties","status-publish","has-post-thumbnail","hentry","es_location-colombia","es_location-el-vergel","es_location-ibague","es_location-tolima","es_category-arriendo","es_type-apartamentos","es_label-featured","es_status-usado","es-post-entity"],"_links":{"self":[{"href":"https:\/\/arriendo.com\/co\/wp-json\/wp\/v2\/properties\/5712","targetHints":{"allow":["GET"]}}],"collection":[{"href":"https:\/\/arriendo.com\/co\/wp-json\/wp\/v2\/properties"}],"about":[{"href":"https:\/\/arriendo.com\/co\/wp-json\/wp\/v2\/types\/properties"}],"author":[{"embeddable":true,"href":"https:\/\/arriendo.com\/co\/wp-json\/wp\/v2\/users\/1807"}],"version-history":[{"count":0,"href":"https:\/\/arriendo.com\/co\/wp-json\/wp\/v2\/properties\/5712\/revisions"}],"wp:featuredmedia":[{"embeddable":true,"href":"https:\/\/arriendo.com\/co\/wp-json\/wp\/v2\/media\/5725"}],"wp:attachment":[{"href":"https:\/\/arriendo.com\/co\/wp-json\/wp\/v2\/media?parent=5712"}],"wp:term":[{"taxonomy":"es_location","embeddable":true,"href":"https:\/\/arriendo.com\/co\/wp-json\/wp\/v2\/es_locations?post=5712"},{"taxonomy":"es_category","embeddable":true,"href":"https:\/\/arriendo.com\/co\/wp-json\/wp\/v2\/es_categories?post=5712"},{"taxonomy":"es_type","embeddable":true,"href":"https:\/\/arriendo.com\/co\/wp-json\/wp\/v2\/es_types?post=5712"},{"taxonomy":"es_rent_period","embeddable":true,"href":"https:\/\/arriendo.com\/co\/wp-json\/wp\/v2\/es_rent_periods?post=5712"},{"taxonomy":"es_label","embeddable":true,"href":"https:\/\/arriendo.com\/co\/wp-json\/wp\/v2\/es_labels?post=5712"},{"taxonomy":"es_status","embeddable":true,"href":"https:\/\/arriendo.com\/co\/wp-json\/wp\/v2\/es_statuses?post=5712"},{"taxonomy":"es_parking","embeddable":true,"href":"https:\/\/arriendo.com\/co\/wp-json\/wp\/v2\/es_parkings?post=5712"},{"taxonomy":"es_roof","embeddable":true,"href":"https:\/\/arriendo.com\/co\/wp-json\/wp\/v2\/es_roofs?post=5712"},{"taxonomy":"es_exterior_material","embeddable":true,"href":"https:\/\/arriendo.com\/co\/wp-json\/wp\/v2\/es_exterior_materials?post=5712"},{"taxonomy":"es_basement","embeddable":true,"href":"https:\/\/arriendo.com\/co\/wp-json\/wp\/v2\/es_basements?post=5712"},{"taxonomy":"es_floor_covering","embeddable":true,"href":"https:\/\/arriendo.com\/co\/wp-json\/wp\/v2\/es_floor_coverings?post=5712"},{"taxonomy":"es_feature","embeddable":true,"href":"https:\/\/arriendo.com\/co\/wp-json\/wp\/v2\/es_features?post=5712"},{"taxonomy":"es_amenity","embeddable":true,"href":"https:\/\/arriendo.com\/co\/wp-json\/wp\/v2\/es_amenities?post=5712"},{"taxonomy":"es_neighborhood","embeddable":true,"href":"https:\/\/arriendo.com\/co\/wp-json\/wp\/v2\/es_neighborhoods?post=5712"},{"taxonomy":"es_tag","embeddable":true,"href":"https:\/\/arriendo.com\/co\/wp-json\/wp\/v2\/es_tags?post=5712"}],"curies":[{"name":"wp","href":"https:\/\/api.w.org\/{rel}","templated":true}]}}

<p>Este encantador apartamento en arriendo en El Vergel de 89 m² se encuentra ubicado en una prestigiosa zona de Ibagué, cercano a importantes puntos de interés como el Colegio San Bonifacio, la Universidad de Ibagué, y la avenida Ambalá. Gracias a su ubicación estratégica, disfrutarás de cómodas vías de acceso y cercanía a centros comerciales. El apartamento está distribuido en una amplia sala-comedor, dos habitaciones con clósets, donde la habitación principal cuenta con vestier y baño privado. Además, ofrece un balcón con vistas espectaculares hacia la naturaleza, una moderna cocina integral tipo americano, zona de ropas, y un baño adicional. El inmueble incluye un parqueadero y depósito, y cuenta con excelente iluminación y ventilación natural. El edificio también ofrece un completo conjunto de zonas comunes para el disfrute de sus residentes, incluyendo salón social, piscina, parque infantil, gimnasio, sauna, turco y una fantástica zona BBQ en el piso 17. Además, dispone de vigilancia las 24 horas, asegurando un entorno seguro y tranquilo para tu familia. El valor de la administración es de $360.082. ¡Haz de este apartamento tu nuevo hogar en un entorno privilegiado!</p>
