{"id":51805,"date":"2025-03-07T15:08:20","date_gmt":"2025-03-07T20:08:20","guid":{"rendered":"https:\/\/arriendo.com\/co\/%es_type%\/cartagena\/cartagena\/vqw1Wu5H0\/"},"modified":"2025-10-16T17:27:55","modified_gmt":"2025-10-16T22:27:55","slug":"ar-51805","status":"publish","type":"properties","link":"https:\/\/arriendo.com\/co\/bodegas\/cartagena\/parque-industrial\/ar-51805\/","title":{"rendered":"BODEGA EN ARRIENDO, CARTAGENA, PARQUE INDUSTRIAL"},"content":{"rendered":"<p>Espectacular bodega con\u00a0\u00e1rea\u00a0total 2889.48\u00a0m2 en arriendo,\u00a0\u00e1rea primer piso 2341.92\u00a0m2,\u00a0\u00e1rea mezzanine 547.56\u00a0m2, pisos industriales extraplanos,\u00a0en concreto de 4000 PSI,\u00a015 cm\u00a0de espesor, resistencia de 6 ton\/m2\u00a0adicionados con endurecedores de cuarzo, lo que les permite obtener acabados extra pulidos y\u00a0de alta resistencia al tr\u00e1fico. Realizada\u00a0en estructura met\u00e1lica en acero galvanizado en\u00a0caliente, evitando as\u00ed los problemas generados por la corrosi\u00f3n ambiental existente en las zonas costeras, dando una garant\u00eda sin mantenimiento de 35 a\u00f1os. Cubierta termo-ac\u00fastica compuesta por 2 l\u00e1minas galvanizadas con pintura reflectiva exterior e\u00a0interior, y\u00a0un alma de 30 mm\u00a0de poliuretano para garantizar un excelente aislamiento termo-ac\u00fastico. Paredes en\u00a0placas prefabricadas de concreto reforzado de 4000 PSI, hechas de malla electrosoldada, varillas de media y\u00a0concreto, 2.5 mts\u00a0de alto y\u00a012 cm de espesor macizo para mayor rigidez, estabilidad y\u00a0seguridad. Resisten 120 minutos de fuego, cumpliendo as\u00ed la normativa europea. Aireadores en la cubierta para una mejor temperatura interior. Puertas de acceso seccionales automatizadas entregadas con 2 controles. Parte el\u00e9ctrica, 110, 220 trif\u00e1sica entrada a bodega 50 KVA. Vidrios de seguridad laminados de 5 + 5 mm. Techo UPBC<\/p>\n","protected":false},"excerpt":{"rendered":"Espectacular bodega con\u00a0\u00e1rea\u00a0total 2889.48\u00a0m2 en arriendo,\u00a0\u00e1rea primer piso 2341.92\u00a0m2,\u00a0\u00e1rea mezzanine...","protected":false},"author":2482,"featured_media":51806,"template":"","es_locations":[419,402,418],"es_categories":[124],"es_types":[121],"es_rent_periods":[],"es_labels":[],"es_statuses":[],"es_parkings":[],"es_roofs":[],"es_exterior_materials":[],"es_basements":[],"es_floor_coverings":[],"es_features":[],"es_amenities":[],"es_neighborhoods":[],"es_tags":[],"class_list":["post-51805","properties","type-properties","status-publish","has-post-thumbnail","hentry","es_location-bolivar","es_location-cartagena","es_location-colombia","es_category-arriendo","es_type-bodegas","es-post-entity"],"_links":{"self":[{"href":"https:\/\/arriendo.com\/co\/wp-json\/wp\/v2\/properties\/51805","targetHints":{"allow":["GET"]}}],"collection":[{"href":"https:\/\/arriendo.com\/co\/wp-json\/wp\/v2\/properties"}],"about":[{"href":"https:\/\/arriendo.com\/co\/wp-json\/wp\/v2\/types\/properties"}],"author":[{"embeddable":true,"href":"https:\/\/arriendo.com\/co\/wp-json\/wp\/v2\/users\/2482"}],"version-history":[{"count":0,"href":"https:\/\/arriendo.com\/co\/wp-json\/wp\/v2\/properties\/51805\/revisions"}],"wp:featuredmedia":[{"embeddable":true,"href":"https:\/\/arriendo.com\/co\/wp-json\/wp\/v2\/media\/51806"}],"wp:attachment":[{"href":"https:\/\/arriendo.com\/co\/wp-json\/wp\/v2\/media?parent=51805"}],"wp:term":[{"taxonomy":"es_location","embeddable":true,"href":"https:\/\/arriendo.com\/co\/wp-json\/wp\/v2\/es_locations?post=51805"},{"taxonomy":"es_category","embeddable":true,"href":"https:\/\/arriendo.com\/co\/wp-json\/wp\/v2\/es_categories?post=51805"},{"taxonomy":"es_type","embeddable":true,"href":"https:\/\/arriendo.com\/co\/wp-json\/wp\/v2\/es_types?post=51805"},{"taxonomy":"es_rent_period","embeddable":true,"href":"https:\/\/arriendo.com\/co\/wp-json\/wp\/v2\/es_rent_periods?post=51805"},{"taxonomy":"es_label","embeddable":true,"href":"https:\/\/arriendo.com\/co\/wp-json\/wp\/v2\/es_labels?post=51805"},{"taxonomy":"es_status","embeddable":true,"href":"https:\/\/arriendo.com\/co\/wp-json\/wp\/v2\/es_statuses?post=51805"},{"taxonomy":"es_parking","embeddable":true,"href":"https:\/\/arriendo.com\/co\/wp-json\/wp\/v2\/es_parkings?post=51805"},{"taxonomy":"es_roof","embeddable":true,"href":"https:\/\/arriendo.com\/co\/wp-json\/wp\/v2\/es_roofs?post=51805"},{"taxonomy":"es_exterior_material","embeddable":true,"href":"https:\/\/arriendo.com\/co\/wp-json\/wp\/v2\/es_exterior_materials?post=51805"},{"taxonomy":"es_basement","embeddable":true,"href":"https:\/\/arriendo.com\/co\/wp-json\/wp\/v2\/es_basements?post=51805"},{"taxonomy":"es_floor_covering","embeddable":true,"href":"https:\/\/arriendo.com\/co\/wp-json\/wp\/v2\/es_floor_coverings?post=51805"},{"taxonomy":"es_feature","embeddable":true,"href":"https:\/\/arriendo.com\/co\/wp-json\/wp\/v2\/es_features?post=51805"},{"taxonomy":"es_amenity","embeddable":true,"href":"https:\/\/arriendo.com\/co\/wp-json\/wp\/v2\/es_amenities?post=51805"},{"taxonomy":"es_neighborhood","embeddable":true,"href":"https:\/\/arriendo.com\/co\/wp-json\/wp\/v2\/es_neighborhoods?post=51805"},{"taxonomy":"es_tag","embeddable":true,"href":"https:\/\/arriendo.com\/co\/wp-json\/wp\/v2\/es_tags?post=51805"}],"curies":[{"name":"wp","href":"https:\/\/api.w.org\/{rel}","templated":true}]}}

<p>Espectacular bodega con área total 2889.48 m2 en arriendo, área primer piso 2341.92 m2, área mezzanine 547.56 m2, pisos industriales extraplanos, en concreto de 4000 PSI, 15 cm de espesor, resistencia de 6 ton/m2 adicionados con endurecedores de cuarzo, lo que les permite obtener acabados extra pulidos y de alta resistencia al tráfico. Realizada en estructura metálica en acero galvanizado en caliente, evitando así los problemas generados por la corrosión ambiental existente en las zonas costeras, dando una garantía sin mantenimiento de 35 años. Cubierta termo-acústica compuesta por 2 láminas galvanizadas con pintura reflectiva exterior e interior, y un alma de 30 mm de poliuretano para garantizar un excelente aislamiento termo-acústico. Paredes en placas prefabricadas de concreto reforzado de 4000 PSI, hechas de malla electrosoldada, varillas de media y concreto, 2.5 mts de alto y 12 cm de espesor macizo para mayor rigidez, estabilidad y seguridad. Resisten 120 minutos de fuego, cumpliendo así la normativa europea. Aireadores en la cubierta para una mejor temperatura interior. Puertas de acceso seccionales automatizadas entregadas con 2 controles. Parte eléctrica, 110, 220 trifásica entrada a bodega 50 KVA. Vidrios de seguridad laminados de 5 + 5 mm. Techo UPBC</p>

Espectacular bodega con área total 2889.48 m2 en arriendo, área primer piso 2341.92 m2, área mezzanine...
