{"id":508372,"date":"2026-09-04T15:29:21","date_gmt":"2026-09-04T20:29:21","guid":{"rendered":"https:\/\/arriendo.com\/co\/%es_type%\/rionegro\/antioquia\/\/"},"modified":"2026-09-04T15:29:21","modified_gmt":"2026-09-04T20:29:21","slug":"AR-508372","status":"publish","type":"properties","link":"https:\/\/arriendo.com\/co\/coworking\/medellin\/rionegro\/AR-508372\/","title":{"rendered":"Uso de oficina privada bajo demanda en {{brand}} Medellin, Zona E {{city}}"},"content":{"rendered":"<p>Esta oferta incluye acceso a una oficina privada sin reserva.<\/p>\n<p>Trabaje desde una oficina privada y cerrada siempre que la necesite, sin reservar ni alquilar un espacio permanente. Esta membres\u00eda de oficina le ofrece acceso bajo demanda a las oficinas privadas disponibles en toda la red {{brand}}, proporcion\u00e1ndole un lugar de trabajo tranquilo y profesional all\u00e1 donde le lleve su d\u00eda.<\/p>\n<p>Visite nuestro centro {{brand}} y use una oficina privada disponible para trabajo concentrado, llamadas o tareas puntuales. No hay escritorio fijo ni compromiso a largo plazo, solo un acceso confiable a un espacio de trabajo profesional cuando lo necesita.<\/p>\n<p>La membres\u00eda de oficina de {{brand}} incluye:<\/p>\n<p>\u2022 Acceso bajo demanda a las oficinas privadas disponibles en los centros {{brand}}<br \/>\n\u2022 Uso de \u00e1reas de descanso profesionales y \u00e1reas de trabajo compartidas<br \/>\n\u2022 Wi-Fi seguro de nivel empresarial y tecnolog\u00eda confiable<br \/>\n\u2022 Impresoras, esc\u00e1neres y asistencia administrativa<br \/>\n\u2022 Equipos de recepci\u00f3n profesional en cada ubicaci\u00f3n<br \/>\n\u2022 Servicios b\u00e1sicos, limpieza y mantenimiento incluidos<br \/>\n\u2022 Salas de reuniones disponibles bajo demanda<\/p>\n<p>Esta membres\u00eda de oficina es ideal para profesionales que necesitan privacidad y consistencia sin comprometerse con una oficina privada fija.<\/p>\n<p>Zona E en Rionegro ofrece un centro empresarial estrat\u00e9gico cerca del Jos\u00e9 Mar\u00eda C\u00f3rdova International Airport y del Terminal de Transporte. Perfecto para oficinas o Coworking, su proximidad a las principales operaciones log\u00edsticas y corporativas garantiza un acceso fluido para los clientes, una mayor visibilidad, y una imagen profesional en el pr\u00f3spero corredor industrial de Medell\u00edn\u2019s.<\/p>\n<p>\u2022 Todos los precios indican tarifas &#8216;desde&#8217; y est\u00e1n sujetos a cambios seg\u00fan la selecci\u00f3n y los servicios incluidos.<br \/>\n\u2022 Todas las im\u00e1genes de este anuncio representan nuestra red y podr\u00edan no corresponder a esta ubicaci\u00f3n espec\u00edfica.<\/p>\n<p>Solicite informaci\u00f3n ahora y empiece.<\/p>\n","protected":false},"excerpt":{"rendered":"Esta oferta incluye acceso a una oficina privada sin reserva....","protected":false},"author":3363,"featured_media":508374,"template":"","es_locations":[79,418,502],"es_categories":[124],"es_types":[3132],"es_rent_periods":[],"es_labels":[],"es_statuses":[],"es_parkings":[],"es_roofs":[],"es_exterior_materials":[],"es_basements":[],"es_floor_coverings":[],"es_features":[],"es_amenities":[],"es_neighborhoods":[],"es_tags":[],"class_list":["post-508372","properties","type-properties","status-publish","has-post-thumbnail","hentry","es_location-antioquia","es_location-colombia","es_location-rionegro","es_category-arriendo","es_type-coworking","es-post-entity"],"_links":{"self":[{"href":"https:\/\/arriendo.com\/co\/wp-json\/wp\/v2\/properties\/508372","targetHints":{"allow":["GET"]}}],"collection":[{"href":"https:\/\/arriendo.com\/co\/wp-json\/wp\/v2\/properties"}],"about":[{"href":"https:\/\/arriendo.com\/co\/wp-json\/wp\/v2\/types\/properties"}],"author":[{"embeddable":true,"href":"https:\/\/arriendo.com\/co\/wp-json\/wp\/v2\/users\/3363"}],"version-history":[{"count":2,"href":"https:\/\/arriendo.com\/co\/wp-json\/wp\/v2\/properties\/508372\/revisions"}],"predecessor-version":[{"id":508383,"href":"https:\/\/arriendo.com\/co\/wp-json\/wp\/v2\/properties\/508372\/revisions\/508383"}],"wp:featuredmedia":[{"embeddable":true,"href":"https:\/\/arriendo.com\/co\/wp-json\/wp\/v2\/media\/508374"}],"wp:attachment":[{"href":"https:\/\/arriendo.com\/co\/wp-json\/wp\/v2\/media?parent=508372"}],"wp:term":[{"taxonomy":"es_location","embeddable":true,"href":"https:\/\/arriendo.com\/co\/wp-json\/wp\/v2\/es_locations?post=508372"},{"taxonomy":"es_category","embeddable":true,"href":"https:\/\/arriendo.com\/co\/wp-json\/wp\/v2\/es_categories?post=508372"},{"taxonomy":"es_type","embeddable":true,"href":"https:\/\/arriendo.com\/co\/wp-json\/wp\/v2\/es_types?post=508372"},{"taxonomy":"es_rent_period","embeddable":true,"href":"https:\/\/arriendo.com\/co\/wp-json\/wp\/v2\/es_rent_periods?post=508372"},{"taxonomy":"es_label","embeddable":true,"href":"https:\/\/arriendo.com\/co\/wp-json\/wp\/v2\/es_labels?post=508372"},{"taxonomy":"es_status","embeddable":true,"href":"https:\/\/arriendo.com\/co\/wp-json\/wp\/v2\/es_statuses?post=508372"},{"taxonomy":"es_parking","embeddable":true,"href":"https:\/\/arriendo.com\/co\/wp-json\/wp\/v2\/es_parkings?post=508372"},{"taxonomy":"es_roof","embeddable":true,"href":"https:\/\/arriendo.com\/co\/wp-json\/wp\/v2\/es_roofs?post=508372"},{"taxonomy":"es_exterior_material","embeddable":true,"href":"https:\/\/arriendo.com\/co\/wp-json\/wp\/v2\/es_exterior_materials?post=508372"},{"taxonomy":"es_basement","embeddable":true,"href":"https:\/\/arriendo.com\/co\/wp-json\/wp\/v2\/es_basements?post=508372"},{"taxonomy":"es_floor_covering","embeddable":true,"href":"https:\/\/arriendo.com\/co\/wp-json\/wp\/v2\/es_floor_coverings?post=508372"},{"taxonomy":"es_feature","embeddable":true,"href":"https:\/\/arriendo.com\/co\/wp-json\/wp\/v2\/es_features?post=508372"},{"taxonomy":"es_amenity","embeddable":true,"href":"https:\/\/arriendo.com\/co\/wp-json\/wp\/v2\/es_amenities?post=508372"},{"taxonomy":"es_neighborhood","embeddable":true,"href":"https:\/\/arriendo.com\/co\/wp-json\/wp\/v2\/es_neighborhoods?post=508372"},{"taxonomy":"es_tag","embeddable":true,"href":"https:\/\/arriendo.com\/co\/wp-json\/wp\/v2\/es_tags?post=508372"}],"curies":[{"name":"wp","href":"https:\/\/api.w.org\/{rel}","templated":true}]}}

<p>Esta oferta incluye acceso a una oficina privada sin reserva.</p>
<p>Trabaje desde una oficina privada y cerrada siempre que la necesite, sin reservar ni alquilar un espacio permanente. Esta membresía de oficina le ofrece acceso bajo demanda a las oficinas privadas disponibles en toda la red {{brand}}, proporcionándole un lugar de trabajo tranquilo y profesional allá donde le lleve su día.</p>
<p>Visite nuestro centro {{brand}} y use una oficina privada disponible para trabajo concentrado, llamadas o tareas puntuales. No hay escritorio fijo ni compromiso a largo plazo, solo un acceso confiable a un espacio de trabajo profesional cuando lo necesita.</p>
<p>La membresía de oficina de {{brand}} incluye:</p>
<p>• Acceso bajo demanda a las oficinas privadas disponibles en los centros {{brand}}<br />
• Uso de áreas de descanso profesionales y áreas de trabajo compartidas<br />
• Wi-Fi seguro de nivel empresarial y tecnología confiable<br />
• Impresoras, escáneres y asistencia administrativa<br />
• Equipos de recepción profesional en cada ubicación<br />
• Servicios básicos, limpieza y mantenimiento incluidos<br />
• Salas de reuniones disponibles bajo demanda</p>
<p>Esta membresía de oficina es ideal para profesionales que necesitan privacidad y consistencia sin comprometerse con una oficina privada fija.</p>
<p>Zona E en Rionegro ofrece un centro empresarial estratégico cerca del José María Córdova International Airport y del Terminal de Transporte. Perfecto para oficinas o Coworking, su proximidad a las principales operaciones logísticas y corporativas garantiza un acceso fluido para los clientes, una mayor visibilidad, y una imagen profesional en el próspero corredor industrial de Medellín’s.</p>
<p>• Todos los precios indican tarifas &#8216;desde&#8217; y están sujetos a cambios según la selección y los servicios incluidos.<br />
• Todas las imágenes de este anuncio representan nuestra red y podrían no corresponder a esta ubicación específica.</p>
<p>Solicite información ahora y empiece.</p>
