{"id":508363,"date":"2026-09-04T15:29:45","date_gmt":"2026-09-04T20:29:45","guid":{"rendered":"https:\/\/arriendo.com\/co\/%es_type%\/rionegro\/antioquia\/\/"},"modified":"2026-09-04T15:29:45","modified_gmt":"2026-09-04T20:29:45","slug":"AR-508363","status":"publish","type":"properties","link":"https:\/\/arriendo.com\/co\/coworking\/medellin\/rionegro\/AR-508363\/","title":{"rendered":"Membres\u00eda de coworking en {{brand}} Medellin, Zona E \u2013 {{city}}"},"content":{"rendered":"<p>Esta oferta incluye acceso a espacios de coworking sin reserva.<\/p>\n<p>Esta membres\u00eda de coworking le ofrece acceso a los puestos de trabajo compartidos disponibles en el momento de su visita. Los puestos de trabajo no est\u00e1n reservados ni asignados de forma permanente; simplemente llegue a un centro {{brand}} y trabaje desde cualquier puesto de trabajo disponible en el \u00e1rea de coworking.<\/p>\n<p>El acceso de la membres\u00eda se aplica en toda la red {{brand}}, lo que le permite trabajar desde distintas ubicaciones seg\u00fan su horario y sus traslados.<\/p>\n<p>El acceso de la membres\u00eda incluye:<\/p>\n<p>\u2022 Uso de los puestos de trabajo disponibles en los espacios de coworking compartidos<br \/>\n\u2022 \u00c1reas de descanso profesionales y \u00e1reas de trabajo comunes<br \/>\n\u2022 Wi-Fi seguro de nivel empresarial y tecnolog\u00eda de oficina<br \/>\n\u2022 Impresi\u00f3n, escaneo y apoyo administrativo<br \/>\n\u2022 Equipos de recepci\u00f3n profesional en el centro<br \/>\n\u2022 Servicios y suministros b\u00e1sicos incluidos<br \/>\n\u2022 Salas de reuniones disponibles bajo demanda<\/p>\n<p>Esta membres\u00eda es adecuada para profesionales que necesitan un espacio de trabajo confiable sin un escritorio fijo ni instalaci\u00f3n de oficina.<\/p>\n<p>Zona E en Rionegro ofrece un centro empresarial estrat\u00e9gico cerca del Jos\u00e9 Mar\u00eda C\u00f3rdova International Airport y del Terminal de Transporte. Perfecto para oficinas o Coworking, su proximidad a las principales operaciones log\u00edsticas y corporativas garantiza un acceso fluido para los clientes, una mayor visibilidad, y una imagen profesional en el pr\u00f3spero corredor industrial de Medell\u00edn\u2019s.<\/p>\n<p>\u2022 Todos los precios indican tarifas &#8216;desde&#8217; y est\u00e1n sujetos a cambios seg\u00fan la selecci\u00f3n y los servicios incluidos.<br \/>\n\u2022 Todas las im\u00e1genes de este anuncio representan nuestra red y podr\u00edan no corresponder a esta ubicaci\u00f3n espec\u00edfica.<\/p>\n<p>Solicite informaci\u00f3n hoy mismo.<\/p>\n","protected":false},"excerpt":{"rendered":"Esta oferta incluye acceso a espacios de coworking sin reserva....","protected":false},"author":3363,"featured_media":508365,"template":"","es_locations":[79,418,502],"es_categories":[124],"es_types":[3132],"es_rent_periods":[],"es_labels":[],"es_statuses":[],"es_parkings":[],"es_roofs":[],"es_exterior_materials":[],"es_basements":[],"es_floor_coverings":[],"es_features":[],"es_amenities":[],"es_neighborhoods":[],"es_tags":[],"class_list":["post-508363","properties","type-properties","status-publish","has-post-thumbnail","hentry","es_location-antioquia","es_location-colombia","es_location-rionegro","es_category-arriendo","es_type-coworking","es-post-entity"],"_links":{"self":[{"href":"https:\/\/arriendo.com\/co\/wp-json\/wp\/v2\/properties\/508363","targetHints":{"allow":["GET"]}}],"collection":[{"href":"https:\/\/arriendo.com\/co\/wp-json\/wp\/v2\/properties"}],"about":[{"href":"https:\/\/arriendo.com\/co\/wp-json\/wp\/v2\/types\/properties"}],"author":[{"embeddable":true,"href":"https:\/\/arriendo.com\/co\/wp-json\/wp\/v2\/users\/3363"}],"version-history":[{"count":2,"href":"https:\/\/arriendo.com\/co\/wp-json\/wp\/v2\/properties\/508363\/revisions"}],"predecessor-version":[{"id":508384,"href":"https:\/\/arriendo.com\/co\/wp-json\/wp\/v2\/properties\/508363\/revisions\/508384"}],"wp:featuredmedia":[{"embeddable":true,"href":"https:\/\/arriendo.com\/co\/wp-json\/wp\/v2\/media\/508365"}],"wp:attachment":[{"href":"https:\/\/arriendo.com\/co\/wp-json\/wp\/v2\/media?parent=508363"}],"wp:term":[{"taxonomy":"es_location","embeddable":true,"href":"https:\/\/arriendo.com\/co\/wp-json\/wp\/v2\/es_locations?post=508363"},{"taxonomy":"es_category","embeddable":true,"href":"https:\/\/arriendo.com\/co\/wp-json\/wp\/v2\/es_categories?post=508363"},{"taxonomy":"es_type","embeddable":true,"href":"https:\/\/arriendo.com\/co\/wp-json\/wp\/v2\/es_types?post=508363"},{"taxonomy":"es_rent_period","embeddable":true,"href":"https:\/\/arriendo.com\/co\/wp-json\/wp\/v2\/es_rent_periods?post=508363"},{"taxonomy":"es_label","embeddable":true,"href":"https:\/\/arriendo.com\/co\/wp-json\/wp\/v2\/es_labels?post=508363"},{"taxonomy":"es_status","embeddable":true,"href":"https:\/\/arriendo.com\/co\/wp-json\/wp\/v2\/es_statuses?post=508363"},{"taxonomy":"es_parking","embeddable":true,"href":"https:\/\/arriendo.com\/co\/wp-json\/wp\/v2\/es_parkings?post=508363"},{"taxonomy":"es_roof","embeddable":true,"href":"https:\/\/arriendo.com\/co\/wp-json\/wp\/v2\/es_roofs?post=508363"},{"taxonomy":"es_exterior_material","embeddable":true,"href":"https:\/\/arriendo.com\/co\/wp-json\/wp\/v2\/es_exterior_materials?post=508363"},{"taxonomy":"es_basement","embeddable":true,"href":"https:\/\/arriendo.com\/co\/wp-json\/wp\/v2\/es_basements?post=508363"},{"taxonomy":"es_floor_covering","embeddable":true,"href":"https:\/\/arriendo.com\/co\/wp-json\/wp\/v2\/es_floor_coverings?post=508363"},{"taxonomy":"es_feature","embeddable":true,"href":"https:\/\/arriendo.com\/co\/wp-json\/wp\/v2\/es_features?post=508363"},{"taxonomy":"es_amenity","embeddable":true,"href":"https:\/\/arriendo.com\/co\/wp-json\/wp\/v2\/es_amenities?post=508363"},{"taxonomy":"es_neighborhood","embeddable":true,"href":"https:\/\/arriendo.com\/co\/wp-json\/wp\/v2\/es_neighborhoods?post=508363"},{"taxonomy":"es_tag","embeddable":true,"href":"https:\/\/arriendo.com\/co\/wp-json\/wp\/v2\/es_tags?post=508363"}],"curies":[{"name":"wp","href":"https:\/\/api.w.org\/{rel}","templated":true}]}}

Membresía de coworking en {{brand}} Medellin, Zona E – {{city}}

<p>Esta oferta incluye acceso a espacios de coworking sin reserva.</p>
<p>Esta membresía de coworking le ofrece acceso a los puestos de trabajo compartidos disponibles en el momento de su visita. Los puestos de trabajo no están reservados ni asignados de forma permanente; simplemente llegue a un centro {{brand}} y trabaje desde cualquier puesto de trabajo disponible en el área de coworking.</p>
<p>El acceso de la membresía se aplica en toda la red {{brand}}, lo que le permite trabajar desde distintas ubicaciones según su horario y sus traslados.</p>
<p>El acceso de la membresía incluye:</p>
<p>• Uso de los puestos de trabajo disponibles en los espacios de coworking compartidos<br />
• Áreas de descanso profesionales y áreas de trabajo comunes<br />
• Wi-Fi seguro de nivel empresarial y tecnología de oficina<br />
• Impresión, escaneo y apoyo administrativo<br />
• Equipos de recepción profesional en el centro<br />
• Servicios y suministros básicos incluidos<br />
• Salas de reuniones disponibles bajo demanda</p>
<p>Esta membresía es adecuada para profesionales que necesitan un espacio de trabajo confiable sin un escritorio fijo ni instalación de oficina.</p>
<p>Zona E en Rionegro ofrece un centro empresarial estratégico cerca del José María Córdova International Airport y del Terminal de Transporte. Perfecto para oficinas o Coworking, su proximidad a las principales operaciones logísticas y corporativas garantiza un acceso fluido para los clientes, una mayor visibilidad, y una imagen profesional en el próspero corredor industrial de Medellín’s.</p>
<p>• Todos los precios indican tarifas &#8216;desde&#8217; y están sujetos a cambios según la selección y los servicios incluidos.<br />
• Todas las imágenes de este anuncio representan nuestra red y podrían no corresponder a esta ubicación específica.</p>
<p>Solicite información hoy mismo.</p>
