{"id":508336,"date":"2026-09-04T15:19:36","date_gmt":"2026-09-04T20:19:36","guid":{"rendered":"https:\/\/arriendo.com\/co\/%es_type%\/cali\/santo-domingo\/renta-apartamento-santo-domingo\/"},"modified":"2026-09-04T15:19:37","modified_gmt":"2026-09-04T20:19:37","slug":"AR-508336","status":"publish","type":"properties","link":"https:\/\/arriendo.com\/co\/apartamentos\/cali\/santo-domingo\/AR-508336\/","title":{"rendered":"Renta apartamento Santo Domingo"},"content":{"rendered":"<p>Se arrienda amplio y c\u00f3modo apartamento en segundo piso, ubicado en el barrio Santo Domingo de Cali, en un sector residencial con f\u00e1cil acceso a transporte p\u00fablico, comercio, instituciones educativas y servicios de salud. El apartamento cuenta con 4 habitaciones, todas con cl\u00f3set, y 2 ba\u00f1os, uno de ellos privado en la habitaci\u00f3n principal. Adem\u00e1s, dispone de parqueadero para moto, ofreciendo comodidad y practicidad para sus residentes. Su ubicaci\u00f3n es estrat\u00e9gica, con diferentes colegios e instituciones educativas en los alrededores, como la Instituci\u00f3n Educativa Carlos Holgu\u00edn Lloreda Sede Central, Jos\u00e9 Mar\u00eda Carbonell e IE Jos\u00e9 Mar\u00eda Vivas Balc\u00e1zar. Tambi\u00e9n se encuentra cerca de servicios de salud, incluyendo la Cl\u00ednica Farallones y otros centros m\u00e9dicos de la zona. Una excelente oportunidad para quienes buscan un apartamento amplio, bien distribuido y con una ubicaci\u00f3n conveniente en Cali, cerca de instituciones educativas, servicios de salud, comercio y transporte p\u00fablico. \u00a1Separa tu cita y conoce este apartamento!<\/p>\n","protected":false},"excerpt":{"rendered":"Se arrienda amplio y c\u00f3modo apartamento en segundo piso, ubicado...","protected":false},"author":2014,"featured_media":508338,"template":"","es_locations":[179,418,3744],"es_categories":[124],"es_types":[114],"es_rent_periods":[],"es_labels":[],"es_statuses":[],"es_parkings":[],"es_roofs":[],"es_exterior_materials":[],"es_basements":[],"es_floor_coverings":[],"es_features":[],"es_amenities":[],"es_neighborhoods":[],"es_tags":[],"class_list":["post-508336","properties","type-properties","status-publish","has-post-thumbnail","hentry","es_location-cali","es_location-colombia","es_location-valle-del-cauca","es_category-arriendo","es_type-apartamentos","es-post-entity"],"_links":{"self":[{"href":"https:\/\/arriendo.com\/co\/wp-json\/wp\/v2\/properties\/508336","targetHints":{"allow":["GET"]}}],"collection":[{"href":"https:\/\/arriendo.com\/co\/wp-json\/wp\/v2\/properties"}],"about":[{"href":"https:\/\/arriendo.com\/co\/wp-json\/wp\/v2\/types\/properties"}],"author":[{"embeddable":true,"href":"https:\/\/arriendo.com\/co\/wp-json\/wp\/v2\/users\/2014"}],"version-history":[{"count":1,"href":"https:\/\/arriendo.com\/co\/wp-json\/wp\/v2\/properties\/508336\/revisions"}],"predecessor-version":[{"id":508337,"href":"https:\/\/arriendo.com\/co\/wp-json\/wp\/v2\/properties\/508336\/revisions\/508337"}],"wp:featuredmedia":[{"embeddable":true,"href":"https:\/\/arriendo.com\/co\/wp-json\/wp\/v2\/media\/508338"}],"wp:attachment":[{"href":"https:\/\/arriendo.com\/co\/wp-json\/wp\/v2\/media?parent=508336"}],"wp:term":[{"taxonomy":"es_location","embeddable":true,"href":"https:\/\/arriendo.com\/co\/wp-json\/wp\/v2\/es_locations?post=508336"},{"taxonomy":"es_category","embeddable":true,"href":"https:\/\/arriendo.com\/co\/wp-json\/wp\/v2\/es_categories?post=508336"},{"taxonomy":"es_type","embeddable":true,"href":"https:\/\/arriendo.com\/co\/wp-json\/wp\/v2\/es_types?post=508336"},{"taxonomy":"es_rent_period","embeddable":true,"href":"https:\/\/arriendo.com\/co\/wp-json\/wp\/v2\/es_rent_periods?post=508336"},{"taxonomy":"es_label","embeddable":true,"href":"https:\/\/arriendo.com\/co\/wp-json\/wp\/v2\/es_labels?post=508336"},{"taxonomy":"es_status","embeddable":true,"href":"https:\/\/arriendo.com\/co\/wp-json\/wp\/v2\/es_statuses?post=508336"},{"taxonomy":"es_parking","embeddable":true,"href":"https:\/\/arriendo.com\/co\/wp-json\/wp\/v2\/es_parkings?post=508336"},{"taxonomy":"es_roof","embeddable":true,"href":"https:\/\/arriendo.com\/co\/wp-json\/wp\/v2\/es_roofs?post=508336"},{"taxonomy":"es_exterior_material","embeddable":true,"href":"https:\/\/arriendo.com\/co\/wp-json\/wp\/v2\/es_exterior_materials?post=508336"},{"taxonomy":"es_basement","embeddable":true,"href":"https:\/\/arriendo.com\/co\/wp-json\/wp\/v2\/es_basements?post=508336"},{"taxonomy":"es_floor_covering","embeddable":true,"href":"https:\/\/arriendo.com\/co\/wp-json\/wp\/v2\/es_floor_coverings?post=508336"},{"taxonomy":"es_feature","embeddable":true,"href":"https:\/\/arriendo.com\/co\/wp-json\/wp\/v2\/es_features?post=508336"},{"taxonomy":"es_amenity","embeddable":true,"href":"https:\/\/arriendo.com\/co\/wp-json\/wp\/v2\/es_amenities?post=508336"},{"taxonomy":"es_neighborhood","embeddable":true,"href":"https:\/\/arriendo.com\/co\/wp-json\/wp\/v2\/es_neighborhoods?post=508336"},{"taxonomy":"es_tag","embeddable":true,"href":"https:\/\/arriendo.com\/co\/wp-json\/wp\/v2\/es_tags?post=508336"}],"curies":[{"name":"wp","href":"https:\/\/api.w.org\/{rel}","templated":true}]}}

<p>Se arrienda amplio y cómodo apartamento en segundo piso, ubicado en el barrio Santo Domingo de Cali, en un sector residencial con fácil acceso a transporte público, comercio, instituciones educativas y servicios de salud. El apartamento cuenta con 4 habitaciones, todas con clóset, y 2 baños, uno de ellos privado en la habitación principal. Además, dispone de parqueadero para moto, ofreciendo comodidad y practicidad para sus residentes. Su ubicación es estratégica, con diferentes colegios e instituciones educativas en los alrededores, como la Institución Educativa Carlos Holguín Lloreda Sede Central, José María Carbonell e IE José María Vivas Balcázar. También se encuentra cerca de servicios de salud, incluyendo la Clínica Farallones y otros centros médicos de la zona. Una excelente oportunidad para quienes buscan un apartamento amplio, bien distribuido y con una ubicación conveniente en Cali, cerca de instituciones educativas, servicios de salud, comercio y transporte público. ¡Separa tu cita y conoce este apartamento!</p>

Se arrienda amplio y cómodo apartamento en segundo piso, ubicado...
