{"id":507406,"date":"2026-09-03T22:19:35","date_gmt":"2026-09-04T03:19:35","guid":{"rendered":"https:\/\/arriendo.com\/co\/%es_type%\/bogota\/modelia\/\/"},"modified":"2026-09-03T22:19:35","modified_gmt":"2026-09-04T03:19:35","slug":"AR-507406","status":"publish","type":"properties","link":"https:\/\/arriendo.com\/co\/locales\/bogota\/modelia\/AR-507406\/","title":{"rendered":"ARRIENDO LOCAL COMERCIAL EN MODELIA SOBRE LA CRR 75. BOGOTA, D.C."},"content":{"rendered":"<p>LOCAL\u00a0EN ARRIENDO EN PASAJE COMERCIAL BARRIO MODELIA C\u00f3digo. tres cero cuatro tres ocho cuatro cuatro . Cuenta con un \u00e1rea\u00a0construida\u00a0de\u00a020\u00a0M2. En cuanto a sus caracter\u00edsticas internas, este\u00a0local\u00a0cuenta con los servicios b\u00e1sicos de agua, luz y gas compartidos, tiene su ba\u00f1o auxiliar, no tiene dep\u00f3sito ni zona de lavanderia. Cuenta con una zona comunal para aseo. El local hace parte de un complejo comercial\u00a0recientemente reformado con otros locales ya arrendados. Las caracter\u00edsticas externas de estos\u00a0locales son tambi\u00e9n muy atractivas. Su acceso pavimentado lo hace muy f\u00e1cil de llegar tanto en transporte p\u00fablico como en veh\u00edculo particular. Adem\u00e1s, se encuentra cerca de centros comerciales\u00a0lo que garantiza una gran afluencia de personas en la zona. En su entorno, podemos encontrar tambi\u00e9n colegios y universidades, lo que lo hace perfecto para negocios relacionados con el \u00e1mbito estudiantil. Tambi\u00e9n cuenta con\u00a0oficinas empresariales\u00a0cerca, lo cual facilita cualquier tipo de gesti\u00f3n administrativa. Para aquellos que deseen tomar un respiro, hay parques cercanos en los que pueden relajarse. Estos\u00a0locales se encuentra sobre una v\u00eda principal, lo que garantiza una gran visibilidad y f\u00e1cil acceso. Adem\u00e1s, cuenta con transporte p\u00fablico cercano, facilitando el desplazamiento de clientes y empleados. Su ubicaci\u00f3n en una zona comercial y residencial lo hace a\u00fan m\u00e1s atractivo, ya que hay una gran variedad de clientes potenciales en la zona. En resumen, estos\u00a0locales para alquiler son\u00a0una excelente opci\u00f3n para aquellos que buscan una ubicaci\u00f3n estrat\u00e9gica en una de las mejores zonas de Bogot\u00e1. Con todas sus caracter\u00edsticas internas y externas, es perfecto para emprendedores que deseen iniciar un nuevo negocio o expandir su empresa a una zona de gran potencial. No pierdas la oportunidad de alquilar su local y haz que tu negocio prospere en este lugar de gran atractivo comercial y residencial. \u00a1Cont\u00e1ctanos hoy mismo para m\u00e1s informaci\u00f3n y programar una visita!<\/p>\n","protected":false},"excerpt":{"rendered":"LOCAL\u00a0EN ARRIENDO EN PASAJE COMERCIAL BARRIO MODELIA C\u00f3digo. tres cero...","protected":false},"author":12274,"featured_media":507408,"template":"","es_locations":[110,418,91],"es_categories":[124],"es_types":[117],"es_rent_periods":[],"es_labels":[],"es_statuses":[],"es_parkings":[],"es_roofs":[],"es_exterior_materials":[],"es_basements":[],"es_floor_coverings":[],"es_features":[],"es_amenities":[],"es_neighborhoods":[],"es_tags":[],"class_list":["post-507406","properties","type-properties","status-publish","has-post-thumbnail","hentry","es_location-bogota","es_location-colombia","es_location-cundinamarca","es_category-arriendo","es_type-locales","es-post-entity"],"_links":{"self":[{"href":"https:\/\/arriendo.com\/co\/wp-json\/wp\/v2\/properties\/507406","targetHints":{"allow":["GET"]}}],"collection":[{"href":"https:\/\/arriendo.com\/co\/wp-json\/wp\/v2\/properties"}],"about":[{"href":"https:\/\/arriendo.com\/co\/wp-json\/wp\/v2\/types\/properties"}],"author":[{"embeddable":true,"href":"https:\/\/arriendo.com\/co\/wp-json\/wp\/v2\/users\/12274"}],"version-history":[{"count":1,"href":"https:\/\/arriendo.com\/co\/wp-json\/wp\/v2\/properties\/507406\/revisions"}],"predecessor-version":[{"id":507407,"href":"https:\/\/arriendo.com\/co\/wp-json\/wp\/v2\/properties\/507406\/revisions\/507407"}],"wp:featuredmedia":[{"embeddable":true,"href":"https:\/\/arriendo.com\/co\/wp-json\/wp\/v2\/media\/507408"}],"wp:attachment":[{"href":"https:\/\/arriendo.com\/co\/wp-json\/wp\/v2\/media?parent=507406"}],"wp:term":[{"taxonomy":"es_location","embeddable":true,"href":"https:\/\/arriendo.com\/co\/wp-json\/wp\/v2\/es_locations?post=507406"},{"taxonomy":"es_category","embeddable":true,"href":"https:\/\/arriendo.com\/co\/wp-json\/wp\/v2\/es_categories?post=507406"},{"taxonomy":"es_type","embeddable":true,"href":"https:\/\/arriendo.com\/co\/wp-json\/wp\/v2\/es_types?post=507406"},{"taxonomy":"es_rent_period","embeddable":true,"href":"https:\/\/arriendo.com\/co\/wp-json\/wp\/v2\/es_rent_periods?post=507406"},{"taxonomy":"es_label","embeddable":true,"href":"https:\/\/arriendo.com\/co\/wp-json\/wp\/v2\/es_labels?post=507406"},{"taxonomy":"es_status","embeddable":true,"href":"https:\/\/arriendo.com\/co\/wp-json\/wp\/v2\/es_statuses?post=507406"},{"taxonomy":"es_parking","embeddable":true,"href":"https:\/\/arriendo.com\/co\/wp-json\/wp\/v2\/es_parkings?post=507406"},{"taxonomy":"es_roof","embeddable":true,"href":"https:\/\/arriendo.com\/co\/wp-json\/wp\/v2\/es_roofs?post=507406"},{"taxonomy":"es_exterior_material","embeddable":true,"href":"https:\/\/arriendo.com\/co\/wp-json\/wp\/v2\/es_exterior_materials?post=507406"},{"taxonomy":"es_basement","embeddable":true,"href":"https:\/\/arriendo.com\/co\/wp-json\/wp\/v2\/es_basements?post=507406"},{"taxonomy":"es_floor_covering","embeddable":true,"href":"https:\/\/arriendo.com\/co\/wp-json\/wp\/v2\/es_floor_coverings?post=507406"},{"taxonomy":"es_feature","embeddable":true,"href":"https:\/\/arriendo.com\/co\/wp-json\/wp\/v2\/es_features?post=507406"},{"taxonomy":"es_amenity","embeddable":true,"href":"https:\/\/arriendo.com\/co\/wp-json\/wp\/v2\/es_amenities?post=507406"},{"taxonomy":"es_neighborhood","embeddable":true,"href":"https:\/\/arriendo.com\/co\/wp-json\/wp\/v2\/es_neighborhoods?post=507406"},{"taxonomy":"es_tag","embeddable":true,"href":"https:\/\/arriendo.com\/co\/wp-json\/wp\/v2\/es_tags?post=507406"}],"curies":[{"name":"wp","href":"https:\/\/api.w.org\/{rel}","templated":true}]}}

<p>LOCAL EN ARRIENDO EN PASAJE COMERCIAL BARRIO MODELIA Código. tres cero cuatro tres ocho cuatro cuatro . Cuenta con un área construida de 20 M2. En cuanto a sus características internas, este local cuenta con los servicios básicos de agua, luz y gas compartidos, tiene su baño auxiliar, no tiene depósito ni zona de lavanderia. Cuenta con una zona comunal para aseo. El local hace parte de un complejo comercial recientemente reformado con otros locales ya arrendados. Las características externas de estos locales son también muy atractivas. Su acceso pavimentado lo hace muy fácil de llegar tanto en transporte público como en vehículo particular. Además, se encuentra cerca de centros comerciales lo que garantiza una gran afluencia de personas en la zona. En su entorno, podemos encontrar también colegios y universidades, lo que lo hace perfecto para negocios relacionados con el ámbito estudiantil. También cuenta con oficinas empresariales cerca, lo cual facilita cualquier tipo de gestión administrativa. Para aquellos que deseen tomar un respiro, hay parques cercanos en los que pueden relajarse. Estos locales se encuentra sobre una vía principal, lo que garantiza una gran visibilidad y fácil acceso. Además, cuenta con transporte público cercano, facilitando el desplazamiento de clientes y empleados. Su ubicación en una zona comercial y residencial lo hace aún más atractivo, ya que hay una gran variedad de clientes potenciales en la zona. En resumen, estos locales para alquiler son una excelente opción para aquellos que buscan una ubicación estratégica en una de las mejores zonas de Bogotá. Con todas sus características internas y externas, es perfecto para emprendedores que deseen iniciar un nuevo negocio o expandir su empresa a una zona de gran potencial. No pierdas la oportunidad de alquilar su local y haz que tu negocio prospere en este lugar de gran atractivo comercial y residencial. ¡Contáctanos hoy mismo para más información y programar una visita!</p>

LOCAL EN ARRIENDO EN PASAJE COMERCIAL BARRIO MODELIA Código. tres cero...
