{"id":506842,"date":"2026-09-03T22:06:31","date_gmt":"2026-09-04T03:06:31","guid":{"rendered":"https:\/\/arriendo.com\/co\/%es_type%\/bogota\/santa-barbara\/\/"},"modified":"2026-09-03T22:06:31","modified_gmt":"2026-09-04T03:06:31","slug":"AR-506842","status":"publish","type":"properties","link":"https:\/\/arriendo.com\/co\/oficinas\/bogota\/santa-barbara\/AR-506842\/","title":{"rendered":"OFICINA EN ARRIENDO EDIFICIO FRANCICENTRO AVENIDA 15 CON 104"},"content":{"rendered":"<p>OFICINA EN ARRIENDO EDIFICIO FRANCICENTRO AVENIDA 15 CON 104 BOGOT\u00c1 C\u00f3digo. uno cero tres uno ocho tres nueve ocho . Oficina de&nbsp;&nbsp;&nbsp;&nbsp;&nbsp;&nbsp;&nbsp; M2 de \u00e1rea con una ubicaci\u00f3n privilegiada en el norte de Bogot\u00e1 D.C. En cuanto a sus caracter\u00edsticas internas, la oficina cuenta con todos los servicios b\u00e1sicos de agua, electricidad, ba\u00f1o privado y mueble de almacenamiento, lo que facilitar\u00e1 tu rutina diaria. Entre sus caracter\u00edsticas externas, destacan su ascensor, lo que facilitar\u00e1 el acceso a tu oficina en cualquier momento&nbsp;se encuentra en una zona rodeada de parques, lo que brinda un ambiente agradable y tranquilo. En cuanto a seguridad, el edificio cuenta con recepci\u00f3n, y un sistema de vigilancia para garantizar tu tranquilidad y la de tus clientes. Tambi\u00e9n se encuentra sobre una v\u00eda principal, lo que facilita el acceso y la visibilidad de tu negocio. No pierdas la oportunidad de adquirir esta oficina y llevar tu empresa al siguiente nivel en una de las mejores zonas de Bogot\u00e1. Cont\u00e1ctanos!<\/p>\n","protected":false},"excerpt":{"rendered":"OFICINA EN ARRIENDO EDIFICIO FRANCICENTRO AVENIDA 15 CON 104 BOGOT\u00c1...","protected":false},"author":12274,"featured_media":506844,"template":"","es_locations":[110,418,91],"es_categories":[124],"es_types":[116],"es_rent_periods":[],"es_labels":[],"es_statuses":[],"es_parkings":[],"es_roofs":[],"es_exterior_materials":[],"es_basements":[],"es_floor_coverings":[],"es_features":[],"es_amenities":[],"es_neighborhoods":[],"es_tags":[],"class_list":["post-506842","properties","type-properties","status-publish","has-post-thumbnail","hentry","es_location-bogota","es_location-colombia","es_location-cundinamarca","es_category-arriendo","es_type-oficinas","es-post-entity"],"_links":{"self":[{"href":"https:\/\/arriendo.com\/co\/wp-json\/wp\/v2\/properties\/506842","targetHints":{"allow":["GET"]}}],"collection":[{"href":"https:\/\/arriendo.com\/co\/wp-json\/wp\/v2\/properties"}],"about":[{"href":"https:\/\/arriendo.com\/co\/wp-json\/wp\/v2\/types\/properties"}],"author":[{"embeddable":true,"href":"https:\/\/arriendo.com\/co\/wp-json\/wp\/v2\/users\/12274"}],"version-history":[{"count":1,"href":"https:\/\/arriendo.com\/co\/wp-json\/wp\/v2\/properties\/506842\/revisions"}],"predecessor-version":[{"id":506843,"href":"https:\/\/arriendo.com\/co\/wp-json\/wp\/v2\/properties\/506842\/revisions\/506843"}],"wp:featuredmedia":[{"embeddable":true,"href":"https:\/\/arriendo.com\/co\/wp-json\/wp\/v2\/media\/506844"}],"wp:attachment":[{"href":"https:\/\/arriendo.com\/co\/wp-json\/wp\/v2\/media?parent=506842"}],"wp:term":[{"taxonomy":"es_location","embeddable":true,"href":"https:\/\/arriendo.com\/co\/wp-json\/wp\/v2\/es_locations?post=506842"},{"taxonomy":"es_category","embeddable":true,"href":"https:\/\/arriendo.com\/co\/wp-json\/wp\/v2\/es_categories?post=506842"},{"taxonomy":"es_type","embeddable":true,"href":"https:\/\/arriendo.com\/co\/wp-json\/wp\/v2\/es_types?post=506842"},{"taxonomy":"es_rent_period","embeddable":true,"href":"https:\/\/arriendo.com\/co\/wp-json\/wp\/v2\/es_rent_periods?post=506842"},{"taxonomy":"es_label","embeddable":true,"href":"https:\/\/arriendo.com\/co\/wp-json\/wp\/v2\/es_labels?post=506842"},{"taxonomy":"es_status","embeddable":true,"href":"https:\/\/arriendo.com\/co\/wp-json\/wp\/v2\/es_statuses?post=506842"},{"taxonomy":"es_parking","embeddable":true,"href":"https:\/\/arriendo.com\/co\/wp-json\/wp\/v2\/es_parkings?post=506842"},{"taxonomy":"es_roof","embeddable":true,"href":"https:\/\/arriendo.com\/co\/wp-json\/wp\/v2\/es_roofs?post=506842"},{"taxonomy":"es_exterior_material","embeddable":true,"href":"https:\/\/arriendo.com\/co\/wp-json\/wp\/v2\/es_exterior_materials?post=506842"},{"taxonomy":"es_basement","embeddable":true,"href":"https:\/\/arriendo.com\/co\/wp-json\/wp\/v2\/es_basements?post=506842"},{"taxonomy":"es_floor_covering","embeddable":true,"href":"https:\/\/arriendo.com\/co\/wp-json\/wp\/v2\/es_floor_coverings?post=506842"},{"taxonomy":"es_feature","embeddable":true,"href":"https:\/\/arriendo.com\/co\/wp-json\/wp\/v2\/es_features?post=506842"},{"taxonomy":"es_amenity","embeddable":true,"href":"https:\/\/arriendo.com\/co\/wp-json\/wp\/v2\/es_amenities?post=506842"},{"taxonomy":"es_neighborhood","embeddable":true,"href":"https:\/\/arriendo.com\/co\/wp-json\/wp\/v2\/es_neighborhoods?post=506842"},{"taxonomy":"es_tag","embeddable":true,"href":"https:\/\/arriendo.com\/co\/wp-json\/wp\/v2\/es_tags?post=506842"}],"curies":[{"name":"wp","href":"https:\/\/api.w.org\/{rel}","templated":true}]}}

<p>OFICINA EN ARRIENDO EDIFICIO FRANCICENTRO AVENIDA 15 CON 104 BOGOTÁ Código. uno cero tres uno ocho tres nueve ocho . Oficina de&nbsp;&nbsp;&nbsp;&nbsp;&nbsp;&nbsp;&nbsp; M2 de área con una ubicación privilegiada en el norte de Bogotá D.C. En cuanto a sus características internas, la oficina cuenta con todos los servicios básicos de agua, electricidad, baño privado y mueble de almacenamiento, lo que facilitará tu rutina diaria. Entre sus características externas, destacan su ascensor, lo que facilitará el acceso a tu oficina en cualquier momento&nbsp;se encuentra en una zona rodeada de parques, lo que brinda un ambiente agradable y tranquilo. En cuanto a seguridad, el edificio cuenta con recepción, y un sistema de vigilancia para garantizar tu tranquilidad y la de tus clientes. También se encuentra sobre una vía principal, lo que facilita el acceso y la visibilidad de tu negocio. No pierdas la oportunidad de adquirir esta oficina y llevar tu empresa al siguiente nivel en una de las mejores zonas de Bogotá. Contáctanos!</p>

OFICINA EN ARRIENDO EDIFICIO FRANCICENTRO AVENIDA 15 CON 104 BOGOTÁ...
