{"id":505603,"date":"2026-08-31T00:05:58","date_gmt":"2026-08-31T05:05:58","guid":{"rendered":"https:\/\/arriendo.com\/co\/%es_type%\/cali\/santa-monica-residencial\/alquiler-apartamento-santa-monica-residencial\/"},"modified":"2026-08-31T00:05:59","modified_gmt":"2026-08-31T05:05:59","slug":"AR-505603","status":"publish","type":"properties","link":"https:\/\/arriendo.com\/co\/apartamentos\/cali\/santa-monica-residencial\/AR-505603\/","title":{"rendered":"ALQUILER APARTAMENTO SANTA MONICA RESIDENCIAL"},"content":{"rendered":"<p>Alquiler de Exclusivo apartamento en Santa M\u00f3nica Residencial de 110 m\u00b2, con imponentes vistas panor\u00e1micas de la ciudad, total privacidad y sin vecinos al frente., Cuenta con amplia sala-comedor, cocina americana abierta con excelentes muebles de almacenamiento, zona de oficios, ba\u00f1o social, estudio o estar de TV, ba\u00f1o de habitaciones, dos habitaciones, principal con amplio vestier y ba\u00f1o privado, Todos los espacios disfrutan de hermosas vistas., Dise\u00f1ado con acabados de lujo, aire acondicionado empotrado en techos, blackouts el\u00e9ctricos, iluminaci\u00f3n decorativa, sistema de sonido y chapa de seguridad. El edificio ofrece dos parqueaderos en l\u00ednea, dep\u00f3sito y parqueadero para visitantes, dos ascensores, porter\u00eda y vigilancia 24\/7 y, como elemento fundamental, estructura y dise\u00f1o que brinda tranquilidad y seguridad a sus residentes. en las zonas sociales encontramos: gimnasio, coworking, sal\u00f3n social, espacio para conductores, zona infantil, zona de mascotas, sala de juegos y cava, spa con turco y sauna, piscina infinity climatizada, cancha de tenis y zona BBQ, adem\u00e1s de dos elegantes lobbies., Un apartamento sofisticado y exclusivo, pensado para quienes valoran el lujo, la privacidad, las impresionantes vistas y, sobre todo, la seguridad y tranquilidad de su hogar. separa tu cita ya<\/p>\n","protected":false},"excerpt":{"rendered":"Alquiler de Exclusivo apartamento en Santa M\u00f3nica Residencial de 110...","protected":false},"author":2014,"featured_media":505605,"template":"","es_locations":[179,418,3744],"es_categories":[124],"es_types":[114],"es_rent_periods":[],"es_labels":[],"es_statuses":[],"es_parkings":[],"es_roofs":[],"es_exterior_materials":[],"es_basements":[],"es_floor_coverings":[],"es_features":[],"es_amenities":[],"es_neighborhoods":[],"es_tags":[],"class_list":["post-505603","properties","type-properties","status-publish","has-post-thumbnail","hentry","es_location-cali","es_location-colombia","es_location-valle-del-cauca","es_category-arriendo","es_type-apartamentos","es-post-entity"],"_links":{"self":[{"href":"https:\/\/arriendo.com\/co\/wp-json\/wp\/v2\/properties\/505603","targetHints":{"allow":["GET"]}}],"collection":[{"href":"https:\/\/arriendo.com\/co\/wp-json\/wp\/v2\/properties"}],"about":[{"href":"https:\/\/arriendo.com\/co\/wp-json\/wp\/v2\/types\/properties"}],"author":[{"embeddable":true,"href":"https:\/\/arriendo.com\/co\/wp-json\/wp\/v2\/users\/2014"}],"version-history":[{"count":1,"href":"https:\/\/arriendo.com\/co\/wp-json\/wp\/v2\/properties\/505603\/revisions"}],"predecessor-version":[{"id":505604,"href":"https:\/\/arriendo.com\/co\/wp-json\/wp\/v2\/properties\/505603\/revisions\/505604"}],"wp:featuredmedia":[{"embeddable":true,"href":"https:\/\/arriendo.com\/co\/wp-json\/wp\/v2\/media\/505605"}],"wp:attachment":[{"href":"https:\/\/arriendo.com\/co\/wp-json\/wp\/v2\/media?parent=505603"}],"wp:term":[{"taxonomy":"es_location","embeddable":true,"href":"https:\/\/arriendo.com\/co\/wp-json\/wp\/v2\/es_locations?post=505603"},{"taxonomy":"es_category","embeddable":true,"href":"https:\/\/arriendo.com\/co\/wp-json\/wp\/v2\/es_categories?post=505603"},{"taxonomy":"es_type","embeddable":true,"href":"https:\/\/arriendo.com\/co\/wp-json\/wp\/v2\/es_types?post=505603"},{"taxonomy":"es_rent_period","embeddable":true,"href":"https:\/\/arriendo.com\/co\/wp-json\/wp\/v2\/es_rent_periods?post=505603"},{"taxonomy":"es_label","embeddable":true,"href":"https:\/\/arriendo.com\/co\/wp-json\/wp\/v2\/es_labels?post=505603"},{"taxonomy":"es_status","embeddable":true,"href":"https:\/\/arriendo.com\/co\/wp-json\/wp\/v2\/es_statuses?post=505603"},{"taxonomy":"es_parking","embeddable":true,"href":"https:\/\/arriendo.com\/co\/wp-json\/wp\/v2\/es_parkings?post=505603"},{"taxonomy":"es_roof","embeddable":true,"href":"https:\/\/arriendo.com\/co\/wp-json\/wp\/v2\/es_roofs?post=505603"},{"taxonomy":"es_exterior_material","embeddable":true,"href":"https:\/\/arriendo.com\/co\/wp-json\/wp\/v2\/es_exterior_materials?post=505603"},{"taxonomy":"es_basement","embeddable":true,"href":"https:\/\/arriendo.com\/co\/wp-json\/wp\/v2\/es_basements?post=505603"},{"taxonomy":"es_floor_covering","embeddable":true,"href":"https:\/\/arriendo.com\/co\/wp-json\/wp\/v2\/es_floor_coverings?post=505603"},{"taxonomy":"es_feature","embeddable":true,"href":"https:\/\/arriendo.com\/co\/wp-json\/wp\/v2\/es_features?post=505603"},{"taxonomy":"es_amenity","embeddable":true,"href":"https:\/\/arriendo.com\/co\/wp-json\/wp\/v2\/es_amenities?post=505603"},{"taxonomy":"es_neighborhood","embeddable":true,"href":"https:\/\/arriendo.com\/co\/wp-json\/wp\/v2\/es_neighborhoods?post=505603"},{"taxonomy":"es_tag","embeddable":true,"href":"https:\/\/arriendo.com\/co\/wp-json\/wp\/v2\/es_tags?post=505603"}],"curies":[{"name":"wp","href":"https:\/\/api.w.org\/{rel}","templated":true}]}}

<p>Alquiler de Exclusivo apartamento en Santa Mónica Residencial de 110 m², con imponentes vistas panorámicas de la ciudad, total privacidad y sin vecinos al frente., Cuenta con amplia sala-comedor, cocina americana abierta con excelentes muebles de almacenamiento, zona de oficios, baño social, estudio o estar de TV, baño de habitaciones, dos habitaciones, principal con amplio vestier y baño privado, Todos los espacios disfrutan de hermosas vistas., Diseñado con acabados de lujo, aire acondicionado empotrado en techos, blackouts eléctricos, iluminación decorativa, sistema de sonido y chapa de seguridad. El edificio ofrece dos parqueaderos en línea, depósito y parqueadero para visitantes, dos ascensores, portería y vigilancia 24/7 y, como elemento fundamental, estructura y diseño que brinda tranquilidad y seguridad a sus residentes. en las zonas sociales encontramos: gimnasio, coworking, salón social, espacio para conductores, zona infantil, zona de mascotas, sala de juegos y cava, spa con turco y sauna, piscina infinity climatizada, cancha de tenis y zona BBQ, además de dos elegantes lobbies., Un apartamento sofisticado y exclusivo, pensado para quienes valoran el lujo, la privacidad, las impresionantes vistas y, sobre todo, la seguridad y tranquilidad de su hogar. separa tu cita ya</p>

Alquiler de Exclusivo apartamento en Santa Mónica Residencial de 110...
