{"id":505181,"date":"2026-08-29T22:14:47","date_gmt":"2026-08-30T03:14:47","guid":{"rendered":"https:\/\/arriendo.com\/co\/%es_type%\/cali\/brisas-de-los-andes\/\/"},"modified":"2026-08-29T22:14:47","modified_gmt":"2026-08-30T03:14:47","slug":"AR-505181","status":"publish","type":"properties","link":"https:\/\/arriendo.com\/co\/lotes\/cali\/brisas-de-los-andes\/AR-505181\/","title":{"rendered":"Lote Comercial Esquinero Cali"},"content":{"rendered":"<p>Arriendo lote&nbsp; esquinero en Cali, ubicado estrat\u00e9gicamente sobre toda la Carrera 1 con Calle 34, diagonal a Makro y a media cuadra del Centro Comercial La Estaci\u00f3n. \u00c1rea de 2870 m2, ideal para proyectos comerciales, log\u00edsticos, automotrices, institucionales o de servicios, con excelente visibilidad y conectividad. Canon de arrendamiento 23 millones mas IVA. Contrato a trav\u00e9s de inmobiliaria.&nbsp;<\/p>\n","protected":false},"excerpt":{"rendered":"Arriendo lote&nbsp; esquinero en Cali, ubicado estrat\u00e9gicamente sobre toda la...","protected":false},"author":9968,"featured_media":505183,"template":"","es_locations":[179,418,3744],"es_categories":[124],"es_types":[120],"es_rent_periods":[],"es_labels":[],"es_statuses":[],"es_parkings":[],"es_roofs":[],"es_exterior_materials":[],"es_basements":[],"es_floor_coverings":[],"es_features":[],"es_amenities":[],"es_neighborhoods":[],"es_tags":[],"class_list":["post-505181","properties","type-properties","status-publish","has-post-thumbnail","hentry","es_location-cali","es_location-colombia","es_location-valle-del-cauca","es_category-arriendo","es_type-lotes","es-post-entity"],"_links":{"self":[{"href":"https:\/\/arriendo.com\/co\/wp-json\/wp\/v2\/properties\/505181","targetHints":{"allow":["GET"]}}],"collection":[{"href":"https:\/\/arriendo.com\/co\/wp-json\/wp\/v2\/properties"}],"about":[{"href":"https:\/\/arriendo.com\/co\/wp-json\/wp\/v2\/types\/properties"}],"author":[{"embeddable":true,"href":"https:\/\/arriendo.com\/co\/wp-json\/wp\/v2\/users\/9968"}],"version-history":[{"count":1,"href":"https:\/\/arriendo.com\/co\/wp-json\/wp\/v2\/properties\/505181\/revisions"}],"predecessor-version":[{"id":505182,"href":"https:\/\/arriendo.com\/co\/wp-json\/wp\/v2\/properties\/505181\/revisions\/505182"}],"wp:featuredmedia":[{"embeddable":true,"href":"https:\/\/arriendo.com\/co\/wp-json\/wp\/v2\/media\/505183"}],"wp:attachment":[{"href":"https:\/\/arriendo.com\/co\/wp-json\/wp\/v2\/media?parent=505181"}],"wp:term":[{"taxonomy":"es_location","embeddable":true,"href":"https:\/\/arriendo.com\/co\/wp-json\/wp\/v2\/es_locations?post=505181"},{"taxonomy":"es_category","embeddable":true,"href":"https:\/\/arriendo.com\/co\/wp-json\/wp\/v2\/es_categories?post=505181"},{"taxonomy":"es_type","embeddable":true,"href":"https:\/\/arriendo.com\/co\/wp-json\/wp\/v2\/es_types?post=505181"},{"taxonomy":"es_rent_period","embeddable":true,"href":"https:\/\/arriendo.com\/co\/wp-json\/wp\/v2\/es_rent_periods?post=505181"},{"taxonomy":"es_label","embeddable":true,"href":"https:\/\/arriendo.com\/co\/wp-json\/wp\/v2\/es_labels?post=505181"},{"taxonomy":"es_status","embeddable":true,"href":"https:\/\/arriendo.com\/co\/wp-json\/wp\/v2\/es_statuses?post=505181"},{"taxonomy":"es_parking","embeddable":true,"href":"https:\/\/arriendo.com\/co\/wp-json\/wp\/v2\/es_parkings?post=505181"},{"taxonomy":"es_roof","embeddable":true,"href":"https:\/\/arriendo.com\/co\/wp-json\/wp\/v2\/es_roofs?post=505181"},{"taxonomy":"es_exterior_material","embeddable":true,"href":"https:\/\/arriendo.com\/co\/wp-json\/wp\/v2\/es_exterior_materials?post=505181"},{"taxonomy":"es_basement","embeddable":true,"href":"https:\/\/arriendo.com\/co\/wp-json\/wp\/v2\/es_basements?post=505181"},{"taxonomy":"es_floor_covering","embeddable":true,"href":"https:\/\/arriendo.com\/co\/wp-json\/wp\/v2\/es_floor_coverings?post=505181"},{"taxonomy":"es_feature","embeddable":true,"href":"https:\/\/arriendo.com\/co\/wp-json\/wp\/v2\/es_features?post=505181"},{"taxonomy":"es_amenity","embeddable":true,"href":"https:\/\/arriendo.com\/co\/wp-json\/wp\/v2\/es_amenities?post=505181"},{"taxonomy":"es_neighborhood","embeddable":true,"href":"https:\/\/arriendo.com\/co\/wp-json\/wp\/v2\/es_neighborhoods?post=505181"},{"taxonomy":"es_tag","embeddable":true,"href":"https:\/\/arriendo.com\/co\/wp-json\/wp\/v2\/es_tags?post=505181"}],"curies":[{"name":"wp","href":"https:\/\/api.w.org\/{rel}","templated":true}]}}

<p>Arriendo lote&nbsp; esquinero en Cali, ubicado estratégicamente sobre toda la Carrera 1 con Calle 34, diagonal a Makro y a media cuadra del Centro Comercial La Estación. Área de 2870 m2, ideal para proyectos comerciales, logísticos, automotrices, institucionales o de servicios, con excelente visibilidad y conectividad. Canon de arrendamiento 23 millones mas IVA. Contrato a través de inmobiliaria.&nbsp;</p>

Arriendo lote&nbsp; esquinero en Cali, ubicado estratégicamente sobre toda la...
