{"id":503723,"date":"2026-08-26T03:20:33","date_gmt":"2026-08-26T08:20:33","guid":{"rendered":"https:\/\/arriendo.com\/co\/%es_type%\/cali\/juananbu\/oficina-grande-en-alquiler-brand-cali-edificio-the-c-city\/"},"modified":"2026-09-04T15:29:52","modified_gmt":"2026-09-04T20:29:52","slug":"AR-503723","status":"publish","type":"properties","link":"https:\/\/arriendo.com\/co\/oficinas\/cali\/juananbu\/AR-503723\/","title":{"rendered":"Oficina grande en alquiler \u2013 {{brand}} Cali, Edificio The C {{city}}"},"content":{"rendered":"<p>Oficina grande flexible en alquiler, dise\u00f1ada para {{capacity}} personas en {{brand}} Cali, Edificio The C.<\/p>\n<p>Un espacio de trabajo totalmente equipado con opciones de distribuci\u00f3n adaptables y apoyo profesional, listo para crecer con su negocio. Este amplio espacio de trabajo ofrece una soluci\u00f3n pr\u00e1ctica para equipos en crecimiento que necesitan espacio, flexibilidad y un entorno profesional.<\/p>\n<p>Puede elegir una configuraci\u00f3n que se adapte a la forma de trabajar de su equipo, ya sea una oficina m\u00e1s grande o una disposici\u00f3n dividida en varios espacios privados. La disponibilidad var\u00eda dentro del centro, y confirmaremos la mejor opci\u00f3n de distribuci\u00f3n para su equipo cuando solicite informaci\u00f3n.<\/p>\n<p>Qu\u00e9 incluye nuestro amplio espacio de oficina:<\/p>\n<p>\u2022 Opciones de distribuci\u00f3n flexible, incluidas oficinas conectadas o espacio de trabajo compartido para el equipo<br \/>\n    \u2022 Mobiliario ergon\u00f3mico de alta calidad<br \/>\n    \u2022 Wi-Fi seguro de nivel empresarial e internet de fibra de alta velocidad<br \/>\n    \u2022 Recepci\u00f3n profesional y apoyo administrativo, incluida la gesti\u00f3n de llamadas y correspondencia<br \/>\n    \u2022 Servicios b\u00e1sicos, limpieza, seguridad, calefacci\u00f3n y aire acondicionado incluidos<br \/>\n    \u2022 Acceso a salas de reuniones y espacios de conferencias disponibles por horas o por d\u00edas<br \/>\n    \u2022 Servicios compartidos, incluidas las \u00e1reas de cocina, \u00e1reas de caf\u00e9 y \u00e1reas de descanso profesionales<br \/>\n    \u2022 Uso de la red global de {{brand}} con miles de ubicaciones en todo el mundo<\/p>\n<p>Los acuerdos flexibles le permiten ajustar su espacio a medida que su equipo evoluciona. Ampl\u00ede dentro del centro, reconfigure su distribuci\u00f3n o trasl\u00e1dese a otra ubicaci\u00f3n de {{brand}} cuando cambien sus necesidades.<\/p>\n<p>Avenida 4 sit\u00faa su empresa en Cali\u2019s din\u00e1mico barrio Granada, rodeado de oficinas profesionales, industrias creativas y restaurantes de primer nivel. Coworking aqu\u00ed fomenta la colaboraci\u00f3n, mientras que las oficinas privadas ofrecen concentraci\u00f3n y profesionalismo. Cerca de Chipichape y Cl\u00ednica Imbanaco, es ideal para reuniones con clientes y para construir una s\u00f3lida presencia local.<\/p>\n<p>\u2022 Esta oferta incluye una oficina privada con servicios para equipos de hasta {{capacity}} personas y acceso a \u00e1reas compartidas y servicios del centro. La distribuci\u00f3n, el tama\u00f1o y el precio est\u00e1n sujetos a disponibilidad y pueden variar.<br \/>\n    \u2022 Todas las im\u00e1genes de este anuncio representan nuestra red y podr\u00edan no corresponder a esta ubicaci\u00f3n espec\u00edfica.<\/p>\n<p>Solicite informaci\u00f3n ahora y consulte la disponibilidad.<\/p>\n","protected":false},"excerpt":{"rendered":"Oficina grande flexible en alquiler, dise\u00f1ada para {{capacity}} personas en...","protected":false},"author":3363,"featured_media":503725,"template":"","es_locations":[179,418],"es_categories":[124],"es_types":[116],"es_rent_periods":[],"es_labels":[],"es_statuses":[],"es_parkings":[],"es_roofs":[],"es_exterior_materials":[],"es_basements":[],"es_floor_coverings":[],"es_features":[],"es_amenities":[],"es_neighborhoods":[],"es_tags":[],"class_list":["post-503723","properties","type-properties","status-publish","has-post-thumbnail","hentry","es_location-cali","es_location-colombia","es_category-arriendo","es_type-oficinas","es-post-entity"],"_links":{"self":[{"href":"https:\/\/arriendo.com\/co\/wp-json\/wp\/v2\/properties\/503723","targetHints":{"allow":["GET"]}}],"collection":[{"href":"https:\/\/arriendo.com\/co\/wp-json\/wp\/v2\/properties"}],"about":[{"href":"https:\/\/arriendo.com\/co\/wp-json\/wp\/v2\/types\/properties"}],"author":[{"embeddable":true,"href":"https:\/\/arriendo.com\/co\/wp-json\/wp\/v2\/users\/3363"}],"version-history":[{"count":1,"href":"https:\/\/arriendo.com\/co\/wp-json\/wp\/v2\/properties\/503723\/revisions"}],"predecessor-version":[{"id":503724,"href":"https:\/\/arriendo.com\/co\/wp-json\/wp\/v2\/properties\/503723\/revisions\/503724"}],"wp:featuredmedia":[{"embeddable":true,"href":"https:\/\/arriendo.com\/co\/wp-json\/wp\/v2\/media\/503725"}],"wp:attachment":[{"href":"https:\/\/arriendo.com\/co\/wp-json\/wp\/v2\/media?parent=503723"}],"wp:term":[{"taxonomy":"es_location","embeddable":true,"href":"https:\/\/arriendo.com\/co\/wp-json\/wp\/v2\/es_locations?post=503723"},{"taxonomy":"es_category","embeddable":true,"href":"https:\/\/arriendo.com\/co\/wp-json\/wp\/v2\/es_categories?post=503723"},{"taxonomy":"es_type","embeddable":true,"href":"https:\/\/arriendo.com\/co\/wp-json\/wp\/v2\/es_types?post=503723"},{"taxonomy":"es_rent_period","embeddable":true,"href":"https:\/\/arriendo.com\/co\/wp-json\/wp\/v2\/es_rent_periods?post=503723"},{"taxonomy":"es_label","embeddable":true,"href":"https:\/\/arriendo.com\/co\/wp-json\/wp\/v2\/es_labels?post=503723"},{"taxonomy":"es_status","embeddable":true,"href":"https:\/\/arriendo.com\/co\/wp-json\/wp\/v2\/es_statuses?post=503723"},{"taxonomy":"es_parking","embeddable":true,"href":"https:\/\/arriendo.com\/co\/wp-json\/wp\/v2\/es_parkings?post=503723"},{"taxonomy":"es_roof","embeddable":true,"href":"https:\/\/arriendo.com\/co\/wp-json\/wp\/v2\/es_roofs?post=503723"},{"taxonomy":"es_exterior_material","embeddable":true,"href":"https:\/\/arriendo.com\/co\/wp-json\/wp\/v2\/es_exterior_materials?post=503723"},{"taxonomy":"es_basement","embeddable":true,"href":"https:\/\/arriendo.com\/co\/wp-json\/wp\/v2\/es_basements?post=503723"},{"taxonomy":"es_floor_covering","embeddable":true,"href":"https:\/\/arriendo.com\/co\/wp-json\/wp\/v2\/es_floor_coverings?post=503723"},{"taxonomy":"es_feature","embeddable":true,"href":"https:\/\/arriendo.com\/co\/wp-json\/wp\/v2\/es_features?post=503723"},{"taxonomy":"es_amenity","embeddable":true,"href":"https:\/\/arriendo.com\/co\/wp-json\/wp\/v2\/es_amenities?post=503723"},{"taxonomy":"es_neighborhood","embeddable":true,"href":"https:\/\/arriendo.com\/co\/wp-json\/wp\/v2\/es_neighborhoods?post=503723"},{"taxonomy":"es_tag","embeddable":true,"href":"https:\/\/arriendo.com\/co\/wp-json\/wp\/v2\/es_tags?post=503723"}],"curies":[{"name":"wp","href":"https:\/\/api.w.org\/{rel}","templated":true}]}}

<p>Oficina grande flexible en alquiler, diseñada para {{capacity}} personas en {{brand}} Cali, Edificio The C.</p>
<p>Un espacio de trabajo totalmente equipado con opciones de distribución adaptables y apoyo profesional, listo para crecer con su negocio. Este amplio espacio de trabajo ofrece una solución práctica para equipos en crecimiento que necesitan espacio, flexibilidad y un entorno profesional.</p>
<p>Puede elegir una configuración que se adapte a la forma de trabajar de su equipo, ya sea una oficina más grande o una disposición dividida en varios espacios privados. La disponibilidad varía dentro del centro, y confirmaremos la mejor opción de distribución para su equipo cuando solicite información.</p>
<p>Qué incluye nuestro amplio espacio de oficina:</p>
<p>• Opciones de distribución flexible, incluidas oficinas conectadas o espacio de trabajo compartido para el equipo<br />
    • Mobiliario ergonómico de alta calidad<br />
    • Wi-Fi seguro de nivel empresarial e internet de fibra de alta velocidad<br />
    • Recepción profesional y apoyo administrativo, incluida la gestión de llamadas y correspondencia<br />
    • Servicios básicos, limpieza, seguridad, calefacción y aire acondicionado incluidos<br />
    • Acceso a salas de reuniones y espacios de conferencias disponibles por horas o por días<br />
    • Servicios compartidos, incluidas las áreas de cocina, áreas de café y áreas de descanso profesionales<br />
    • Uso de la red global de {{brand}} con miles de ubicaciones en todo el mundo</p>
<p>Los acuerdos flexibles le permiten ajustar su espacio a medida que su equipo evoluciona. Amplíe dentro del centro, reconfigure su distribución o trasládese a otra ubicación de {{brand}} cuando cambien sus necesidades.</p>
<p>Avenida 4 sitúa su empresa en Cali’s dinámico barrio Granada, rodeado de oficinas profesionales, industrias creativas y restaurantes de primer nivel. Coworking aquí fomenta la colaboración, mientras que las oficinas privadas ofrecen concentración y profesionalismo. Cerca de Chipichape y Clínica Imbanaco, es ideal para reuniones con clientes y para construir una sólida presencia local.</p>
<p>• Esta oferta incluye una oficina privada con servicios para equipos de hasta {{capacity}} personas y acceso a áreas compartidas y servicios del centro. La distribución, el tamaño y el precio están sujetos a disponibilidad y pueden variar.<br />
    • Todas las imágenes de este anuncio representan nuestra red y podrían no corresponder a esta ubicación específica.</p>
<p>Solicite información ahora y consulte la disponibilidad.</p>

Oficina grande flexible en alquiler, diseñada para {{capacity}} personas en...
