{"id":503646,"date":"2026-08-26T03:19:11","date_gmt":"2026-08-26T08:19:11","guid":{"rendered":"https:\/\/arriendo.com\/co\/%es_type%\/cali\/juananbu\/oficina-privada-en-alquiler-brand-cali-edificio-the-c-en-city\/"},"modified":"2026-09-01T03:08:25","modified_gmt":"2026-09-01T08:08:25","slug":"AR-503646","status":"publish","type":"properties","link":"https:\/\/arriendo.com\/co\/oficinas\/cali\/juananbu\/AR-503646\/","title":{"rendered":"Oficina privada en alquiler \u2013 {{brand}} Cali, Edificio The C en {{city}}"},"content":{"rendered":"<p>Una oficina privada totalmente equipada para {{capacity}} persona, lista desde el primer d\u00eda.<\/p>\n<p>Trabaje con concentraci\u00f3n y privacidad en una oficina profesional en alquiler que se adapta al crecimiento de su negocio. Ubicada en {{brand}} Cali, Edificio The C, esta oficina est\u00e1 dise\u00f1ada para empresas que necesitan un espacio de trabajo cerrado y seguro con condiciones flexibles.<\/p>\n<p>Esta oficina equipada se encuentra en un edificio de oficinas administrado por profesionales y est\u00e1 pensada para impulsar la productividad sin compromisos a largo plazo.<\/p>\n<p>Qu\u00e9 incluye su oficina privada:<\/p>\n<p>\u2022 Mobiliario ergon\u00f3mico de alta calidad incluido<br \/>\n    \u2022 Wi-Fi seguro de nivel empresarial e internet de fibra de alta velocidad<br \/>\n    \u2022 Soporte inform\u00e1tico profesional y asistencia en el centro<br \/>\n    \u2022 Impresoras, esc\u00e1neres y apoyo administrativo<br \/>\n    \u2022 Servicios de recepci\u00f3n con atenci\u00f3n de llamadas y gesti\u00f3n de correspondencia<\/p>\n<p>Espacio de oficina flexible que crece con usted:<\/p>\n<p>\u2022 Ampl\u00ede o reduzca el tama\u00f1o de su oficina a medida que su equipo evoluciona<br \/>\n    \u2022 Opci\u00f3n de trasladarse dentro de la red {{brand}} si lo necesita<br \/>\n    \u2022 Condiciones flexibles sin compromisos de alquiler a largo plazo<br \/>\n    \u2022 Adecuada para equipos peque\u00f1os hoy y oficinas para equipos m\u00e1s grandes ma\u00f1ana<\/p>\n<p>Mucho m\u00e1s que una oficina:<\/p>\n<p>\u2022 Acceso a salas de reuniones e instalaciones para conferencias<br \/>\n    \u2022 \u00c1reas de descanso profesionales para reuniones informales<br \/>\n    \u2022 Cocina y \u00e1reas de caf\u00e9<br \/>\n    \u2022 Oportunidades para ampliar su red de contactos y eventos de la comunidad<br \/>\n    \u2022 Reservas sencillas y gesti\u00f3n sencilla de la cuenta<br \/>\nTodos los servicios est\u00e1n incluidos en una cuota mensual predecible: servicios b\u00e1sicos, limpieza, seguridad, calefacci\u00f3n y aire acondicionado, sin costos de instalaci\u00f3n ni costos ocultos.<\/p>\n<p>Avenida 4 sit\u00faa su empresa en Cali\u2019s din\u00e1mico barrio Granada, rodeado de oficinas profesionales, industrias creativas y restaurantes de primer nivel. Coworking aqu\u00ed fomenta la colaboraci\u00f3n, mientras que las oficinas privadas ofrecen concentraci\u00f3n y profesionalismo. Cerca de Chipichape y Cl\u00ednica Imbanaco, es ideal para reuniones con clientes y para construir una s\u00f3lida presencia local.<\/p>\n<p>\u2022 Esta oferta incluye una oficina privada con servicios para {{capacity}} persona y acceso a \u00e1reas compartidas, incluidas salas de reuniones, un \u00e1rea abierta de coworking, \u00e1reas de descanso, \u00e1reas de caf\u00e9, recepci\u00f3n y equipamiento de oficina. El tama\u00f1o de las oficinas y los precios est\u00e1n sujetos a disponibilidad y pueden variar.<br \/>\n    \u2022 Todas las im\u00e1genes de este anuncio representan nuestra red y podr\u00edan no corresponder a esta ubicaci\u00f3n espec\u00edfica.<\/p>\n<p>Solicite informaci\u00f3n hoy mismo y reserve su oficina.<\/p>\n","protected":false},"excerpt":{"rendered":"Una oficina privada totalmente equipada para {{capacity}} persona, lista desde...","protected":false},"author":3363,"featured_media":503648,"template":"","es_locations":[179,418],"es_categories":[124],"es_types":[116],"es_rent_periods":[],"es_labels":[],"es_statuses":[],"es_parkings":[],"es_roofs":[],"es_exterior_materials":[],"es_basements":[],"es_floor_coverings":[],"es_features":[],"es_amenities":[],"es_neighborhoods":[],"es_tags":[],"class_list":["post-503646","properties","type-properties","status-publish","has-post-thumbnail","hentry","es_location-cali","es_location-colombia","es_category-arriendo","es_type-oficinas","es-post-entity"],"_links":{"self":[{"href":"https:\/\/arriendo.com\/co\/wp-json\/wp\/v2\/properties\/503646","targetHints":{"allow":["GET"]}}],"collection":[{"href":"https:\/\/arriendo.com\/co\/wp-json\/wp\/v2\/properties"}],"about":[{"href":"https:\/\/arriendo.com\/co\/wp-json\/wp\/v2\/types\/properties"}],"author":[{"embeddable":true,"href":"https:\/\/arriendo.com\/co\/wp-json\/wp\/v2\/users\/3363"}],"version-history":[{"count":1,"href":"https:\/\/arriendo.com\/co\/wp-json\/wp\/v2\/properties\/503646\/revisions"}],"predecessor-version":[{"id":503647,"href":"https:\/\/arriendo.com\/co\/wp-json\/wp\/v2\/properties\/503646\/revisions\/503647"}],"wp:featuredmedia":[{"embeddable":true,"href":"https:\/\/arriendo.com\/co\/wp-json\/wp\/v2\/media\/503648"}],"wp:attachment":[{"href":"https:\/\/arriendo.com\/co\/wp-json\/wp\/v2\/media?parent=503646"}],"wp:term":[{"taxonomy":"es_location","embeddable":true,"href":"https:\/\/arriendo.com\/co\/wp-json\/wp\/v2\/es_locations?post=503646"},{"taxonomy":"es_category","embeddable":true,"href":"https:\/\/arriendo.com\/co\/wp-json\/wp\/v2\/es_categories?post=503646"},{"taxonomy":"es_type","embeddable":true,"href":"https:\/\/arriendo.com\/co\/wp-json\/wp\/v2\/es_types?post=503646"},{"taxonomy":"es_rent_period","embeddable":true,"href":"https:\/\/arriendo.com\/co\/wp-json\/wp\/v2\/es_rent_periods?post=503646"},{"taxonomy":"es_label","embeddable":true,"href":"https:\/\/arriendo.com\/co\/wp-json\/wp\/v2\/es_labels?post=503646"},{"taxonomy":"es_status","embeddable":true,"href":"https:\/\/arriendo.com\/co\/wp-json\/wp\/v2\/es_statuses?post=503646"},{"taxonomy":"es_parking","embeddable":true,"href":"https:\/\/arriendo.com\/co\/wp-json\/wp\/v2\/es_parkings?post=503646"},{"taxonomy":"es_roof","embeddable":true,"href":"https:\/\/arriendo.com\/co\/wp-json\/wp\/v2\/es_roofs?post=503646"},{"taxonomy":"es_exterior_material","embeddable":true,"href":"https:\/\/arriendo.com\/co\/wp-json\/wp\/v2\/es_exterior_materials?post=503646"},{"taxonomy":"es_basement","embeddable":true,"href":"https:\/\/arriendo.com\/co\/wp-json\/wp\/v2\/es_basements?post=503646"},{"taxonomy":"es_floor_covering","embeddable":true,"href":"https:\/\/arriendo.com\/co\/wp-json\/wp\/v2\/es_floor_coverings?post=503646"},{"taxonomy":"es_feature","embeddable":true,"href":"https:\/\/arriendo.com\/co\/wp-json\/wp\/v2\/es_features?post=503646"},{"taxonomy":"es_amenity","embeddable":true,"href":"https:\/\/arriendo.com\/co\/wp-json\/wp\/v2\/es_amenities?post=503646"},{"taxonomy":"es_neighborhood","embeddable":true,"href":"https:\/\/arriendo.com\/co\/wp-json\/wp\/v2\/es_neighborhoods?post=503646"},{"taxonomy":"es_tag","embeddable":true,"href":"https:\/\/arriendo.com\/co\/wp-json\/wp\/v2\/es_tags?post=503646"}],"curies":[{"name":"wp","href":"https:\/\/api.w.org\/{rel}","templated":true}]}}

<p>Una oficina privada totalmente equipada para {{capacity}} persona, lista desde el primer día.</p>
<p>Trabaje con concentración y privacidad en una oficina profesional en alquiler que se adapta al crecimiento de su negocio. Ubicada en {{brand}} Cali, Edificio The C, esta oficina está diseñada para empresas que necesitan un espacio de trabajo cerrado y seguro con condiciones flexibles.</p>
<p>Esta oficina equipada se encuentra en un edificio de oficinas administrado por profesionales y está pensada para impulsar la productividad sin compromisos a largo plazo.</p>
<p>Qué incluye su oficina privada:</p>
<p>• Mobiliario ergonómico de alta calidad incluido<br />
    • Wi-Fi seguro de nivel empresarial e internet de fibra de alta velocidad<br />
    • Soporte informático profesional y asistencia en el centro<br />
    • Impresoras, escáneres y apoyo administrativo<br />
    • Servicios de recepción con atención de llamadas y gestión de correspondencia</p>
<p>Espacio de oficina flexible que crece con usted:</p>
<p>• Amplíe o reduzca el tamaño de su oficina a medida que su equipo evoluciona<br />
    • Opción de trasladarse dentro de la red {{brand}} si lo necesita<br />
    • Condiciones flexibles sin compromisos de alquiler a largo plazo<br />
    • Adecuada para equipos pequeños hoy y oficinas para equipos más grandes mañana</p>
<p>Mucho más que una oficina:</p>
<p>• Acceso a salas de reuniones e instalaciones para conferencias<br />
    • Áreas de descanso profesionales para reuniones informales<br />
    • Cocina y áreas de café<br />
    • Oportunidades para ampliar su red de contactos y eventos de la comunidad<br />
    • Reservas sencillas y gestión sencilla de la cuenta<br />
Todos los servicios están incluidos en una cuota mensual predecible: servicios básicos, limpieza, seguridad, calefacción y aire acondicionado, sin costos de instalación ni costos ocultos.</p>
<p>Avenida 4 sitúa su empresa en Cali’s dinámico barrio Granada, rodeado de oficinas profesionales, industrias creativas y restaurantes de primer nivel. Coworking aquí fomenta la colaboración, mientras que las oficinas privadas ofrecen concentración y profesionalismo. Cerca de Chipichape y Clínica Imbanaco, es ideal para reuniones con clientes y para construir una sólida presencia local.</p>
<p>• Esta oferta incluye una oficina privada con servicios para {{capacity}} persona y acceso a áreas compartidas, incluidas salas de reuniones, un área abierta de coworking, áreas de descanso, áreas de café, recepción y equipamiento de oficina. El tamaño de las oficinas y los precios están sujetos a disponibilidad y pueden variar.<br />
    • Todas las imágenes de este anuncio representan nuestra red y podrían no corresponder a esta ubicación específica.</p>
<p>Solicite información hoy mismo y reserve su oficina.</p>
