{"id":503465,"date":"2026-08-26T00:00:15","date_gmt":"2026-08-26T05:00:15","guid":{"rendered":"https:\/\/arriendo.com\/co\/%es_type%\/cali\/pance\/apartaestudio-alquiler-zento-75-pance-sur-cali\/"},"modified":"2026-08-26T00:00:17","modified_gmt":"2026-08-26T05:00:17","slug":"AR-503465","status":"publish","type":"properties","link":"https:\/\/arriendo.com\/co\/apartamentos\/cali\/pance\/AR-503465\/","title":{"rendered":"APARTAESTUDIO ALQUILER ZENTO 75 PANCE SUR CALI"},"content":{"rendered":"<p>Estamos en Pance en la carrera 115, donde disfrutar\u00e1s de un entorno rodeado de naturaleza sin alejarte de los beneficios de la ciudad. Con espacios privados, piscina y lujosas terrazas, aqu\u00ed encuentras un estilo de vida excepcional. Adem\u00e1s, estar\u00e1s cerca de universidades, restaurantes y todo lo que el sur de Cali tiene para ofrecer, con un crecimiento constante y muchas actividades para disfrutar. Recuerda: En Zento 75, podr\u00e1s disfrutar de la zona de reserva ambiental contigua al proyecto, aprovechando ese hermoso paisaje, que junto al maravilloso tel\u00f3n de fondo que brindan los Farallones crean una experiencia \u00fanica. El proyecto se conforma por 1 torre de 13 pisos, con un gran patio central, el cual, adem\u00e1s de servir como zona de estancia y encuentro en el primer piso, brinda una de las mejores vistas hacia los Farallones y en la inmediatez, los hermosos samanes ubicados al interior del lote. El edificio cuenta con un total de 77 exclusivos apartamentos, 73 de ellos con \u00e1reas de 64, 65 y 75 m2 ubicados del piso 1 al piso 12, los apartamentos de primer piso cuentan con fant\u00e1sticas terrazas y en el piso 13 se encuentran 4 apartamentos de 94m2 con terraza cada uno.<\/p>\n","protected":false},"excerpt":{"rendered":"Estamos en Pance en la carrera 115, donde disfrutar\u00e1s de...","protected":false},"author":2014,"featured_media":503467,"template":"","es_locations":[179,418,3744],"es_categories":[124],"es_types":[114],"es_rent_periods":[],"es_labels":[],"es_statuses":[],"es_parkings":[],"es_roofs":[],"es_exterior_materials":[],"es_basements":[],"es_floor_coverings":[],"es_features":[],"es_amenities":[],"es_neighborhoods":[],"es_tags":[],"class_list":["post-503465","properties","type-properties","status-publish","has-post-thumbnail","hentry","es_location-cali","es_location-colombia","es_location-valle-del-cauca","es_category-arriendo","es_type-apartamentos","es-post-entity"],"_links":{"self":[{"href":"https:\/\/arriendo.com\/co\/wp-json\/wp\/v2\/properties\/503465","targetHints":{"allow":["GET"]}}],"collection":[{"href":"https:\/\/arriendo.com\/co\/wp-json\/wp\/v2\/properties"}],"about":[{"href":"https:\/\/arriendo.com\/co\/wp-json\/wp\/v2\/types\/properties"}],"author":[{"embeddable":true,"href":"https:\/\/arriendo.com\/co\/wp-json\/wp\/v2\/users\/2014"}],"version-history":[{"count":1,"href":"https:\/\/arriendo.com\/co\/wp-json\/wp\/v2\/properties\/503465\/revisions"}],"predecessor-version":[{"id":503466,"href":"https:\/\/arriendo.com\/co\/wp-json\/wp\/v2\/properties\/503465\/revisions\/503466"}],"wp:featuredmedia":[{"embeddable":true,"href":"https:\/\/arriendo.com\/co\/wp-json\/wp\/v2\/media\/503467"}],"wp:attachment":[{"href":"https:\/\/arriendo.com\/co\/wp-json\/wp\/v2\/media?parent=503465"}],"wp:term":[{"taxonomy":"es_location","embeddable":true,"href":"https:\/\/arriendo.com\/co\/wp-json\/wp\/v2\/es_locations?post=503465"},{"taxonomy":"es_category","embeddable":true,"href":"https:\/\/arriendo.com\/co\/wp-json\/wp\/v2\/es_categories?post=503465"},{"taxonomy":"es_type","embeddable":true,"href":"https:\/\/arriendo.com\/co\/wp-json\/wp\/v2\/es_types?post=503465"},{"taxonomy":"es_rent_period","embeddable":true,"href":"https:\/\/arriendo.com\/co\/wp-json\/wp\/v2\/es_rent_periods?post=503465"},{"taxonomy":"es_label","embeddable":true,"href":"https:\/\/arriendo.com\/co\/wp-json\/wp\/v2\/es_labels?post=503465"},{"taxonomy":"es_status","embeddable":true,"href":"https:\/\/arriendo.com\/co\/wp-json\/wp\/v2\/es_statuses?post=503465"},{"taxonomy":"es_parking","embeddable":true,"href":"https:\/\/arriendo.com\/co\/wp-json\/wp\/v2\/es_parkings?post=503465"},{"taxonomy":"es_roof","embeddable":true,"href":"https:\/\/arriendo.com\/co\/wp-json\/wp\/v2\/es_roofs?post=503465"},{"taxonomy":"es_exterior_material","embeddable":true,"href":"https:\/\/arriendo.com\/co\/wp-json\/wp\/v2\/es_exterior_materials?post=503465"},{"taxonomy":"es_basement","embeddable":true,"href":"https:\/\/arriendo.com\/co\/wp-json\/wp\/v2\/es_basements?post=503465"},{"taxonomy":"es_floor_covering","embeddable":true,"href":"https:\/\/arriendo.com\/co\/wp-json\/wp\/v2\/es_floor_coverings?post=503465"},{"taxonomy":"es_feature","embeddable":true,"href":"https:\/\/arriendo.com\/co\/wp-json\/wp\/v2\/es_features?post=503465"},{"taxonomy":"es_amenity","embeddable":true,"href":"https:\/\/arriendo.com\/co\/wp-json\/wp\/v2\/es_amenities?post=503465"},{"taxonomy":"es_neighborhood","embeddable":true,"href":"https:\/\/arriendo.com\/co\/wp-json\/wp\/v2\/es_neighborhoods?post=503465"},{"taxonomy":"es_tag","embeddable":true,"href":"https:\/\/arriendo.com\/co\/wp-json\/wp\/v2\/es_tags?post=503465"}],"curies":[{"name":"wp","href":"https:\/\/api.w.org\/{rel}","templated":true}]}}

<p>Estamos en Pance en la carrera 115, donde disfrutarás de un entorno rodeado de naturaleza sin alejarte de los beneficios de la ciudad. Con espacios privados, piscina y lujosas terrazas, aquí encuentras un estilo de vida excepcional. Además, estarás cerca de universidades, restaurantes y todo lo que el sur de Cali tiene para ofrecer, con un crecimiento constante y muchas actividades para disfrutar. Recuerda: En Zento 75, podrás disfrutar de la zona de reserva ambiental contigua al proyecto, aprovechando ese hermoso paisaje, que junto al maravilloso telón de fondo que brindan los Farallones crean una experiencia única. El proyecto se conforma por 1 torre de 13 pisos, con un gran patio central, el cual, además de servir como zona de estancia y encuentro en el primer piso, brinda una de las mejores vistas hacia los Farallones y en la inmediatez, los hermosos samanes ubicados al interior del lote. El edificio cuenta con un total de 77 exclusivos apartamentos, 73 de ellos con áreas de 64, 65 y 75 m2 ubicados del piso 1 al piso 12, los apartamentos de primer piso cuentan con fantásticas terrazas y en el piso 13 se encuentran 4 apartamentos de 94m2 con terraza cada uno.</p>

Estamos en Pance en la carrera 115, donde disfrutarás de...
