{"id":500679,"date":"2026-08-19T22:43:27","date_gmt":"2026-08-20T03:43:27","guid":{"rendered":"https:\/\/arriendo.com\/co\/%es_type%\/barranquilla\/ciudad-de-mallorquin\/\/"},"modified":"2026-08-19T22:43:27","modified_gmt":"2026-08-20T03:43:27","slug":"AR-500679","status":"publish","type":"properties","link":"https:\/\/arriendo.com\/co\/apartamentos\/barranquilla\/ciudad-de-mallorquin\/AR-500679\/","title":{"rendered":"Apartamento en arriendo en Amore-Ciudad Mallorqu\u00edn"},"content":{"rendered":"<p>Descubre la comodidad y tranquilidad que te ofrece este moderno apartamento ubicado en una de las zonas m\u00e1s exclusivas de la ciudad de Mallorquin. Con un \u00e1rea total de 57.0 metros cuadrados, este inmueble cuenta con una distribuci\u00f3n inteligente y funcional, lo que lo convierte en una excelente opci\u00f3n para aquellos que buscan un espacio acogedor y bien distribuido para vivir. Este hermoso apartamento cuenta con 2 habitaciones y 2 ba\u00f1os completos, ideal para una familia peque\u00f1a o para parejas que deseen tener un espacio adicional para recibir a amigos o familiares. Ambas alcobas tienen armarios empotrados, garantizando el almacenamiento adecuado de tus pertenencias y manteniendo el orden en todo momento. Una de las grandes ventajas de este apartamento es que admite mascotas, por lo que podr\u00e1s disfrutar de la compa\u00f1\u00eda de tu mejor amigo peludo sin preocuparte por restricciones. Adem\u00e1s, cuenta con varias caracter\u00edsticas internas que brindan una mayor comodidad, como aire acondicionado, cocina integral, lavaplatos, entre otros. Por fuera, este apartamento est\u00e1 ubicado en una urbanizaci\u00f3n cerrada con acceso pavimentado, brindando seguridad y tranquilidad a sus residentes. Adem\u00e1s, cuenta con una gran variedad de \u00e1reas sociales y tur\u00edsticas para el disfrute de toda la familia, como piscina, gimnasio, canchas de baloncesto y f\u00fatbol, kiosko, zona infantil y mucho m\u00e1s. Otra ventaja es su cercan\u00eda a colegios, universidades, restaurantes y tiendas de barrio, facilitando el acceso a servicios y comercios b\u00e1sicos. Adem\u00e1s, se encuentra en una zona residencial rodeada de parques y jardines, ideal para aquellos que buscan un ambiente tranquilo y natural. No te preocupes por los servicios b\u00e1sicos, ya que este apartamento cuenta con luz durante todo el d\u00eda gracias a su ubicaci\u00f3n estrat\u00e9gica, y tambi\u00e9n dispone de sistema de riego y tanques de agua en caso de alguna emergencia. \u00a1Incluso cuenta con planta el\u00e9ctrica para garantizar el suministro en caso de cortes de luz! \u00a1No pierdas la oportunidad de vivir en este acogedor apartamento y disfrutar de la tranquilidad y comodidad que brinda su ubicaci\u00f3n y sus excelentes caracter\u00edsticas! Ponte en contacto con nosotros ahora mismo y agenda una visita para conocer este inmueble de ensue\u00f1o. \u00a1Te esperamos!<\/p>\n","protected":false},"excerpt":{"rendered":"Descubre la comodidad y tranquilidad que te ofrece este moderno...","protected":false},"author":9032,"featured_media":500681,"template":"","es_locations":[81,281,418],"es_categories":[124],"es_types":[114],"es_rent_periods":[],"es_labels":[],"es_statuses":[],"es_parkings":[],"es_roofs":[],"es_exterior_materials":[],"es_basements":[],"es_floor_coverings":[],"es_features":[],"es_amenities":[],"es_neighborhoods":[],"es_tags":[],"class_list":["post-500679","properties","type-properties","status-publish","has-post-thumbnail","hentry","es_location-atlantico","es_location-barranquilla","es_location-colombia","es_category-arriendo","es_type-apartamentos","es-post-entity"],"_links":{"self":[{"href":"https:\/\/arriendo.com\/co\/wp-json\/wp\/v2\/properties\/500679","targetHints":{"allow":["GET"]}}],"collection":[{"href":"https:\/\/arriendo.com\/co\/wp-json\/wp\/v2\/properties"}],"about":[{"href":"https:\/\/arriendo.com\/co\/wp-json\/wp\/v2\/types\/properties"}],"author":[{"embeddable":true,"href":"https:\/\/arriendo.com\/co\/wp-json\/wp\/v2\/users\/9032"}],"version-history":[{"count":1,"href":"https:\/\/arriendo.com\/co\/wp-json\/wp\/v2\/properties\/500679\/revisions"}],"predecessor-version":[{"id":500680,"href":"https:\/\/arriendo.com\/co\/wp-json\/wp\/v2\/properties\/500679\/revisions\/500680"}],"wp:featuredmedia":[{"embeddable":true,"href":"https:\/\/arriendo.com\/co\/wp-json\/wp\/v2\/media\/500681"}],"wp:attachment":[{"href":"https:\/\/arriendo.com\/co\/wp-json\/wp\/v2\/media?parent=500679"}],"wp:term":[{"taxonomy":"es_location","embeddable":true,"href":"https:\/\/arriendo.com\/co\/wp-json\/wp\/v2\/es_locations?post=500679"},{"taxonomy":"es_category","embeddable":true,"href":"https:\/\/arriendo.com\/co\/wp-json\/wp\/v2\/es_categories?post=500679"},{"taxonomy":"es_type","embeddable":true,"href":"https:\/\/arriendo.com\/co\/wp-json\/wp\/v2\/es_types?post=500679"},{"taxonomy":"es_rent_period","embeddable":true,"href":"https:\/\/arriendo.com\/co\/wp-json\/wp\/v2\/es_rent_periods?post=500679"},{"taxonomy":"es_label","embeddable":true,"href":"https:\/\/arriendo.com\/co\/wp-json\/wp\/v2\/es_labels?post=500679"},{"taxonomy":"es_status","embeddable":true,"href":"https:\/\/arriendo.com\/co\/wp-json\/wp\/v2\/es_statuses?post=500679"},{"taxonomy":"es_parking","embeddable":true,"href":"https:\/\/arriendo.com\/co\/wp-json\/wp\/v2\/es_parkings?post=500679"},{"taxonomy":"es_roof","embeddable":true,"href":"https:\/\/arriendo.com\/co\/wp-json\/wp\/v2\/es_roofs?post=500679"},{"taxonomy":"es_exterior_material","embeddable":true,"href":"https:\/\/arriendo.com\/co\/wp-json\/wp\/v2\/es_exterior_materials?post=500679"},{"taxonomy":"es_basement","embeddable":true,"href":"https:\/\/arriendo.com\/co\/wp-json\/wp\/v2\/es_basements?post=500679"},{"taxonomy":"es_floor_covering","embeddable":true,"href":"https:\/\/arriendo.com\/co\/wp-json\/wp\/v2\/es_floor_coverings?post=500679"},{"taxonomy":"es_feature","embeddable":true,"href":"https:\/\/arriendo.com\/co\/wp-json\/wp\/v2\/es_features?post=500679"},{"taxonomy":"es_amenity","embeddable":true,"href":"https:\/\/arriendo.com\/co\/wp-json\/wp\/v2\/es_amenities?post=500679"},{"taxonomy":"es_neighborhood","embeddable":true,"href":"https:\/\/arriendo.com\/co\/wp-json\/wp\/v2\/es_neighborhoods?post=500679"},{"taxonomy":"es_tag","embeddable":true,"href":"https:\/\/arriendo.com\/co\/wp-json\/wp\/v2\/es_tags?post=500679"}],"curies":[{"name":"wp","href":"https:\/\/api.w.org\/{rel}","templated":true}]}}

Apartamento en arriendo en Amore-Ciudad Mallorquín

<p>Descubre la comodidad y tranquilidad que te ofrece este moderno apartamento ubicado en una de las zonas más exclusivas de la ciudad de Mallorquin. Con un área total de 57.0 metros cuadrados, este inmueble cuenta con una distribución inteligente y funcional, lo que lo convierte en una excelente opción para aquellos que buscan un espacio acogedor y bien distribuido para vivir. Este hermoso apartamento cuenta con 2 habitaciones y 2 baños completos, ideal para una familia pequeña o para parejas que deseen tener un espacio adicional para recibir a amigos o familiares. Ambas alcobas tienen armarios empotrados, garantizando el almacenamiento adecuado de tus pertenencias y manteniendo el orden en todo momento. Una de las grandes ventajas de este apartamento es que admite mascotas, por lo que podrás disfrutar de la compañía de tu mejor amigo peludo sin preocuparte por restricciones. Además, cuenta con varias características internas que brindan una mayor comodidad, como aire acondicionado, cocina integral, lavaplatos, entre otros. Por fuera, este apartamento está ubicado en una urbanización cerrada con acceso pavimentado, brindando seguridad y tranquilidad a sus residentes. Además, cuenta con una gran variedad de áreas sociales y turísticas para el disfrute de toda la familia, como piscina, gimnasio, canchas de baloncesto y fútbol, kiosko, zona infantil y mucho más. Otra ventaja es su cercanía a colegios, universidades, restaurantes y tiendas de barrio, facilitando el acceso a servicios y comercios básicos. Además, se encuentra en una zona residencial rodeada de parques y jardines, ideal para aquellos que buscan un ambiente tranquilo y natural. No te preocupes por los servicios básicos, ya que este apartamento cuenta con luz durante todo el día gracias a su ubicación estratégica, y también dispone de sistema de riego y tanques de agua en caso de alguna emergencia. ¡Incluso cuenta con planta eléctrica para garantizar el suministro en caso de cortes de luz! ¡No pierdas la oportunidad de vivir en este acogedor apartamento y disfrutar de la tranquilidad y comodidad que brinda su ubicación y sus excelentes características! Ponte en contacto con nosotros ahora mismo y agenda una visita para conocer este inmueble de ensueño. ¡Te esperamos!</p>
