{"id":49998,"date":"2025-03-07T09:39:09","date_gmt":"2025-03-07T14:39:09","guid":{"rendered":"https:\/\/arriendo.com\/co\/%es_type%\/bogota\/montevideo\/vqw1Wu5H0\/"},"modified":"2025-10-16T17:24:04","modified_gmt":"2025-10-16T22:24:04","slug":"ar-49998","status":"publish","type":"properties","link":"https:\/\/arriendo.com\/co\/locales\/bogota\/montevideo\/ar-49998\/","title":{"rendered":"LOCAL ESQUINERO Y COMERCIAL EN ARRIENDO, MONTEVIDEO"},"content":{"rendered":"<p>Arriendo magn\u00edfico local comercial esquinero para uso mixto, con \u00e1rea total construida de 920\u00a0m\u00b2, distribuidos en dos niveles, primer nivel 500\u00a0m\u00b2 y segundo 420\u00a0m\u00b2. \u00a0Excelente ubicaci\u00f3n, a media cuadra de la Av. Boyac\u00e1, cuenta con pisos en cer\u00e1mica en el primer nivel y pisos laminados en segundo nivel. Bater\u00edas de ba\u00f1os para damas y caballeros. Dos salones amplios en cada nivel, con algunas divisiones que se pueden remover y adecuar a la necesidad del cliente.<\/p>\n","protected":false},"excerpt":{"rendered":"Arriendo magn\u00edfico local comercial esquinero para uso mixto, con \u00e1rea...","protected":false},"author":2482,"featured_media":0,"template":"","es_locations":[110,418,91,759],"es_categories":[124],"es_types":[117],"es_rent_periods":[],"es_labels":[],"es_statuses":[],"es_parkings":[],"es_roofs":[],"es_exterior_materials":[],"es_basements":[],"es_floor_coverings":[],"es_features":[],"es_amenities":[],"es_neighborhoods":[],"es_tags":[],"class_list":["post-49998","properties","type-properties","status-publish","hentry","es_location-bogota","es_location-colombia","es_location-cundinamarca","es_location-montevideo","es_category-arriendo","es_type-locales","es-post-entity"],"_links":{"self":[{"href":"https:\/\/arriendo.com\/co\/wp-json\/wp\/v2\/properties\/49998","targetHints":{"allow":["GET"]}}],"collection":[{"href":"https:\/\/arriendo.com\/co\/wp-json\/wp\/v2\/properties"}],"about":[{"href":"https:\/\/arriendo.com\/co\/wp-json\/wp\/v2\/types\/properties"}],"author":[{"embeddable":true,"href":"https:\/\/arriendo.com\/co\/wp-json\/wp\/v2\/users\/2482"}],"version-history":[{"count":0,"href":"https:\/\/arriendo.com\/co\/wp-json\/wp\/v2\/properties\/49998\/revisions"}],"wp:attachment":[{"href":"https:\/\/arriendo.com\/co\/wp-json\/wp\/v2\/media?parent=49998"}],"wp:term":[{"taxonomy":"es_location","embeddable":true,"href":"https:\/\/arriendo.com\/co\/wp-json\/wp\/v2\/es_locations?post=49998"},{"taxonomy":"es_category","embeddable":true,"href":"https:\/\/arriendo.com\/co\/wp-json\/wp\/v2\/es_categories?post=49998"},{"taxonomy":"es_type","embeddable":true,"href":"https:\/\/arriendo.com\/co\/wp-json\/wp\/v2\/es_types?post=49998"},{"taxonomy":"es_rent_period","embeddable":true,"href":"https:\/\/arriendo.com\/co\/wp-json\/wp\/v2\/es_rent_periods?post=49998"},{"taxonomy":"es_label","embeddable":true,"href":"https:\/\/arriendo.com\/co\/wp-json\/wp\/v2\/es_labels?post=49998"},{"taxonomy":"es_status","embeddable":true,"href":"https:\/\/arriendo.com\/co\/wp-json\/wp\/v2\/es_statuses?post=49998"},{"taxonomy":"es_parking","embeddable":true,"href":"https:\/\/arriendo.com\/co\/wp-json\/wp\/v2\/es_parkings?post=49998"},{"taxonomy":"es_roof","embeddable":true,"href":"https:\/\/arriendo.com\/co\/wp-json\/wp\/v2\/es_roofs?post=49998"},{"taxonomy":"es_exterior_material","embeddable":true,"href":"https:\/\/arriendo.com\/co\/wp-json\/wp\/v2\/es_exterior_materials?post=49998"},{"taxonomy":"es_basement","embeddable":true,"href":"https:\/\/arriendo.com\/co\/wp-json\/wp\/v2\/es_basements?post=49998"},{"taxonomy":"es_floor_covering","embeddable":true,"href":"https:\/\/arriendo.com\/co\/wp-json\/wp\/v2\/es_floor_coverings?post=49998"},{"taxonomy":"es_feature","embeddable":true,"href":"https:\/\/arriendo.com\/co\/wp-json\/wp\/v2\/es_features?post=49998"},{"taxonomy":"es_amenity","embeddable":true,"href":"https:\/\/arriendo.com\/co\/wp-json\/wp\/v2\/es_amenities?post=49998"},{"taxonomy":"es_neighborhood","embeddable":true,"href":"https:\/\/arriendo.com\/co\/wp-json\/wp\/v2\/es_neighborhoods?post=49998"},{"taxonomy":"es_tag","embeddable":true,"href":"https:\/\/arriendo.com\/co\/wp-json\/wp\/v2\/es_tags?post=49998"}],"curies":[{"name":"wp","href":"https:\/\/api.w.org\/{rel}","templated":true}]}}

<p>Arriendo magnífico local comercial esquinero para uso mixto, con área total construida de 920 m², distribuidos en dos niveles, primer nivel 500 m² y segundo 420 m².  Excelente ubicación, a media cuadra de la Av. Boyacá, cuenta con pisos en cerámica en el primer nivel y pisos laminados en segundo nivel. Baterías de baños para damas y caballeros. Dos salones amplios en cada nivel, con algunas divisiones que se pueden remover y adecuar a la necesidad del cliente.</p>

Arriendo magnífico local comercial esquinero para uso mixto, con área...
