{"id":49858,"date":"2025-03-07T09:53:41","date_gmt":"2025-03-07T14:53:41","guid":{"rendered":"https:\/\/arriendo.com\/co\/%es_type%\/villavicencio\/villavicencio\/vqw1Wu5H0\/"},"modified":"2025-10-16T17:23:58","modified_gmt":"2025-10-16T22:23:58","slug":"ar-49858","status":"publish","type":"properties","link":"https:\/\/arriendo.com\/co\/locales\/villavicencio\/avenida-catama\/ar-49858\/","title":{"rendered":"LOCAL EN ARRIENDO, EXCELENTE UBICACION COMERCIAL EN VILLAVICENCIO"},"content":{"rendered":"<p>Local Comercial en Arriendo Ubicaci\u00f3n: Excelente local comercial en zona de alto tr\u00e1fico. Cercano a un mix de marcas representativas del mercado nacional. Pr\u00f3ximo a bancos, zona financiera y de negocios, entidades de salud y supermercados. Caracter\u00edsticas Generales: \u00c1rea Total: 131.56 m\u00b2 Tiempo M\u00ednimo de Contrato: 3 a\u00f1os. Estructura: Sismo Resistente: Cumple con la norma NRS-10 exigida para construcciones p\u00fablicas. Sistema Estructural: Aporticado. Cubierta: En placa. Equipamiento: Planta El\u00e9ctrica: 900 KVA. Transformador: 1,000 KVA. Red Contra Incendios: Instalaci\u00f3n disponible. Distribuci\u00f3n del Inmueble: Pisos Superiores: \u00c1rea comercial, administrativa y operativa. Niveles Inferiores: \u00c1rea de almacenamiento y zonas de instalaciones t\u00e9cnicas. Estacionamiento: Cuenta con zona de parqueaderos. Este local es ideal para negocios que buscan establecerse en una ubicaci\u00f3n estrat\u00e9gica, con alta visibilidad y un entorno din\u00e1mico.<\/p>\n","protected":false},"excerpt":{"rendered":"Local Comercial en Arriendo Ubicaci\u00f3n: Excelente local comercial en zona...","protected":false},"author":2482,"featured_media":49859,"template":"","es_locations":[418,97,338],"es_categories":[124],"es_types":[117],"es_rent_periods":[],"es_labels":[],"es_statuses":[],"es_parkings":[],"es_roofs":[],"es_exterior_materials":[],"es_basements":[],"es_floor_coverings":[],"es_features":[],"es_amenities":[],"es_neighborhoods":[],"es_tags":[],"class_list":["post-49858","properties","type-properties","status-publish","has-post-thumbnail","hentry","es_location-colombia","es_location-meta","es_location-villavicencio","es_category-arriendo","es_type-locales","es-post-entity"],"_links":{"self":[{"href":"https:\/\/arriendo.com\/co\/wp-json\/wp\/v2\/properties\/49858","targetHints":{"allow":["GET"]}}],"collection":[{"href":"https:\/\/arriendo.com\/co\/wp-json\/wp\/v2\/properties"}],"about":[{"href":"https:\/\/arriendo.com\/co\/wp-json\/wp\/v2\/types\/properties"}],"author":[{"embeddable":true,"href":"https:\/\/arriendo.com\/co\/wp-json\/wp\/v2\/users\/2482"}],"version-history":[{"count":0,"href":"https:\/\/arriendo.com\/co\/wp-json\/wp\/v2\/properties\/49858\/revisions"}],"wp:featuredmedia":[{"embeddable":true,"href":"https:\/\/arriendo.com\/co\/wp-json\/wp\/v2\/media\/49859"}],"wp:attachment":[{"href":"https:\/\/arriendo.com\/co\/wp-json\/wp\/v2\/media?parent=49858"}],"wp:term":[{"taxonomy":"es_location","embeddable":true,"href":"https:\/\/arriendo.com\/co\/wp-json\/wp\/v2\/es_locations?post=49858"},{"taxonomy":"es_category","embeddable":true,"href":"https:\/\/arriendo.com\/co\/wp-json\/wp\/v2\/es_categories?post=49858"},{"taxonomy":"es_type","embeddable":true,"href":"https:\/\/arriendo.com\/co\/wp-json\/wp\/v2\/es_types?post=49858"},{"taxonomy":"es_rent_period","embeddable":true,"href":"https:\/\/arriendo.com\/co\/wp-json\/wp\/v2\/es_rent_periods?post=49858"},{"taxonomy":"es_label","embeddable":true,"href":"https:\/\/arriendo.com\/co\/wp-json\/wp\/v2\/es_labels?post=49858"},{"taxonomy":"es_status","embeddable":true,"href":"https:\/\/arriendo.com\/co\/wp-json\/wp\/v2\/es_statuses?post=49858"},{"taxonomy":"es_parking","embeddable":true,"href":"https:\/\/arriendo.com\/co\/wp-json\/wp\/v2\/es_parkings?post=49858"},{"taxonomy":"es_roof","embeddable":true,"href":"https:\/\/arriendo.com\/co\/wp-json\/wp\/v2\/es_roofs?post=49858"},{"taxonomy":"es_exterior_material","embeddable":true,"href":"https:\/\/arriendo.com\/co\/wp-json\/wp\/v2\/es_exterior_materials?post=49858"},{"taxonomy":"es_basement","embeddable":true,"href":"https:\/\/arriendo.com\/co\/wp-json\/wp\/v2\/es_basements?post=49858"},{"taxonomy":"es_floor_covering","embeddable":true,"href":"https:\/\/arriendo.com\/co\/wp-json\/wp\/v2\/es_floor_coverings?post=49858"},{"taxonomy":"es_feature","embeddable":true,"href":"https:\/\/arriendo.com\/co\/wp-json\/wp\/v2\/es_features?post=49858"},{"taxonomy":"es_amenity","embeddable":true,"href":"https:\/\/arriendo.com\/co\/wp-json\/wp\/v2\/es_amenities?post=49858"},{"taxonomy":"es_neighborhood","embeddable":true,"href":"https:\/\/arriendo.com\/co\/wp-json\/wp\/v2\/es_neighborhoods?post=49858"},{"taxonomy":"es_tag","embeddable":true,"href":"https:\/\/arriendo.com\/co\/wp-json\/wp\/v2\/es_tags?post=49858"}],"curies":[{"name":"wp","href":"https:\/\/api.w.org\/{rel}","templated":true}]}}

<p>Local Comercial en Arriendo Ubicación: Excelente local comercial en zona de alto tráfico. Cercano a un mix de marcas representativas del mercado nacional. Próximo a bancos, zona financiera y de negocios, entidades de salud y supermercados. Características Generales: Área Total: 131.56 m² Tiempo Mínimo de Contrato: 3 años. Estructura: Sismo Resistente: Cumple con la norma NRS-10 exigida para construcciones públicas. Sistema Estructural: Aporticado. Cubierta: En placa. Equipamiento: Planta Eléctrica: 900 KVA. Transformador: 1,000 KVA. Red Contra Incendios: Instalación disponible. Distribución del Inmueble: Pisos Superiores: Área comercial, administrativa y operativa. Niveles Inferiores: Área de almacenamiento y zonas de instalaciones técnicas. Estacionamiento: Cuenta con zona de parqueaderos. Este local es ideal para negocios que buscan establecerse en una ubicación estratégica, con alta visibilidad y un entorno dinámico.</p>

Local Comercial en Arriendo Ubicación: Excelente local comercial en zona...
