{"id":49846,"date":"2025-03-07T09:57:30","date_gmt":"2025-03-07T14:57:30","guid":{"rendered":"https:\/\/arriendo.com\/co\/%es_type%\/bogota\/engativa\/vqw1Wu5H0\/"},"modified":"2025-10-16T17:23:54","modified_gmt":"2025-10-16T22:23:54","slug":"ar-49846","status":"publish","type":"properties","link":"https:\/\/arriendo.com\/co\/locales\/bogota\/engativa\/ar-49846\/","title":{"rendered":"LOCAL TERRAZA EN ARRIENDO, CENTRO COMERCIAL, CALLE 80"},"content":{"rendered":"<p>Se arrienda local con terraza area 502.24 m2 en reconocido centro comercial de la calle 80, se encuentra ubicado en un cuarto piso, tiene zona comun de uso exclusivo con un area de 170.86 m2, para un total de 673.1 m2, Altura a placa: 5.50, Resistencia de piso : 350kg\/m2, Capacidad el\u00e9ctrica : 127kva, Planta de Suplencia, Bater\u00edas de ba\u00f1o interna, Pisos en porcelanato, Cocina, Barra. El centro comercial cuenta con un trafico mensual aproximado de 3.500.000 visitantes.<\/p>\n","protected":false},"excerpt":{"rendered":"Se arrienda local con terraza area 502.24 m2 en reconocido...","protected":false},"author":2482,"featured_media":49847,"template":"","es_locations":[110,418,91,215],"es_categories":[124],"es_types":[117],"es_rent_periods":[],"es_labels":[],"es_statuses":[],"es_parkings":[],"es_roofs":[],"es_exterior_materials":[],"es_basements":[],"es_floor_coverings":[],"es_features":[],"es_amenities":[],"es_neighborhoods":[],"es_tags":[],"class_list":["post-49846","properties","type-properties","status-publish","has-post-thumbnail","hentry","es_location-bogota","es_location-colombia","es_location-cundinamarca","es_location-engativa","es_category-arriendo","es_type-locales","es-post-entity"],"_links":{"self":[{"href":"https:\/\/arriendo.com\/co\/wp-json\/wp\/v2\/properties\/49846","targetHints":{"allow":["GET"]}}],"collection":[{"href":"https:\/\/arriendo.com\/co\/wp-json\/wp\/v2\/properties"}],"about":[{"href":"https:\/\/arriendo.com\/co\/wp-json\/wp\/v2\/types\/properties"}],"author":[{"embeddable":true,"href":"https:\/\/arriendo.com\/co\/wp-json\/wp\/v2\/users\/2482"}],"version-history":[{"count":0,"href":"https:\/\/arriendo.com\/co\/wp-json\/wp\/v2\/properties\/49846\/revisions"}],"wp:featuredmedia":[{"embeddable":true,"href":"https:\/\/arriendo.com\/co\/wp-json\/wp\/v2\/media\/49847"}],"wp:attachment":[{"href":"https:\/\/arriendo.com\/co\/wp-json\/wp\/v2\/media?parent=49846"}],"wp:term":[{"taxonomy":"es_location","embeddable":true,"href":"https:\/\/arriendo.com\/co\/wp-json\/wp\/v2\/es_locations?post=49846"},{"taxonomy":"es_category","embeddable":true,"href":"https:\/\/arriendo.com\/co\/wp-json\/wp\/v2\/es_categories?post=49846"},{"taxonomy":"es_type","embeddable":true,"href":"https:\/\/arriendo.com\/co\/wp-json\/wp\/v2\/es_types?post=49846"},{"taxonomy":"es_rent_period","embeddable":true,"href":"https:\/\/arriendo.com\/co\/wp-json\/wp\/v2\/es_rent_periods?post=49846"},{"taxonomy":"es_label","embeddable":true,"href":"https:\/\/arriendo.com\/co\/wp-json\/wp\/v2\/es_labels?post=49846"},{"taxonomy":"es_status","embeddable":true,"href":"https:\/\/arriendo.com\/co\/wp-json\/wp\/v2\/es_statuses?post=49846"},{"taxonomy":"es_parking","embeddable":true,"href":"https:\/\/arriendo.com\/co\/wp-json\/wp\/v2\/es_parkings?post=49846"},{"taxonomy":"es_roof","embeddable":true,"href":"https:\/\/arriendo.com\/co\/wp-json\/wp\/v2\/es_roofs?post=49846"},{"taxonomy":"es_exterior_material","embeddable":true,"href":"https:\/\/arriendo.com\/co\/wp-json\/wp\/v2\/es_exterior_materials?post=49846"},{"taxonomy":"es_basement","embeddable":true,"href":"https:\/\/arriendo.com\/co\/wp-json\/wp\/v2\/es_basements?post=49846"},{"taxonomy":"es_floor_covering","embeddable":true,"href":"https:\/\/arriendo.com\/co\/wp-json\/wp\/v2\/es_floor_coverings?post=49846"},{"taxonomy":"es_feature","embeddable":true,"href":"https:\/\/arriendo.com\/co\/wp-json\/wp\/v2\/es_features?post=49846"},{"taxonomy":"es_amenity","embeddable":true,"href":"https:\/\/arriendo.com\/co\/wp-json\/wp\/v2\/es_amenities?post=49846"},{"taxonomy":"es_neighborhood","embeddable":true,"href":"https:\/\/arriendo.com\/co\/wp-json\/wp\/v2\/es_neighborhoods?post=49846"},{"taxonomy":"es_tag","embeddable":true,"href":"https:\/\/arriendo.com\/co\/wp-json\/wp\/v2\/es_tags?post=49846"}],"curies":[{"name":"wp","href":"https:\/\/api.w.org\/{rel}","templated":true}]}}

<p>Se arrienda local con terraza area 502.24 m2 en reconocido centro comercial de la calle 80, se encuentra ubicado en un cuarto piso, tiene zona comun de uso exclusivo con un area de 170.86 m2, para un total de 673.1 m2, Altura a placa: 5.50, Resistencia de piso : 350kg/m2, Capacidad eléctrica : 127kva, Planta de Suplencia, Baterías de baño interna, Pisos en porcelanato, Cocina, Barra. El centro comercial cuenta con un trafico mensual aproximado de 3.500.000 visitantes.</p>
