{"id":48586,"date":"2025-03-06T16:41:46","date_gmt":"2025-03-06T21:41:46","guid":{"rendered":"https:\/\/arriendo.com\/co\/%es_type%\/bogota\/santa-ana\/vqw1Wu5H0\/"},"modified":"2025-10-16T17:22:48","modified_gmt":"2025-10-16T22:22:48","slug":"ar-48586","status":"publish","type":"properties","link":"https:\/\/arriendo.com\/co\/oficinas\/bogota\/santa-ana\/ar-48586\/","title":{"rendered":"OFICINA 610 M2 EN ARRIENDO, SANTA ANA, USAQUEN"},"content":{"rendered":"<p>Edificio de oficinas 4 pisos. Ubicado en Santa Ana, este edificio de oficinas ofrece un \u00e1rea total de 610 m\u00b2. El valor total de arriendo es de $30.000.000 COP. El inmueble est\u00e1 amoblado y cuenta con planta el\u00e9ctrica. Est\u00e1 disponible para arriendo de manera inmediata. Adem\u00e1s, dispone de 12 parqueaderos, espacio para 40 puestos de trabajo y una terraza.<\/p>\n","protected":false},"excerpt":{"rendered":"Edificio de oficinas 4 pisos. Ubicado en Santa Ana, este...","protected":false},"author":2482,"featured_media":48587,"template":"","es_locations":[110,418,91,455],"es_categories":[124],"es_types":[116],"es_rent_periods":[],"es_labels":[],"es_statuses":[],"es_parkings":[],"es_roofs":[],"es_exterior_materials":[],"es_basements":[],"es_floor_coverings":[],"es_features":[],"es_amenities":[],"es_neighborhoods":[],"es_tags":[],"class_list":["post-48586","properties","type-properties","status-publish","has-post-thumbnail","hentry","es_location-bogota","es_location-colombia","es_location-cundinamarca","es_location-santa-ana","es_category-arriendo","es_type-oficinas","es-post-entity"],"_links":{"self":[{"href":"https:\/\/arriendo.com\/co\/wp-json\/wp\/v2\/properties\/48586","targetHints":{"allow":["GET"]}}],"collection":[{"href":"https:\/\/arriendo.com\/co\/wp-json\/wp\/v2\/properties"}],"about":[{"href":"https:\/\/arriendo.com\/co\/wp-json\/wp\/v2\/types\/properties"}],"author":[{"embeddable":true,"href":"https:\/\/arriendo.com\/co\/wp-json\/wp\/v2\/users\/2482"}],"version-history":[{"count":0,"href":"https:\/\/arriendo.com\/co\/wp-json\/wp\/v2\/properties\/48586\/revisions"}],"wp:featuredmedia":[{"embeddable":true,"href":"https:\/\/arriendo.com\/co\/wp-json\/wp\/v2\/media\/48587"}],"wp:attachment":[{"href":"https:\/\/arriendo.com\/co\/wp-json\/wp\/v2\/media?parent=48586"}],"wp:term":[{"taxonomy":"es_location","embeddable":true,"href":"https:\/\/arriendo.com\/co\/wp-json\/wp\/v2\/es_locations?post=48586"},{"taxonomy":"es_category","embeddable":true,"href":"https:\/\/arriendo.com\/co\/wp-json\/wp\/v2\/es_categories?post=48586"},{"taxonomy":"es_type","embeddable":true,"href":"https:\/\/arriendo.com\/co\/wp-json\/wp\/v2\/es_types?post=48586"},{"taxonomy":"es_rent_period","embeddable":true,"href":"https:\/\/arriendo.com\/co\/wp-json\/wp\/v2\/es_rent_periods?post=48586"},{"taxonomy":"es_label","embeddable":true,"href":"https:\/\/arriendo.com\/co\/wp-json\/wp\/v2\/es_labels?post=48586"},{"taxonomy":"es_status","embeddable":true,"href":"https:\/\/arriendo.com\/co\/wp-json\/wp\/v2\/es_statuses?post=48586"},{"taxonomy":"es_parking","embeddable":true,"href":"https:\/\/arriendo.com\/co\/wp-json\/wp\/v2\/es_parkings?post=48586"},{"taxonomy":"es_roof","embeddable":true,"href":"https:\/\/arriendo.com\/co\/wp-json\/wp\/v2\/es_roofs?post=48586"},{"taxonomy":"es_exterior_material","embeddable":true,"href":"https:\/\/arriendo.com\/co\/wp-json\/wp\/v2\/es_exterior_materials?post=48586"},{"taxonomy":"es_basement","embeddable":true,"href":"https:\/\/arriendo.com\/co\/wp-json\/wp\/v2\/es_basements?post=48586"},{"taxonomy":"es_floor_covering","embeddable":true,"href":"https:\/\/arriendo.com\/co\/wp-json\/wp\/v2\/es_floor_coverings?post=48586"},{"taxonomy":"es_feature","embeddable":true,"href":"https:\/\/arriendo.com\/co\/wp-json\/wp\/v2\/es_features?post=48586"},{"taxonomy":"es_amenity","embeddable":true,"href":"https:\/\/arriendo.com\/co\/wp-json\/wp\/v2\/es_amenities?post=48586"},{"taxonomy":"es_neighborhood","embeddable":true,"href":"https:\/\/arriendo.com\/co\/wp-json\/wp\/v2\/es_neighborhoods?post=48586"},{"taxonomy":"es_tag","embeddable":true,"href":"https:\/\/arriendo.com\/co\/wp-json\/wp\/v2\/es_tags?post=48586"}],"curies":[{"name":"wp","href":"https:\/\/api.w.org\/{rel}","templated":true}]}}

<p>Edificio de oficinas 4 pisos. Ubicado en Santa Ana, este edificio de oficinas ofrece un área total de 610 m². El valor total de arriendo es de $30.000.000 COP. El inmueble está amoblado y cuenta con planta eléctrica. Está disponible para arriendo de manera inmediata. Además, dispone de 12 parqueaderos, espacio para 40 puestos de trabajo y una terraza.</p>
