{"id":448746,"date":"2026-05-01T12:52:22","date_gmt":"2026-05-01T17:52:22","guid":{"rendered":"https:\/\/arriendo.com\/co\/%es_type%\/%address_city%\/%neighborhood%\/oficina-sector-centico\/"},"modified":"2026-05-01T12:52:25","modified_gmt":"2026-05-01T17:52:25","slug":"AR-448746","status":"publish","type":"properties","link":"https:\/\/arriendo.com\/co\/oficinas\/bogota\/las-nieves\/AR-448746\/","title":{"rendered":"Oficina sector c\u00e9ntico"},"content":{"rendered":"<p>Descubra esta excelente oficina ubicada en uno de los sectores m\u00e1s tradicionales y patrimoniales de Las Nieves, ideal para quienes buscan un espacio que combina historia y modernidad en el coraz\u00f3n de la ciudad. Con una superficie de 53 metros cuadrados, esta oficina se presenta en un estado usado, pero cuidadosamente mantenida, ofreciendo un ambiente funcional y acogedor para su negocio. La propiedad cuenta con una habitaci\u00f3n y un ba\u00f1o, brindando la comodidad necesaria para un trabajo productivo. El espacio no est\u00e1 amoblado, permitiendo personalizarlo a su estilo y necesidades. Entre sus caracter\u00edsticas de seguridad se encuentran la alarma contra incendios y un circuito cerrado de TV, garantizando tranquilidad en el d\u00eda a d\u00eda. Adem\u00e1s, cuenta con piso laminado que aporta calidez y elegancia, una sala de juntas para reuniones importantes y ascensores que facilitan el acceso. La porter\u00eda y recepci\u00f3n ofrecen un servicio profesional y una imagen impecable para clientes y visitantes. La ubicaci\u00f3n en un barrio con gran tradici\u00f3n, rodeado de centros comerciales y a pocos pasos de servicios y transporte, hace que esta oficina sea una opci\u00f3n muy conveniente para establecer su empresa en un entorno estrat\u00e9gico y seguro. Para quienes desean un espacio profesional en un entorno con historia, esta oficina en Las Nieves es la elecci\u00f3n perfecta. No deje pasar la oportunidad y contacte a Arriendo.com para m\u00e1s informaci\u00f3n y visitas.<\/p>\n","protected":false},"excerpt":{"rendered":"Descubra esta excelente oficina ubicada en uno de los sectores...","protected":false},"author":7857,"featured_media":448740,"template":"","es_locations":[110,3797,418,172],"es_categories":[],"es_types":[116],"es_rent_periods":[],"es_labels":[],"es_statuses":[126],"es_parkings":[],"es_roofs":[],"es_exterior_materials":[],"es_basements":[],"es_floor_coverings":[],"es_features":[],"es_amenities":[],"es_neighborhoods":[],"es_tags":[],"class_list":["post-448746","properties","type-properties","status-publish","has-post-thumbnail","hentry","es_location-bogota","es_location-carrera-7-avenida-ciudad-de-lima","es_location-colombia","es_location-santa-fe","es_type-oficinas","es_status-usado","es-post-entity"],"_links":{"self":[{"href":"https:\/\/arriendo.com\/co\/wp-json\/wp\/v2\/properties\/448746","targetHints":{"allow":["GET"]}}],"collection":[{"href":"https:\/\/arriendo.com\/co\/wp-json\/wp\/v2\/properties"}],"about":[{"href":"https:\/\/arriendo.com\/co\/wp-json\/wp\/v2\/types\/properties"}],"author":[{"embeddable":true,"href":"https:\/\/arriendo.com\/co\/wp-json\/wp\/v2\/users\/7857"}],"version-history":[{"count":1,"href":"https:\/\/arriendo.com\/co\/wp-json\/wp\/v2\/properties\/448746\/revisions"}],"predecessor-version":[{"id":448747,"href":"https:\/\/arriendo.com\/co\/wp-json\/wp\/v2\/properties\/448746\/revisions\/448747"}],"wp:featuredmedia":[{"embeddable":true,"href":"https:\/\/arriendo.com\/co\/wp-json\/wp\/v2\/media\/448740"}],"wp:attachment":[{"href":"https:\/\/arriendo.com\/co\/wp-json\/wp\/v2\/media?parent=448746"}],"wp:term":[{"taxonomy":"es_location","embeddable":true,"href":"https:\/\/arriendo.com\/co\/wp-json\/wp\/v2\/es_locations?post=448746"},{"taxonomy":"es_category","embeddable":true,"href":"https:\/\/arriendo.com\/co\/wp-json\/wp\/v2\/es_categories?post=448746"},{"taxonomy":"es_type","embeddable":true,"href":"https:\/\/arriendo.com\/co\/wp-json\/wp\/v2\/es_types?post=448746"},{"taxonomy":"es_rent_period","embeddable":true,"href":"https:\/\/arriendo.com\/co\/wp-json\/wp\/v2\/es_rent_periods?post=448746"},{"taxonomy":"es_label","embeddable":true,"href":"https:\/\/arriendo.com\/co\/wp-json\/wp\/v2\/es_labels?post=448746"},{"taxonomy":"es_status","embeddable":true,"href":"https:\/\/arriendo.com\/co\/wp-json\/wp\/v2\/es_statuses?post=448746"},{"taxonomy":"es_parking","embeddable":true,"href":"https:\/\/arriendo.com\/co\/wp-json\/wp\/v2\/es_parkings?post=448746"},{"taxonomy":"es_roof","embeddable":true,"href":"https:\/\/arriendo.com\/co\/wp-json\/wp\/v2\/es_roofs?post=448746"},{"taxonomy":"es_exterior_material","embeddable":true,"href":"https:\/\/arriendo.com\/co\/wp-json\/wp\/v2\/es_exterior_materials?post=448746"},{"taxonomy":"es_basement","embeddable":true,"href":"https:\/\/arriendo.com\/co\/wp-json\/wp\/v2\/es_basements?post=448746"},{"taxonomy":"es_floor_covering","embeddable":true,"href":"https:\/\/arriendo.com\/co\/wp-json\/wp\/v2\/es_floor_coverings?post=448746"},{"taxonomy":"es_feature","embeddable":true,"href":"https:\/\/arriendo.com\/co\/wp-json\/wp\/v2\/es_features?post=448746"},{"taxonomy":"es_amenity","embeddable":true,"href":"https:\/\/arriendo.com\/co\/wp-json\/wp\/v2\/es_amenities?post=448746"},{"taxonomy":"es_neighborhood","embeddable":true,"href":"https:\/\/arriendo.com\/co\/wp-json\/wp\/v2\/es_neighborhoods?post=448746"},{"taxonomy":"es_tag","embeddable":true,"href":"https:\/\/arriendo.com\/co\/wp-json\/wp\/v2\/es_tags?post=448746"}],"curies":[{"name":"wp","href":"https:\/\/api.w.org\/{rel}","templated":true}]}}

Oficina sector céntico

<p>Descubra esta excelente oficina ubicada en uno de los sectores más tradicionales y patrimoniales de Las Nieves, ideal para quienes buscan un espacio que combina historia y modernidad en el corazón de la ciudad. Con una superficie de 53 metros cuadrados, esta oficina se presenta en un estado usado, pero cuidadosamente mantenida, ofreciendo un ambiente funcional y acogedor para su negocio. La propiedad cuenta con una habitación y un baño, brindando la comodidad necesaria para un trabajo productivo. El espacio no está amoblado, permitiendo personalizarlo a su estilo y necesidades. Entre sus características de seguridad se encuentran la alarma contra incendios y un circuito cerrado de TV, garantizando tranquilidad en el día a día. Además, cuenta con piso laminado que aporta calidez y elegancia, una sala de juntas para reuniones importantes y ascensores que facilitan el acceso. La portería y recepción ofrecen un servicio profesional y una imagen impecable para clientes y visitantes. La ubicación en un barrio con gran tradición, rodeado de centros comerciales y a pocos pasos de servicios y transporte, hace que esta oficina sea una opción muy conveniente para establecer su empresa en un entorno estratégico y seguro. Para quienes desean un espacio profesional en un entorno con historia, esta oficina en Las Nieves es la elección perfecta. No deje pasar la oportunidad y contacte a Arriendo.com para más información y visitas.</p>
