{"id":446930,"date":"2026-04-29T01:44:12","date_gmt":"2026-04-29T06:44:12","guid":{"rendered":"https:\/\/arriendo.com\/co\/%es_type%\/medellin\/los-balsos\/\/"},"modified":"2026-04-29T01:44:12","modified_gmt":"2026-04-29T06:44:12","slug":"AR-446930","status":"publish","type":"properties","link":"https:\/\/arriendo.com\/co\/apartamentos\/medellin\/los-balsos\/AR-446930\/","title":{"rendered":"Venta Exlusivo Apartamento Los Balsos Medell\u00edn Antioquia"},"content":{"rendered":"<p>\u201cTe quiero mostrar una propiedad realmente exclusiva, pensada para quienes valoran el espacio, la privacidad y el confort en cada detalle.\u201d Este espectacular apartamento&nbsp;, ubicado en piso 7, cuenta con 272 m\u00b2 perfectamente distribuidos para vivir con amplitud y elegancia. Desde que entras, te encuentras con espacios independientes que marcan la diferencia: sala, comedor y estudio, ideales tanto para compartir como para tener privacidad en el d\u00eda a d\u00eda. Adem\u00e1s, el balc\u00f3n amplio, sin poniente, te regala una vista muy agradable y fresca, algo muy valorado en este sector. La zona privada est\u00e1 dise\u00f1ada para el descanso total: 3 alcobas, cada una con ba\u00f1o Dos de ellas con vestier Hall de alcobas y cl\u00f3set de linos La cocina es cerrada, funcional y c\u00f3moda, acompa\u00f1ada de patio de ropas y cuarto de servicio con ba\u00f1o, lo que aporta total independencia operativa. Adicionalmente, tienes 3 parqueaderos y cuarto \u00fatil, algo clave para este tipo de propiedades. El edificio complementa perfectamente el estilo de vida: Piscina para adultos y ni\u00f1os Sauna y jacuzzi Gimnasio dotado Terraza de eventos Juegos infantiles Amplias zonas verdes Es un lugar que combina perfectamente tranquilidad, exclusividad y calidad de vida<\/p>\n","protected":false},"excerpt":{"rendered":"\u201cTe quiero mostrar una propiedad realmente exclusiva, pensada para quienes...","protected":false},"author":4125,"featured_media":446932,"template":"","es_locations":[79,418,305],"es_categories":[124],"es_types":[114],"es_rent_periods":[],"es_labels":[],"es_statuses":[],"es_parkings":[],"es_roofs":[],"es_exterior_materials":[],"es_basements":[],"es_floor_coverings":[],"es_features":[],"es_amenities":[],"es_neighborhoods":[],"es_tags":[],"class_list":["post-446930","properties","type-properties","status-publish","has-post-thumbnail","hentry","es_location-antioquia","es_location-colombia","es_location-medellin","es_category-arriendo","es_type-apartamentos","es-post-entity"],"_links":{"self":[{"href":"https:\/\/arriendo.com\/co\/wp-json\/wp\/v2\/properties\/446930","targetHints":{"allow":["GET"]}}],"collection":[{"href":"https:\/\/arriendo.com\/co\/wp-json\/wp\/v2\/properties"}],"about":[{"href":"https:\/\/arriendo.com\/co\/wp-json\/wp\/v2\/types\/properties"}],"author":[{"embeddable":true,"href":"https:\/\/arriendo.com\/co\/wp-json\/wp\/v2\/users\/4125"}],"version-history":[{"count":1,"href":"https:\/\/arriendo.com\/co\/wp-json\/wp\/v2\/properties\/446930\/revisions"}],"predecessor-version":[{"id":446931,"href":"https:\/\/arriendo.com\/co\/wp-json\/wp\/v2\/properties\/446930\/revisions\/446931"}],"wp:featuredmedia":[{"embeddable":true,"href":"https:\/\/arriendo.com\/co\/wp-json\/wp\/v2\/media\/446932"}],"wp:attachment":[{"href":"https:\/\/arriendo.com\/co\/wp-json\/wp\/v2\/media?parent=446930"}],"wp:term":[{"taxonomy":"es_location","embeddable":true,"href":"https:\/\/arriendo.com\/co\/wp-json\/wp\/v2\/es_locations?post=446930"},{"taxonomy":"es_category","embeddable":true,"href":"https:\/\/arriendo.com\/co\/wp-json\/wp\/v2\/es_categories?post=446930"},{"taxonomy":"es_type","embeddable":true,"href":"https:\/\/arriendo.com\/co\/wp-json\/wp\/v2\/es_types?post=446930"},{"taxonomy":"es_rent_period","embeddable":true,"href":"https:\/\/arriendo.com\/co\/wp-json\/wp\/v2\/es_rent_periods?post=446930"},{"taxonomy":"es_label","embeddable":true,"href":"https:\/\/arriendo.com\/co\/wp-json\/wp\/v2\/es_labels?post=446930"},{"taxonomy":"es_status","embeddable":true,"href":"https:\/\/arriendo.com\/co\/wp-json\/wp\/v2\/es_statuses?post=446930"},{"taxonomy":"es_parking","embeddable":true,"href":"https:\/\/arriendo.com\/co\/wp-json\/wp\/v2\/es_parkings?post=446930"},{"taxonomy":"es_roof","embeddable":true,"href":"https:\/\/arriendo.com\/co\/wp-json\/wp\/v2\/es_roofs?post=446930"},{"taxonomy":"es_exterior_material","embeddable":true,"href":"https:\/\/arriendo.com\/co\/wp-json\/wp\/v2\/es_exterior_materials?post=446930"},{"taxonomy":"es_basement","embeddable":true,"href":"https:\/\/arriendo.com\/co\/wp-json\/wp\/v2\/es_basements?post=446930"},{"taxonomy":"es_floor_covering","embeddable":true,"href":"https:\/\/arriendo.com\/co\/wp-json\/wp\/v2\/es_floor_coverings?post=446930"},{"taxonomy":"es_feature","embeddable":true,"href":"https:\/\/arriendo.com\/co\/wp-json\/wp\/v2\/es_features?post=446930"},{"taxonomy":"es_amenity","embeddable":true,"href":"https:\/\/arriendo.com\/co\/wp-json\/wp\/v2\/es_amenities?post=446930"},{"taxonomy":"es_neighborhood","embeddable":true,"href":"https:\/\/arriendo.com\/co\/wp-json\/wp\/v2\/es_neighborhoods?post=446930"},{"taxonomy":"es_tag","embeddable":true,"href":"https:\/\/arriendo.com\/co\/wp-json\/wp\/v2\/es_tags?post=446930"}],"curies":[{"name":"wp","href":"https:\/\/api.w.org\/{rel}","templated":true}]}}

Venta Exlusivo Apartamento Los Balsos Medellín Antioquia

<p>“Te quiero mostrar una propiedad realmente exclusiva, pensada para quienes valoran el espacio, la privacidad y el confort en cada detalle.” Este espectacular apartamento&nbsp;, ubicado en piso 7, cuenta con 272 m² perfectamente distribuidos para vivir con amplitud y elegancia. Desde que entras, te encuentras con espacios independientes que marcan la diferencia: sala, comedor y estudio, ideales tanto para compartir como para tener privacidad en el día a día. Además, el balcón amplio, sin poniente, te regala una vista muy agradable y fresca, algo muy valorado en este sector. La zona privada está diseñada para el descanso total: 3 alcobas, cada una con baño Dos de ellas con vestier Hall de alcobas y clóset de linos La cocina es cerrada, funcional y cómoda, acompañada de patio de ropas y cuarto de servicio con baño, lo que aporta total independencia operativa. Adicionalmente, tienes 3 parqueaderos y cuarto útil, algo clave para este tipo de propiedades. El edificio complementa perfectamente el estilo de vida: Piscina para adultos y niños Sauna y jacuzzi Gimnasio dotado Terraza de eventos Juegos infantiles Amplias zonas verdes Es un lugar que combina perfectamente tranquilidad, exclusividad y calidad de vida</p>
