{"id":446434,"date":"2026-04-29T00:00:15","date_gmt":"2026-04-29T05:00:15","guid":{"rendered":"https:\/\/arriendo.com\/co\/%es_type%\/cali\/caldas\/alquile-local-esquinero-barrio-caldas-muy-bien-ubicado\/"},"modified":"2026-04-29T00:00:17","modified_gmt":"2026-04-29T05:00:17","slug":"AR-446434","status":"publish","type":"properties","link":"https:\/\/arriendo.com\/co\/locales\/cali\/caldas\/AR-446434\/","title":{"rendered":"Alquile Local esquinero barrio caldas muy bien ubicado"},"content":{"rendered":"<p>Local esquinero sobre la carrera 70, sector comercial en el area de ferreterias, pinturas, hogar y demas, diagonal a supermercado gran Colombia, y eje central que conecta barrios como caldas, buenos aires, refugio y farallones, si buscas un local con buena ubicaci\u00f3n, rentabilidad y en el \u00e1rea de construcci\u00f3n en general este es el indicado.<\/p>\n","protected":false},"excerpt":{"rendered":"Local esquinero sobre la carrera 70, sector comercial en el...","protected":false},"author":2014,"featured_media":446436,"template":"","es_locations":[179,418,3744],"es_categories":[124],"es_types":[117],"es_rent_periods":[],"es_labels":[],"es_statuses":[],"es_parkings":[],"es_roofs":[],"es_exterior_materials":[],"es_basements":[],"es_floor_coverings":[],"es_features":[],"es_amenities":[],"es_neighborhoods":[],"es_tags":[],"class_list":["post-446434","properties","type-properties","status-publish","has-post-thumbnail","hentry","es_location-cali","es_location-colombia","es_location-valle-del-cauca","es_category-arriendo","es_type-locales","es-post-entity"],"_links":{"self":[{"href":"https:\/\/arriendo.com\/co\/wp-json\/wp\/v2\/properties\/446434","targetHints":{"allow":["GET"]}}],"collection":[{"href":"https:\/\/arriendo.com\/co\/wp-json\/wp\/v2\/properties"}],"about":[{"href":"https:\/\/arriendo.com\/co\/wp-json\/wp\/v2\/types\/properties"}],"author":[{"embeddable":true,"href":"https:\/\/arriendo.com\/co\/wp-json\/wp\/v2\/users\/2014"}],"version-history":[{"count":1,"href":"https:\/\/arriendo.com\/co\/wp-json\/wp\/v2\/properties\/446434\/revisions"}],"predecessor-version":[{"id":446435,"href":"https:\/\/arriendo.com\/co\/wp-json\/wp\/v2\/properties\/446434\/revisions\/446435"}],"wp:featuredmedia":[{"embeddable":true,"href":"https:\/\/arriendo.com\/co\/wp-json\/wp\/v2\/media\/446436"}],"wp:attachment":[{"href":"https:\/\/arriendo.com\/co\/wp-json\/wp\/v2\/media?parent=446434"}],"wp:term":[{"taxonomy":"es_location","embeddable":true,"href":"https:\/\/arriendo.com\/co\/wp-json\/wp\/v2\/es_locations?post=446434"},{"taxonomy":"es_category","embeddable":true,"href":"https:\/\/arriendo.com\/co\/wp-json\/wp\/v2\/es_categories?post=446434"},{"taxonomy":"es_type","embeddable":true,"href":"https:\/\/arriendo.com\/co\/wp-json\/wp\/v2\/es_types?post=446434"},{"taxonomy":"es_rent_period","embeddable":true,"href":"https:\/\/arriendo.com\/co\/wp-json\/wp\/v2\/es_rent_periods?post=446434"},{"taxonomy":"es_label","embeddable":true,"href":"https:\/\/arriendo.com\/co\/wp-json\/wp\/v2\/es_labels?post=446434"},{"taxonomy":"es_status","embeddable":true,"href":"https:\/\/arriendo.com\/co\/wp-json\/wp\/v2\/es_statuses?post=446434"},{"taxonomy":"es_parking","embeddable":true,"href":"https:\/\/arriendo.com\/co\/wp-json\/wp\/v2\/es_parkings?post=446434"},{"taxonomy":"es_roof","embeddable":true,"href":"https:\/\/arriendo.com\/co\/wp-json\/wp\/v2\/es_roofs?post=446434"},{"taxonomy":"es_exterior_material","embeddable":true,"href":"https:\/\/arriendo.com\/co\/wp-json\/wp\/v2\/es_exterior_materials?post=446434"},{"taxonomy":"es_basement","embeddable":true,"href":"https:\/\/arriendo.com\/co\/wp-json\/wp\/v2\/es_basements?post=446434"},{"taxonomy":"es_floor_covering","embeddable":true,"href":"https:\/\/arriendo.com\/co\/wp-json\/wp\/v2\/es_floor_coverings?post=446434"},{"taxonomy":"es_feature","embeddable":true,"href":"https:\/\/arriendo.com\/co\/wp-json\/wp\/v2\/es_features?post=446434"},{"taxonomy":"es_amenity","embeddable":true,"href":"https:\/\/arriendo.com\/co\/wp-json\/wp\/v2\/es_amenities?post=446434"},{"taxonomy":"es_neighborhood","embeddable":true,"href":"https:\/\/arriendo.com\/co\/wp-json\/wp\/v2\/es_neighborhoods?post=446434"},{"taxonomy":"es_tag","embeddable":true,"href":"https:\/\/arriendo.com\/co\/wp-json\/wp\/v2\/es_tags?post=446434"}],"curies":[{"name":"wp","href":"https:\/\/api.w.org\/{rel}","templated":true}]}}

<p>Local esquinero sobre la carrera 70, sector comercial en el area de ferreterias, pinturas, hogar y demas, diagonal a supermercado gran Colombia, y eje central que conecta barrios como caldas, buenos aires, refugio y farallones, si buscas un local con buena ubicación, rentabilidad y en el área de construcción en general este es el indicado.</p>
