{"id":446356,"date":"2026-04-28T13:23:30","date_gmt":"2026-04-28T18:23:30","guid":{"rendered":"https:\/\/arriendo.com\/co\/%es_type%\/%address_city%\/%neighborhood%\/elegante-apartaestudio-para-estrenar-en-conjunto-residencial-dc-26\/"},"modified":"2026-04-28T13:23:31","modified_gmt":"2026-04-28T18:23:31","slug":"AR-446356","status":"publish","type":"properties","link":"https:\/\/arriendo.com\/co\/apartaestudios\/bogota\/santa-cecillia\/AR-446356\/","title":{"rendered":"Elegante Apartaestudio para estrenar en Conjunto Residencial DC 26"},"content":{"rendered":"<p>Vive en la zona con mayor proyecci\u00f3n y conectividad de Bogot\u00e1 en este espectacular apartaestudio PARA ESTRENAR con acabados de gama alta. Ubicado estrat\u00e9gicamente en la intersecci\u00f3n de la Av. Ciudad de Cali con Av. El Dorado, justo frente al Centro Comercial Dorado Plaza y Homecenter, este espacio ha sido dise\u00f1ado para quienes buscan confort, dise\u00f1o moderno y practicidad. A solo 5 minutos del Aeropuerto El Dorado y rodeado de los principales centros empresariales (Connecta y zona franca), el inmueble cuenta con una zona social integrada, cocina integral de lujo, iluminaci\u00f3n LED, carpinter\u00eda de dise\u00f1o y ba\u00f1o con acabados tipo hotel. Es el lugar ideal para ejecutivos o parejas que desean un estilo de vida premium con acceso inmediato a Transmilenio y v\u00edas principales. S\u00e9 el primero en habitarlo y disfruta de seguridad 24\/7 y la comodidad de tener todo a la mano. \u00a1Agenda tu cita hoy mismo al 3242971447 y no dejes pasar esta oportunidad \u00fanica!<\/p>\n","protected":false},"excerpt":{"rendered":"Vive en la zona con mayor proyecci\u00f3n y conectividad de...","protected":false},"author":9964,"featured_media":446347,"template":"","es_locations":[110,418,218,3793],"es_categories":[],"es_types":[299],"es_rent_periods":[],"es_labels":[52],"es_statuses":[125],"es_parkings":[],"es_roofs":[],"es_exterior_materials":[],"es_basements":[],"es_floor_coverings":[],"es_features":[],"es_amenities":[],"es_neighborhoods":[],"es_tags":[],"class_list":["post-446356","properties","type-properties","status-publish","has-post-thumbnail","hentry","es_location-bogota","es_location-colombia","es_location-fontibon","es_location-santa-cecillia","es_type-apartaestudios","es_label-new","es_status-nuevo","es-post-entity"],"_links":{"self":[{"href":"https:\/\/arriendo.com\/co\/wp-json\/wp\/v2\/properties\/446356","targetHints":{"allow":["GET"]}}],"collection":[{"href":"https:\/\/arriendo.com\/co\/wp-json\/wp\/v2\/properties"}],"about":[{"href":"https:\/\/arriendo.com\/co\/wp-json\/wp\/v2\/types\/properties"}],"author":[{"embeddable":true,"href":"https:\/\/arriendo.com\/co\/wp-json\/wp\/v2\/users\/9964"}],"version-history":[{"count":1,"href":"https:\/\/arriendo.com\/co\/wp-json\/wp\/v2\/properties\/446356\/revisions"}],"predecessor-version":[{"id":446357,"href":"https:\/\/arriendo.com\/co\/wp-json\/wp\/v2\/properties\/446356\/revisions\/446357"}],"wp:featuredmedia":[{"embeddable":true,"href":"https:\/\/arriendo.com\/co\/wp-json\/wp\/v2\/media\/446347"}],"wp:attachment":[{"href":"https:\/\/arriendo.com\/co\/wp-json\/wp\/v2\/media?parent=446356"}],"wp:term":[{"taxonomy":"es_location","embeddable":true,"href":"https:\/\/arriendo.com\/co\/wp-json\/wp\/v2\/es_locations?post=446356"},{"taxonomy":"es_category","embeddable":true,"href":"https:\/\/arriendo.com\/co\/wp-json\/wp\/v2\/es_categories?post=446356"},{"taxonomy":"es_type","embeddable":true,"href":"https:\/\/arriendo.com\/co\/wp-json\/wp\/v2\/es_types?post=446356"},{"taxonomy":"es_rent_period","embeddable":true,"href":"https:\/\/arriendo.com\/co\/wp-json\/wp\/v2\/es_rent_periods?post=446356"},{"taxonomy":"es_label","embeddable":true,"href":"https:\/\/arriendo.com\/co\/wp-json\/wp\/v2\/es_labels?post=446356"},{"taxonomy":"es_status","embeddable":true,"href":"https:\/\/arriendo.com\/co\/wp-json\/wp\/v2\/es_statuses?post=446356"},{"taxonomy":"es_parking","embeddable":true,"href":"https:\/\/arriendo.com\/co\/wp-json\/wp\/v2\/es_parkings?post=446356"},{"taxonomy":"es_roof","embeddable":true,"href":"https:\/\/arriendo.com\/co\/wp-json\/wp\/v2\/es_roofs?post=446356"},{"taxonomy":"es_exterior_material","embeddable":true,"href":"https:\/\/arriendo.com\/co\/wp-json\/wp\/v2\/es_exterior_materials?post=446356"},{"taxonomy":"es_basement","embeddable":true,"href":"https:\/\/arriendo.com\/co\/wp-json\/wp\/v2\/es_basements?post=446356"},{"taxonomy":"es_floor_covering","embeddable":true,"href":"https:\/\/arriendo.com\/co\/wp-json\/wp\/v2\/es_floor_coverings?post=446356"},{"taxonomy":"es_feature","embeddable":true,"href":"https:\/\/arriendo.com\/co\/wp-json\/wp\/v2\/es_features?post=446356"},{"taxonomy":"es_amenity","embeddable":true,"href":"https:\/\/arriendo.com\/co\/wp-json\/wp\/v2\/es_amenities?post=446356"},{"taxonomy":"es_neighborhood","embeddable":true,"href":"https:\/\/arriendo.com\/co\/wp-json\/wp\/v2\/es_neighborhoods?post=446356"},{"taxonomy":"es_tag","embeddable":true,"href":"https:\/\/arriendo.com\/co\/wp-json\/wp\/v2\/es_tags?post=446356"}],"curies":[{"name":"wp","href":"https:\/\/api.w.org\/{rel}","templated":true}]}}

<p>Vive en la zona con mayor proyección y conectividad de Bogotá en este espectacular apartaestudio PARA ESTRENAR con acabados de gama alta. Ubicado estratégicamente en la intersección de la Av. Ciudad de Cali con Av. El Dorado, justo frente al Centro Comercial Dorado Plaza y Homecenter, este espacio ha sido diseñado para quienes buscan confort, diseño moderno y practicidad. A solo 5 minutos del Aeropuerto El Dorado y rodeado de los principales centros empresariales (Connecta y zona franca), el inmueble cuenta con una zona social integrada, cocina integral de lujo, iluminación LED, carpintería de diseño y baño con acabados tipo hotel. Es el lugar ideal para ejecutivos o parejas que desean un estilo de vida premium con acceso inmediato a Transmilenio y vías principales. Sé el primero en habitarlo y disfruta de seguridad 24/7 y la comodidad de tener todo a la mano. ¡Agenda tu cita hoy mismo al 3242971447 y no dejes pasar esta oportunidad única!</p>

Vive en la zona con mayor proyección y conectividad de...
