{"id":446309,"date":"2026-04-28T09:51:39","date_gmt":"2026-04-28T14:51:39","guid":{"rendered":"https:\/\/arriendo.com\/co\/%es_type%\/%address_city%\/%neighborhood%\/edifico-calle-85\/"},"modified":"2026-04-28T09:51:42","modified_gmt":"2026-04-28T14:51:42","slug":"AR-446309","status":"publish","type":"properties","link":"https:\/\/arriendo.com\/co\/edificios\/bogota\/antiguo-country\/AR-446309\/","title":{"rendered":"EDIFICO CALLE 85"},"content":{"rendered":"<p>Comodidades de la propiedad \u2022 Sobre v\u00eda principal \u2022 Trans. P\u00fablico cercano \u2022 Zona Comercial \u2022 Porter\u00eda \/ Recepci\u00f3n \u2022 Ubicada en edificio \u2022 Seguridad \u2022 Servicios P\u00fablicos Descripci\u00f3n \u00a1Excelente oportunidad de oficinas en primer piso! Espacios amplios y funcionales con abundante iluminaci\u00f3n natural, \u00f3ptima ventilaci\u00f3n. Cuenta con pisos en microcemento y baldosa, adem\u00e1s de una adecuada altura libre que brinda mayor comodidad y sensaci\u00f3n de amplitud. Las oficinas disponen de una distribuci\u00f3n vers\u00e1til con divisiones internas, ideal para adecuar salas de juntas, oficinas gerenciales o espacios de trabajo colaborativo, adapt\u00e1ndose a las necesidades de tu empresa. El edificio ofrece c\u00f3modas zonas comunes con bater\u00edas de ba\u00f1os en cada piso, planta el\u00e9ctrica de respaldo y \u00e1rea habilitada para el calentamiento de alimentos. Adem\u00e1s, cuenta con vigilancia 24\/7, sistema de c\u00e1maras de seguridad y servicio de aseo dos veces por semana. Ubicaci\u00f3n estrat\u00e9gica con f\u00e1cil acceso a transporte p\u00fablico y excelentes v\u00edas de conexi\u00f3n, ideal para potenciar la operaci\u00f3n de tu negocio. Una excelente opci\u00f3n para empresas que buscan un espacio moderno, funcional y listo para operaci\u00f3n inmediata.<\/p>\n","protected":false},"excerpt":{"rendered":"Comodidades de la propiedad \u2022 Sobre v\u00eda principal \u2022 Trans....","protected":false},"author":9957,"featured_media":446307,"template":"","es_locations":[1143,110,261,418,91],"es_categories":[],"es_types":[122],"es_rent_periods":[],"es_labels":[1952],"es_statuses":[126],"es_parkings":[],"es_roofs":[],"es_exterior_materials":[],"es_basements":[],"es_floor_coverings":[],"es_features":[],"es_amenities":[],"es_neighborhoods":[],"es_tags":[],"class_list":["post-446309","properties","type-properties","status-publish","has-post-thumbnail","hentry","es_location-antiguo-country","es_location-bogota","es_location-chapinero","es_location-colombia","es_location-cundinamarca","es_type-edificios","es_label-negociable","es_status-usado","es-post-entity"],"_links":{"self":[{"href":"https:\/\/arriendo.com\/co\/wp-json\/wp\/v2\/properties\/446309","targetHints":{"allow":["GET"]}}],"collection":[{"href":"https:\/\/arriendo.com\/co\/wp-json\/wp\/v2\/properties"}],"about":[{"href":"https:\/\/arriendo.com\/co\/wp-json\/wp\/v2\/types\/properties"}],"author":[{"embeddable":true,"href":"https:\/\/arriendo.com\/co\/wp-json\/wp\/v2\/users\/9957"}],"version-history":[{"count":1,"href":"https:\/\/arriendo.com\/co\/wp-json\/wp\/v2\/properties\/446309\/revisions"}],"predecessor-version":[{"id":446310,"href":"https:\/\/arriendo.com\/co\/wp-json\/wp\/v2\/properties\/446309\/revisions\/446310"}],"wp:featuredmedia":[{"embeddable":true,"href":"https:\/\/arriendo.com\/co\/wp-json\/wp\/v2\/media\/446307"}],"wp:attachment":[{"href":"https:\/\/arriendo.com\/co\/wp-json\/wp\/v2\/media?parent=446309"}],"wp:term":[{"taxonomy":"es_location","embeddable":true,"href":"https:\/\/arriendo.com\/co\/wp-json\/wp\/v2\/es_locations?post=446309"},{"taxonomy":"es_category","embeddable":true,"href":"https:\/\/arriendo.com\/co\/wp-json\/wp\/v2\/es_categories?post=446309"},{"taxonomy":"es_type","embeddable":true,"href":"https:\/\/arriendo.com\/co\/wp-json\/wp\/v2\/es_types?post=446309"},{"taxonomy":"es_rent_period","embeddable":true,"href":"https:\/\/arriendo.com\/co\/wp-json\/wp\/v2\/es_rent_periods?post=446309"},{"taxonomy":"es_label","embeddable":true,"href":"https:\/\/arriendo.com\/co\/wp-json\/wp\/v2\/es_labels?post=446309"},{"taxonomy":"es_status","embeddable":true,"href":"https:\/\/arriendo.com\/co\/wp-json\/wp\/v2\/es_statuses?post=446309"},{"taxonomy":"es_parking","embeddable":true,"href":"https:\/\/arriendo.com\/co\/wp-json\/wp\/v2\/es_parkings?post=446309"},{"taxonomy":"es_roof","embeddable":true,"href":"https:\/\/arriendo.com\/co\/wp-json\/wp\/v2\/es_roofs?post=446309"},{"taxonomy":"es_exterior_material","embeddable":true,"href":"https:\/\/arriendo.com\/co\/wp-json\/wp\/v2\/es_exterior_materials?post=446309"},{"taxonomy":"es_basement","embeddable":true,"href":"https:\/\/arriendo.com\/co\/wp-json\/wp\/v2\/es_basements?post=446309"},{"taxonomy":"es_floor_covering","embeddable":true,"href":"https:\/\/arriendo.com\/co\/wp-json\/wp\/v2\/es_floor_coverings?post=446309"},{"taxonomy":"es_feature","embeddable":true,"href":"https:\/\/arriendo.com\/co\/wp-json\/wp\/v2\/es_features?post=446309"},{"taxonomy":"es_amenity","embeddable":true,"href":"https:\/\/arriendo.com\/co\/wp-json\/wp\/v2\/es_amenities?post=446309"},{"taxonomy":"es_neighborhood","embeddable":true,"href":"https:\/\/arriendo.com\/co\/wp-json\/wp\/v2\/es_neighborhoods?post=446309"},{"taxonomy":"es_tag","embeddable":true,"href":"https:\/\/arriendo.com\/co\/wp-json\/wp\/v2\/es_tags?post=446309"}],"curies":[{"name":"wp","href":"https:\/\/api.w.org\/{rel}","templated":true}]}}

<p>Comodidades de la propiedad • Sobre vía principal • Trans. Público cercano • Zona Comercial • Portería / Recepción • Ubicada en edificio • Seguridad • Servicios Públicos Descripción ¡Excelente oportunidad de oficinas en primer piso! Espacios amplios y funcionales con abundante iluminación natural, óptima ventilación. Cuenta con pisos en microcemento y baldosa, además de una adecuada altura libre que brinda mayor comodidad y sensación de amplitud. Las oficinas disponen de una distribución versátil con divisiones internas, ideal para adecuar salas de juntas, oficinas gerenciales o espacios de trabajo colaborativo, adaptándose a las necesidades de tu empresa. El edificio ofrece cómodas zonas comunes con baterías de baños en cada piso, planta eléctrica de respaldo y área habilitada para el calentamiento de alimentos. Además, cuenta con vigilancia 24/7, sistema de cámaras de seguridad y servicio de aseo dos veces por semana. Ubicación estratégica con fácil acceso a transporte público y excelentes vías de conexión, ideal para potenciar la operación de tu negocio. Una excelente opción para empresas que buscan un espacio moderno, funcional y listo para operación inmediata.</p>

Comodidades de la propiedad • Sobre vía principal • Trans....
