{"id":445862,"date":"2026-04-27T01:18:47","date_gmt":"2026-04-27T06:18:47","guid":{"rendered":"https:\/\/arriendo.com\/co\/%es_type%\/manizales\/la-leonora\/\/"},"modified":"2026-04-27T01:18:47","modified_gmt":"2026-04-27T06:18:47","slug":"AR-445862","status":"publish","type":"properties","link":"https:\/\/arriendo.com\/co\/apartaestudios\/manizales\/la-leonora\/AR-445862\/","title":{"rendered":"Arrienda Apartaestudio Leonora Manizales"},"content":{"rendered":"<p>C\u00f3digo. nueve nueve cuatro nueve cuatro uno nueve . Este moderno y espacioso apartaestudio te ofrece la oportunidad de vivir en un lugar c\u00f3modo, acogedor y con una excelente ubicaci\u00f3n. Con una superficie total de 40 metros cuadrados, este inmueble cuenta con un amplio y luminoso ambiente que combina la sala y la alcoba, adem\u00e1s de una cocina integral equipada con todo lo que necesitas para preparar tus comidas favoritas. Su amplio ba\u00f1o cuenta con todas las comodidades que necesitas para relajarte despu\u00e9s de un largo d\u00eda, incluyendo un calentador que te garantiza agua caliente en todo momento. Adem\u00e1s, su ubicaci\u00f3n en una calle principal te garantiza una hermosa vista panor\u00e1mica desde su balc\u00f3n, ideal para disfrutar de tus ma\u00f1anas o tardes. Este apartaestudio cuenta con una habitaci\u00f3n espaciosa y con un amplio cl\u00f3set, perfecto para almacenar tu ropa y pertenencias. Tambi\u00e9n cuenta con ventanas dobles que te proporcionan una excelente iluminaci\u00f3n y aislamiento ac\u00fastico. Como si fuera poco, este inmueble est\u00e1 dise\u00f1ado con lujosos acabados que le dar\u00e1n un toque elegante y sofisticado a tu estilo de vida. El barrio donde se encuentra ubicado este apartaestudio est\u00e1 rodeado de jardines y colegios, lo que lo hace ideal para familias con ni\u00f1os. Adem\u00e1s, su cercan\u00eda a restaurantes y tiendas de barrio te garantiza tener todo lo que necesitas al alcance de tu mano. Adem\u00e1s, su acceso pavimentado y la presencia de c\u00e1maras de vigilancia en el circuito cerrado de TV te brindan seguridad y tranquilidad. Este inmueble se encuentra en una zona residencial, lo que te asegura un ambiente tranquilo y agradable para vivir. Adem\u00e1s, cuenta con una excelente conectividad al transporte p\u00fablico, facilit\u00e1ndote el acceso a cualquier parte de la ciudad. Sin duda, este apartaestudio es la opci\u00f3n perfecta para ti si buscas un lugar moderno, c\u00f3modo y con una excelente ubicaci\u00f3n. \u00a1No esperes m\u00e1s y cont\u00e1ctanos para conocerlo!<\/p>\n","protected":false},"excerpt":{"rendered":"C\u00f3digo. nueve nueve cuatro nueve cuatro uno nueve . Este...","protected":false},"author":4125,"featured_media":445864,"template":"","es_locations":[84,418,340],"es_categories":[124],"es_types":[299],"es_rent_periods":[],"es_labels":[],"es_statuses":[],"es_parkings":[],"es_roofs":[],"es_exterior_materials":[],"es_basements":[],"es_floor_coverings":[],"es_features":[],"es_amenities":[],"es_neighborhoods":[],"es_tags":[],"class_list":["post-445862","properties","type-properties","status-publish","has-post-thumbnail","hentry","es_location-caldas","es_location-colombia","es_location-manizales","es_category-arriendo","es_type-apartaestudios","es-post-entity"],"_links":{"self":[{"href":"https:\/\/arriendo.com\/co\/wp-json\/wp\/v2\/properties\/445862","targetHints":{"allow":["GET"]}}],"collection":[{"href":"https:\/\/arriendo.com\/co\/wp-json\/wp\/v2\/properties"}],"about":[{"href":"https:\/\/arriendo.com\/co\/wp-json\/wp\/v2\/types\/properties"}],"author":[{"embeddable":true,"href":"https:\/\/arriendo.com\/co\/wp-json\/wp\/v2\/users\/4125"}],"version-history":[{"count":1,"href":"https:\/\/arriendo.com\/co\/wp-json\/wp\/v2\/properties\/445862\/revisions"}],"predecessor-version":[{"id":445863,"href":"https:\/\/arriendo.com\/co\/wp-json\/wp\/v2\/properties\/445862\/revisions\/445863"}],"wp:featuredmedia":[{"embeddable":true,"href":"https:\/\/arriendo.com\/co\/wp-json\/wp\/v2\/media\/445864"}],"wp:attachment":[{"href":"https:\/\/arriendo.com\/co\/wp-json\/wp\/v2\/media?parent=445862"}],"wp:term":[{"taxonomy":"es_location","embeddable":true,"href":"https:\/\/arriendo.com\/co\/wp-json\/wp\/v2\/es_locations?post=445862"},{"taxonomy":"es_category","embeddable":true,"href":"https:\/\/arriendo.com\/co\/wp-json\/wp\/v2\/es_categories?post=445862"},{"taxonomy":"es_type","embeddable":true,"href":"https:\/\/arriendo.com\/co\/wp-json\/wp\/v2\/es_types?post=445862"},{"taxonomy":"es_rent_period","embeddable":true,"href":"https:\/\/arriendo.com\/co\/wp-json\/wp\/v2\/es_rent_periods?post=445862"},{"taxonomy":"es_label","embeddable":true,"href":"https:\/\/arriendo.com\/co\/wp-json\/wp\/v2\/es_labels?post=445862"},{"taxonomy":"es_status","embeddable":true,"href":"https:\/\/arriendo.com\/co\/wp-json\/wp\/v2\/es_statuses?post=445862"},{"taxonomy":"es_parking","embeddable":true,"href":"https:\/\/arriendo.com\/co\/wp-json\/wp\/v2\/es_parkings?post=445862"},{"taxonomy":"es_roof","embeddable":true,"href":"https:\/\/arriendo.com\/co\/wp-json\/wp\/v2\/es_roofs?post=445862"},{"taxonomy":"es_exterior_material","embeddable":true,"href":"https:\/\/arriendo.com\/co\/wp-json\/wp\/v2\/es_exterior_materials?post=445862"},{"taxonomy":"es_basement","embeddable":true,"href":"https:\/\/arriendo.com\/co\/wp-json\/wp\/v2\/es_basements?post=445862"},{"taxonomy":"es_floor_covering","embeddable":true,"href":"https:\/\/arriendo.com\/co\/wp-json\/wp\/v2\/es_floor_coverings?post=445862"},{"taxonomy":"es_feature","embeddable":true,"href":"https:\/\/arriendo.com\/co\/wp-json\/wp\/v2\/es_features?post=445862"},{"taxonomy":"es_amenity","embeddable":true,"href":"https:\/\/arriendo.com\/co\/wp-json\/wp\/v2\/es_amenities?post=445862"},{"taxonomy":"es_neighborhood","embeddable":true,"href":"https:\/\/arriendo.com\/co\/wp-json\/wp\/v2\/es_neighborhoods?post=445862"},{"taxonomy":"es_tag","embeddable":true,"href":"https:\/\/arriendo.com\/co\/wp-json\/wp\/v2\/es_tags?post=445862"}],"curies":[{"name":"wp","href":"https:\/\/api.w.org\/{rel}","templated":true}]}}

<p>Código. nueve nueve cuatro nueve cuatro uno nueve . Este moderno y espacioso apartaestudio te ofrece la oportunidad de vivir en un lugar cómodo, acogedor y con una excelente ubicación. Con una superficie total de 40 metros cuadrados, este inmueble cuenta con un amplio y luminoso ambiente que combina la sala y la alcoba, además de una cocina integral equipada con todo lo que necesitas para preparar tus comidas favoritas. Su amplio baño cuenta con todas las comodidades que necesitas para relajarte después de un largo día, incluyendo un calentador que te garantiza agua caliente en todo momento. Además, su ubicación en una calle principal te garantiza una hermosa vista panorámica desde su balcón, ideal para disfrutar de tus mañanas o tardes. Este apartaestudio cuenta con una habitación espaciosa y con un amplio clóset, perfecto para almacenar tu ropa y pertenencias. También cuenta con ventanas dobles que te proporcionan una excelente iluminación y aislamiento acústico. Como si fuera poco, este inmueble está diseñado con lujosos acabados que le darán un toque elegante y sofisticado a tu estilo de vida. El barrio donde se encuentra ubicado este apartaestudio está rodeado de jardines y colegios, lo que lo hace ideal para familias con niños. Además, su cercanía a restaurantes y tiendas de barrio te garantiza tener todo lo que necesitas al alcance de tu mano. Además, su acceso pavimentado y la presencia de cámaras de vigilancia en el circuito cerrado de TV te brindan seguridad y tranquilidad. Este inmueble se encuentra en una zona residencial, lo que te asegura un ambiente tranquilo y agradable para vivir. Además, cuenta con una excelente conectividad al transporte público, facilitándote el acceso a cualquier parte de la ciudad. Sin duda, este apartaestudio es la opción perfecta para ti si buscas un lugar moderno, cómodo y con una excelente ubicación. ¡No esperes más y contáctanos para conocerlo!</p>

Código. nueve nueve cuatro nueve cuatro uno nueve . Este...
