{"id":445713,"date":"2026-04-26T16:59:01","date_gmt":"2026-04-26T21:59:01","guid":{"rendered":"https:\/\/arriendo.com\/co\/%es_type%\/%address_city%\/%neighborhood%\/hermoso-departamento-amoblado-y-equipado\/"},"modified":"2026-04-26T16:59:04","modified_gmt":"2026-04-26T21:59:04","slug":"AR-445713","status":"publish","type":"properties","link":"https:\/\/arriendo.com\/co\/apartamentos\/providencia\/santiago\/AR-445713\/","title":{"rendered":"HERMOSO DEPARTAMENTO AMOBLADO Y EQUIPADO"},"content":{"rendered":"<p>Descubre este hermoso apartamento amoblado y equipado en la vibrante ciudad de Santiago, una oportunidad \u00fanica para quienes buscan comodidad y modernidad en un espacio nuevo. Con un dise\u00f1o cuidadosamente pensado, este apartamento de 40 m2 ofrece un ambiente acogedor y funcional, ideal para una persona o una pareja que desea vivir en un entorno moderno y seguro. La propiedad cuenta con una habitaci\u00f3n que incluye un elegante walking closet, perfecta para organizar de manera eficiente tus prendas y accesorios. Su ba\u00f1o es espacioso y moderno, complementado por una sala de estar que invita a la relajaci\u00f3n y el disfrute. La cocina est\u00e1 equipada con estufa el\u00e9ctrica, extractor y horno, facilitando la preparaci\u00f3n de deliciosas comidas en un espacio que combina estilo y practicidad. El piso laminado aporta calidez y sofisticaci\u00f3n, mientras que la zona de lavander\u00eda agrega comodidad a la vida cotidiana. La seguridad y el acceso son prioridad, por ello el edificio cuenta con acceso biom\u00e9trico y sistemas de tarjetas o pines, brindando tranquilidad en cada momento. La propiedad se encuentra en una ubicaci\u00f3n privilegiada en Santiago, con f\u00e1cil acceso a servicios y transporte. Esta es una oportunidad para vivir en un apartamento completamente listo para mudarse, en un estado nuevo y en una zona que destaca por su dinamismo y calidad de vida. Para mayor informaci\u00f3n y agendar una visita, contacta a la +569 7496 2674. y d\u00e9jate sorprender por esta excelente opci\u00f3n.<\/p>\n","protected":false},"excerpt":{"rendered":"Descubre este hermoso apartamento amoblado y equipado en la vibrante...","protected":false},"author":9930,"featured_media":445698,"template":"","es_locations":[1322,1584,1585],"es_categories":[],"es_types":[114],"es_rent_periods":[],"es_labels":[51],"es_statuses":[125],"es_parkings":[],"es_roofs":[],"es_exterior_materials":[],"es_basements":[],"es_floor_coverings":[],"es_features":[],"es_amenities":[],"es_neighborhoods":[],"es_tags":[],"class_list":["post-445713","properties","type-properties","status-publish","has-post-thumbnail","hentry","es_location-providencia","es_location-chile","es_location-region-metropolitana","es_type-apartamentos","es_label-featured","es_status-nuevo","es-post-entity"],"_links":{"self":[{"href":"https:\/\/arriendo.com\/co\/wp-json\/wp\/v2\/properties\/445713","targetHints":{"allow":["GET"]}}],"collection":[{"href":"https:\/\/arriendo.com\/co\/wp-json\/wp\/v2\/properties"}],"about":[{"href":"https:\/\/arriendo.com\/co\/wp-json\/wp\/v2\/types\/properties"}],"author":[{"embeddable":true,"href":"https:\/\/arriendo.com\/co\/wp-json\/wp\/v2\/users\/9930"}],"version-history":[{"count":1,"href":"https:\/\/arriendo.com\/co\/wp-json\/wp\/v2\/properties\/445713\/revisions"}],"predecessor-version":[{"id":445714,"href":"https:\/\/arriendo.com\/co\/wp-json\/wp\/v2\/properties\/445713\/revisions\/445714"}],"wp:featuredmedia":[{"embeddable":true,"href":"https:\/\/arriendo.com\/co\/wp-json\/wp\/v2\/media\/445698"}],"wp:attachment":[{"href":"https:\/\/arriendo.com\/co\/wp-json\/wp\/v2\/media?parent=445713"}],"wp:term":[{"taxonomy":"es_location","embeddable":true,"href":"https:\/\/arriendo.com\/co\/wp-json\/wp\/v2\/es_locations?post=445713"},{"taxonomy":"es_category","embeddable":true,"href":"https:\/\/arriendo.com\/co\/wp-json\/wp\/v2\/es_categories?post=445713"},{"taxonomy":"es_type","embeddable":true,"href":"https:\/\/arriendo.com\/co\/wp-json\/wp\/v2\/es_types?post=445713"},{"taxonomy":"es_rent_period","embeddable":true,"href":"https:\/\/arriendo.com\/co\/wp-json\/wp\/v2\/es_rent_periods?post=445713"},{"taxonomy":"es_label","embeddable":true,"href":"https:\/\/arriendo.com\/co\/wp-json\/wp\/v2\/es_labels?post=445713"},{"taxonomy":"es_status","embeddable":true,"href":"https:\/\/arriendo.com\/co\/wp-json\/wp\/v2\/es_statuses?post=445713"},{"taxonomy":"es_parking","embeddable":true,"href":"https:\/\/arriendo.com\/co\/wp-json\/wp\/v2\/es_parkings?post=445713"},{"taxonomy":"es_roof","embeddable":true,"href":"https:\/\/arriendo.com\/co\/wp-json\/wp\/v2\/es_roofs?post=445713"},{"taxonomy":"es_exterior_material","embeddable":true,"href":"https:\/\/arriendo.com\/co\/wp-json\/wp\/v2\/es_exterior_materials?post=445713"},{"taxonomy":"es_basement","embeddable":true,"href":"https:\/\/arriendo.com\/co\/wp-json\/wp\/v2\/es_basements?post=445713"},{"taxonomy":"es_floor_covering","embeddable":true,"href":"https:\/\/arriendo.com\/co\/wp-json\/wp\/v2\/es_floor_coverings?post=445713"},{"taxonomy":"es_feature","embeddable":true,"href":"https:\/\/arriendo.com\/co\/wp-json\/wp\/v2\/es_features?post=445713"},{"taxonomy":"es_amenity","embeddable":true,"href":"https:\/\/arriendo.com\/co\/wp-json\/wp\/v2\/es_amenities?post=445713"},{"taxonomy":"es_neighborhood","embeddable":true,"href":"https:\/\/arriendo.com\/co\/wp-json\/wp\/v2\/es_neighborhoods?post=445713"},{"taxonomy":"es_tag","embeddable":true,"href":"https:\/\/arriendo.com\/co\/wp-json\/wp\/v2\/es_tags?post=445713"}],"curies":[{"name":"wp","href":"https:\/\/api.w.org\/{rel}","templated":true}]}}

<p>Descubre este hermoso apartamento amoblado y equipado en la vibrante ciudad de Santiago, una oportunidad única para quienes buscan comodidad y modernidad en un espacio nuevo. Con un diseño cuidadosamente pensado, este apartamento de 40 m2 ofrece un ambiente acogedor y funcional, ideal para una persona o una pareja que desea vivir en un entorno moderno y seguro. La propiedad cuenta con una habitación que incluye un elegante walking closet, perfecta para organizar de manera eficiente tus prendas y accesorios. Su baño es espacioso y moderno, complementado por una sala de estar que invita a la relajación y el disfrute. La cocina está equipada con estufa eléctrica, extractor y horno, facilitando la preparación de deliciosas comidas en un espacio que combina estilo y practicidad. El piso laminado aporta calidez y sofisticación, mientras que la zona de lavandería agrega comodidad a la vida cotidiana. La seguridad y el acceso son prioridad, por ello el edificio cuenta con acceso biométrico y sistemas de tarjetas o pines, brindando tranquilidad en cada momento. La propiedad se encuentra en una ubicación privilegiada en Santiago, con fácil acceso a servicios y transporte. Esta es una oportunidad para vivir en un apartamento completamente listo para mudarse, en un estado nuevo y en una zona que destaca por su dinamismo y calidad de vida. Para mayor información y agendar una visita, contacta a la +569 7496 2674. y déjate sorprender por esta excelente opción.</p>
