{"id":445538,"date":"2026-04-25T02:13:02","date_gmt":"2026-04-25T07:13:02","guid":{"rendered":"https:\/\/arriendo.com\/co\/%es_type%\/medellin\/avenida-el-poblado\/\/"},"modified":"2026-04-25T02:13:02","modified_gmt":"2026-04-25T07:13:02","slug":"AR-445538","status":"publish","type":"properties","link":"https:\/\/arriendo.com\/co\/oficinas\/medellin\/avenida-el-poblado\/AR-445538\/","title":{"rendered":"Alquiler oficina Poblado 9944023 DL"},"content":{"rendered":"<p>Oficina en alquiler en El Poblado, sector El Campestre, ubicada en una zona estrat\u00e9gica con excelente acceso a transporte p\u00fablico y cercan\u00eda a servicios y zonas comerciales. El espacio se destaca por su muy buena iluminaci\u00f3n natural y una distribuci\u00f3n funcional que brinda un ambiente c\u00f3modo y productivo para el desarrollo de actividades profesionales.&nbsp;Valor alquiler&nbsp; $4.000.000<\/p>\n","protected":false},"excerpt":{"rendered":"Oficina en alquiler en El Poblado, sector El Campestre, ubicada...","protected":false},"author":1160,"featured_media":445540,"template":"","es_locations":[79,418,305],"es_categories":[124],"es_types":[116],"es_rent_periods":[],"es_labels":[],"es_statuses":[],"es_parkings":[],"es_roofs":[],"es_exterior_materials":[],"es_basements":[],"es_floor_coverings":[],"es_features":[],"es_amenities":[],"es_neighborhoods":[],"es_tags":[],"class_list":["post-445538","properties","type-properties","status-publish","has-post-thumbnail","hentry","es_location-antioquia","es_location-colombia","es_location-medellin","es_category-arriendo","es_type-oficinas","es-post-entity"],"_links":{"self":[{"href":"https:\/\/arriendo.com\/co\/wp-json\/wp\/v2\/properties\/445538","targetHints":{"allow":["GET"]}}],"collection":[{"href":"https:\/\/arriendo.com\/co\/wp-json\/wp\/v2\/properties"}],"about":[{"href":"https:\/\/arriendo.com\/co\/wp-json\/wp\/v2\/types\/properties"}],"author":[{"embeddable":true,"href":"https:\/\/arriendo.com\/co\/wp-json\/wp\/v2\/users\/1160"}],"version-history":[{"count":1,"href":"https:\/\/arriendo.com\/co\/wp-json\/wp\/v2\/properties\/445538\/revisions"}],"predecessor-version":[{"id":445539,"href":"https:\/\/arriendo.com\/co\/wp-json\/wp\/v2\/properties\/445538\/revisions\/445539"}],"wp:featuredmedia":[{"embeddable":true,"href":"https:\/\/arriendo.com\/co\/wp-json\/wp\/v2\/media\/445540"}],"wp:attachment":[{"href":"https:\/\/arriendo.com\/co\/wp-json\/wp\/v2\/media?parent=445538"}],"wp:term":[{"taxonomy":"es_location","embeddable":true,"href":"https:\/\/arriendo.com\/co\/wp-json\/wp\/v2\/es_locations?post=445538"},{"taxonomy":"es_category","embeddable":true,"href":"https:\/\/arriendo.com\/co\/wp-json\/wp\/v2\/es_categories?post=445538"},{"taxonomy":"es_type","embeddable":true,"href":"https:\/\/arriendo.com\/co\/wp-json\/wp\/v2\/es_types?post=445538"},{"taxonomy":"es_rent_period","embeddable":true,"href":"https:\/\/arriendo.com\/co\/wp-json\/wp\/v2\/es_rent_periods?post=445538"},{"taxonomy":"es_label","embeddable":true,"href":"https:\/\/arriendo.com\/co\/wp-json\/wp\/v2\/es_labels?post=445538"},{"taxonomy":"es_status","embeddable":true,"href":"https:\/\/arriendo.com\/co\/wp-json\/wp\/v2\/es_statuses?post=445538"},{"taxonomy":"es_parking","embeddable":true,"href":"https:\/\/arriendo.com\/co\/wp-json\/wp\/v2\/es_parkings?post=445538"},{"taxonomy":"es_roof","embeddable":true,"href":"https:\/\/arriendo.com\/co\/wp-json\/wp\/v2\/es_roofs?post=445538"},{"taxonomy":"es_exterior_material","embeddable":true,"href":"https:\/\/arriendo.com\/co\/wp-json\/wp\/v2\/es_exterior_materials?post=445538"},{"taxonomy":"es_basement","embeddable":true,"href":"https:\/\/arriendo.com\/co\/wp-json\/wp\/v2\/es_basements?post=445538"},{"taxonomy":"es_floor_covering","embeddable":true,"href":"https:\/\/arriendo.com\/co\/wp-json\/wp\/v2\/es_floor_coverings?post=445538"},{"taxonomy":"es_feature","embeddable":true,"href":"https:\/\/arriendo.com\/co\/wp-json\/wp\/v2\/es_features?post=445538"},{"taxonomy":"es_amenity","embeddable":true,"href":"https:\/\/arriendo.com\/co\/wp-json\/wp\/v2\/es_amenities?post=445538"},{"taxonomy":"es_neighborhood","embeddable":true,"href":"https:\/\/arriendo.com\/co\/wp-json\/wp\/v2\/es_neighborhoods?post=445538"},{"taxonomy":"es_tag","embeddable":true,"href":"https:\/\/arriendo.com\/co\/wp-json\/wp\/v2\/es_tags?post=445538"}],"curies":[{"name":"wp","href":"https:\/\/api.w.org\/{rel}","templated":true}]}}

<p>Oficina en alquiler en El Poblado, sector El Campestre, ubicada en una zona estratégica con excelente acceso a transporte público y cercanía a servicios y zonas comerciales. El espacio se destaca por su muy buena iluminación natural y una distribución funcional que brinda un ambiente cómodo y productivo para el desarrollo de actividades profesionales.&nbsp;Valor alquiler&nbsp; $4.000.000</p>
