{"id":445531,"date":"2026-04-25T02:12:57","date_gmt":"2026-04-25T07:12:57","guid":{"rendered":"https:\/\/arriendo.com\/co\/%es_type%\/medellin\/el-poblado\/\/"},"modified":"2026-04-25T02:12:57","modified_gmt":"2026-04-25T07:12:57","slug":"AR-445531","status":"publish","type":"properties","link":"https:\/\/arriendo.com\/co\/oficinas\/medellin\/el-poblado\/AR-445531\/","title":{"rendered":"Alquiler Oficina Poblado 9945012 DL"},"content":{"rendered":"<p>Oficina en arriendo en El Poblado, 40 m\u00b2 muy bien distribuidos, con excelente iluminaci\u00f3n natural que brinda un ambiente de trabajo c\u00f3modo y productivo. Ubicada en un sector privilegiado, con f\u00e1cil acceso a transporte p\u00fablico y v\u00edas principales. Ideal para empresas que buscan ubicaci\u00f3n estrat\u00e9gica y comodidad.Valor alquiler $ 3.900.000<\/p>\n","protected":false},"excerpt":{"rendered":"Oficina en arriendo en El Poblado, 40 m\u00b2 muy bien...","protected":false},"author":1160,"featured_media":445533,"template":"","es_locations":[79,418,305],"es_categories":[124],"es_types":[116],"es_rent_periods":[],"es_labels":[],"es_statuses":[],"es_parkings":[],"es_roofs":[],"es_exterior_materials":[],"es_basements":[],"es_floor_coverings":[],"es_features":[],"es_amenities":[],"es_neighborhoods":[],"es_tags":[],"class_list":["post-445531","properties","type-properties","status-publish","has-post-thumbnail","hentry","es_location-antioquia","es_location-colombia","es_location-medellin","es_category-arriendo","es_type-oficinas","es-post-entity"],"_links":{"self":[{"href":"https:\/\/arriendo.com\/co\/wp-json\/wp\/v2\/properties\/445531","targetHints":{"allow":["GET"]}}],"collection":[{"href":"https:\/\/arriendo.com\/co\/wp-json\/wp\/v2\/properties"}],"about":[{"href":"https:\/\/arriendo.com\/co\/wp-json\/wp\/v2\/types\/properties"}],"author":[{"embeddable":true,"href":"https:\/\/arriendo.com\/co\/wp-json\/wp\/v2\/users\/1160"}],"version-history":[{"count":1,"href":"https:\/\/arriendo.com\/co\/wp-json\/wp\/v2\/properties\/445531\/revisions"}],"predecessor-version":[{"id":445532,"href":"https:\/\/arriendo.com\/co\/wp-json\/wp\/v2\/properties\/445531\/revisions\/445532"}],"wp:featuredmedia":[{"embeddable":true,"href":"https:\/\/arriendo.com\/co\/wp-json\/wp\/v2\/media\/445533"}],"wp:attachment":[{"href":"https:\/\/arriendo.com\/co\/wp-json\/wp\/v2\/media?parent=445531"}],"wp:term":[{"taxonomy":"es_location","embeddable":true,"href":"https:\/\/arriendo.com\/co\/wp-json\/wp\/v2\/es_locations?post=445531"},{"taxonomy":"es_category","embeddable":true,"href":"https:\/\/arriendo.com\/co\/wp-json\/wp\/v2\/es_categories?post=445531"},{"taxonomy":"es_type","embeddable":true,"href":"https:\/\/arriendo.com\/co\/wp-json\/wp\/v2\/es_types?post=445531"},{"taxonomy":"es_rent_period","embeddable":true,"href":"https:\/\/arriendo.com\/co\/wp-json\/wp\/v2\/es_rent_periods?post=445531"},{"taxonomy":"es_label","embeddable":true,"href":"https:\/\/arriendo.com\/co\/wp-json\/wp\/v2\/es_labels?post=445531"},{"taxonomy":"es_status","embeddable":true,"href":"https:\/\/arriendo.com\/co\/wp-json\/wp\/v2\/es_statuses?post=445531"},{"taxonomy":"es_parking","embeddable":true,"href":"https:\/\/arriendo.com\/co\/wp-json\/wp\/v2\/es_parkings?post=445531"},{"taxonomy":"es_roof","embeddable":true,"href":"https:\/\/arriendo.com\/co\/wp-json\/wp\/v2\/es_roofs?post=445531"},{"taxonomy":"es_exterior_material","embeddable":true,"href":"https:\/\/arriendo.com\/co\/wp-json\/wp\/v2\/es_exterior_materials?post=445531"},{"taxonomy":"es_basement","embeddable":true,"href":"https:\/\/arriendo.com\/co\/wp-json\/wp\/v2\/es_basements?post=445531"},{"taxonomy":"es_floor_covering","embeddable":true,"href":"https:\/\/arriendo.com\/co\/wp-json\/wp\/v2\/es_floor_coverings?post=445531"},{"taxonomy":"es_feature","embeddable":true,"href":"https:\/\/arriendo.com\/co\/wp-json\/wp\/v2\/es_features?post=445531"},{"taxonomy":"es_amenity","embeddable":true,"href":"https:\/\/arriendo.com\/co\/wp-json\/wp\/v2\/es_amenities?post=445531"},{"taxonomy":"es_neighborhood","embeddable":true,"href":"https:\/\/arriendo.com\/co\/wp-json\/wp\/v2\/es_neighborhoods?post=445531"},{"taxonomy":"es_tag","embeddable":true,"href":"https:\/\/arriendo.com\/co\/wp-json\/wp\/v2\/es_tags?post=445531"}],"curies":[{"name":"wp","href":"https:\/\/api.w.org\/{rel}","templated":true}]}}

<p>Oficina en arriendo en El Poblado, 40 m² muy bien distribuidos, con excelente iluminación natural que brinda un ambiente de trabajo cómodo y productivo. Ubicada en un sector privilegiado, con fácil acceso a transporte público y vías principales. Ideal para empresas que buscan ubicación estratégica y comodidad.Valor alquiler $ 3.900.000</p>
