{"id":42929,"date":"2025-02-26T14:45:04","date_gmt":"2025-02-26T19:45:04","guid":{"rendered":"https:\/\/arriendo.com\/co\/%es_type%\/bogota-d.c.\/alamos-norte\/vqw1Wu5H0\/"},"modified":"2025-10-22T08:41:13","modified_gmt":"2025-10-22T13:41:13","slug":"ar-42929","status":"publish","type":"properties","link":"https:\/\/arriendo.com\/co\/locales\/bogota\/alamos-norte\/ar-42929\/","title":{"rendered":"Local en arriendo en \u00c1lamos Norte de 90m\u00b2"},"content":{"rendered":"<p data-start=\"1017\" data-end=\"1440\">Si est\u00e1s buscando un <strong>local en arriendo en \u00c1lamos Norte<\/strong>, esta opci\u00f3n te ofrece todo lo que necesitas para potenciar tu negocio en una de las zonas m\u00e1s activas de Bogot\u00e1. Ubicado dentro de un reconocido centro comercial, este espacio se destaca por su gran visibilidad, su cercan\u00eda a las principales avenidas \u2014Calle 72 y Avenida Ciudad de Cali\u2014 y su entorno empresarial y comercial en constante crecimiento.<\/p>\n<p data-start=\"1442\" data-end=\"1833\">Con un \u00e1rea de <strong>90 m\u00b2<\/strong>, el local presenta un espacio totalmente abierto que brinda m\u00faltiples posibilidades de distribuci\u00f3n, adapt\u00e1ndose f\u00e1cilmente a distintos tipos de negocio como tiendas, oficinas de atenci\u00f3n al cliente o puntos de servicio. Adem\u00e1s, cuenta con dos ba\u00f1os y un <strong>parqueadero privado<\/strong>, garantizando comodidad tanto para el personal como para los visitantes.<\/p>\n<p data-start=\"1835\" data-end=\"2157\">Su excelente <strong>vitrina comercial<\/strong> permite exhibir tus productos o servicios con gran impacto visual, aprovechando el alto flujo peatonal y vehicular del sector. Dentro del mismo edificio funcionan oficinas con m\u00e1s de 2.000 empleados, lo que asegura un flujo constante de clientes potenciales a lo largo del d\u00eda.<\/p>\n<p data-start=\"2159\" data-end=\"2531\">El centro comercial dispone de parqueadero p\u00fablico para visitantes, vigilancia permanente y f\u00e1cil acceso al transporte p\u00fablico, lo que facilita la llegada de clientes y empleados desde diferentes puntos de la ciudad. Todo esto convierte a este inmueble en una oportunidad ideal para quienes buscan un local estrat\u00e9gico y funcional en una zona de gran proyecci\u00f3n.<\/p>\n","protected":false},"excerpt":{"rendered":"Si est\u00e1s buscando un local en arriendo en \u00c1lamos Norte,...","protected":false},"author":2184,"featured_media":42930,"template":"","es_locations":[1150,110,418,91],"es_categories":[124],"es_types":[117],"es_rent_periods":[],"es_labels":[2090],"es_statuses":[],"es_parkings":[],"es_roofs":[],"es_exterior_materials":[],"es_basements":[],"es_floor_coverings":[],"es_features":[],"es_amenities":[],"es_neighborhoods":[],"es_tags":[],"class_list":["post-42929","properties","type-properties","status-publish","has-post-thumbnail","hentry","es_location-alamos-norte","es_location-bogota","es_location-colombia","es_location-cundinamarca","es_category-arriendo","es_type-locales","es_label-arrendado","es-post-entity"],"_links":{"self":[{"href":"https:\/\/arriendo.com\/co\/wp-json\/wp\/v2\/properties\/42929","targetHints":{"allow":["GET"]}}],"collection":[{"href":"https:\/\/arriendo.com\/co\/wp-json\/wp\/v2\/properties"}],"about":[{"href":"https:\/\/arriendo.com\/co\/wp-json\/wp\/v2\/types\/properties"}],"author":[{"embeddable":true,"href":"https:\/\/arriendo.com\/co\/wp-json\/wp\/v2\/users\/2184"}],"version-history":[{"count":0,"href":"https:\/\/arriendo.com\/co\/wp-json\/wp\/v2\/properties\/42929\/revisions"}],"wp:featuredmedia":[{"embeddable":true,"href":"https:\/\/arriendo.com\/co\/wp-json\/wp\/v2\/media\/42930"}],"wp:attachment":[{"href":"https:\/\/arriendo.com\/co\/wp-json\/wp\/v2\/media?parent=42929"}],"wp:term":[{"taxonomy":"es_location","embeddable":true,"href":"https:\/\/arriendo.com\/co\/wp-json\/wp\/v2\/es_locations?post=42929"},{"taxonomy":"es_category","embeddable":true,"href":"https:\/\/arriendo.com\/co\/wp-json\/wp\/v2\/es_categories?post=42929"},{"taxonomy":"es_type","embeddable":true,"href":"https:\/\/arriendo.com\/co\/wp-json\/wp\/v2\/es_types?post=42929"},{"taxonomy":"es_rent_period","embeddable":true,"href":"https:\/\/arriendo.com\/co\/wp-json\/wp\/v2\/es_rent_periods?post=42929"},{"taxonomy":"es_label","embeddable":true,"href":"https:\/\/arriendo.com\/co\/wp-json\/wp\/v2\/es_labels?post=42929"},{"taxonomy":"es_status","embeddable":true,"href":"https:\/\/arriendo.com\/co\/wp-json\/wp\/v2\/es_statuses?post=42929"},{"taxonomy":"es_parking","embeddable":true,"href":"https:\/\/arriendo.com\/co\/wp-json\/wp\/v2\/es_parkings?post=42929"},{"taxonomy":"es_roof","embeddable":true,"href":"https:\/\/arriendo.com\/co\/wp-json\/wp\/v2\/es_roofs?post=42929"},{"taxonomy":"es_exterior_material","embeddable":true,"href":"https:\/\/arriendo.com\/co\/wp-json\/wp\/v2\/es_exterior_materials?post=42929"},{"taxonomy":"es_basement","embeddable":true,"href":"https:\/\/arriendo.com\/co\/wp-json\/wp\/v2\/es_basements?post=42929"},{"taxonomy":"es_floor_covering","embeddable":true,"href":"https:\/\/arriendo.com\/co\/wp-json\/wp\/v2\/es_floor_coverings?post=42929"},{"taxonomy":"es_feature","embeddable":true,"href":"https:\/\/arriendo.com\/co\/wp-json\/wp\/v2\/es_features?post=42929"},{"taxonomy":"es_amenity","embeddable":true,"href":"https:\/\/arriendo.com\/co\/wp-json\/wp\/v2\/es_amenities?post=42929"},{"taxonomy":"es_neighborhood","embeddable":true,"href":"https:\/\/arriendo.com\/co\/wp-json\/wp\/v2\/es_neighborhoods?post=42929"},{"taxonomy":"es_tag","embeddable":true,"href":"https:\/\/arriendo.com\/co\/wp-json\/wp\/v2\/es_tags?post=42929"}],"curies":[{"name":"wp","href":"https:\/\/api.w.org\/{rel}","templated":true}]}}

Local en arriendo en Álamos Norte de 90m²

<p data-start="1017" data-end="1440">Si estás buscando un <strong>local en arriendo en Álamos Norte</strong>, esta opción te ofrece todo lo que necesitas para potenciar tu negocio en una de las zonas más activas de Bogotá. Ubicado dentro de un reconocido centro comercial, este espacio se destaca por su gran visibilidad, su cercanía a las principales avenidas —Calle 72 y Avenida Ciudad de Cali— y su entorno empresarial y comercial en constante crecimiento.</p>
<p data-start="1442" data-end="1833">Con un área de <strong>90 m²</strong>, el local presenta un espacio totalmente abierto que brinda múltiples posibilidades de distribución, adaptándose fácilmente a distintos tipos de negocio como tiendas, oficinas de atención al cliente o puntos de servicio. Además, cuenta con dos baños y un <strong>parqueadero privado</strong>, garantizando comodidad tanto para el personal como para los visitantes.</p>
<p data-start="1835" data-end="2157">Su excelente <strong>vitrina comercial</strong> permite exhibir tus productos o servicios con gran impacto visual, aprovechando el alto flujo peatonal y vehicular del sector. Dentro del mismo edificio funcionan oficinas con más de 2.000 empleados, lo que asegura un flujo constante de clientes potenciales a lo largo del día.</p>
<p data-start="2159" data-end="2531">El centro comercial dispone de parqueadero público para visitantes, vigilancia permanente y fácil acceso al transporte público, lo que facilita la llegada de clientes y empleados desde diferentes puntos de la ciudad. Todo esto convierte a este inmueble en una oportunidad ideal para quienes buscan un local estratégico y funcional en una zona de gran proyección.</p>

Si estás buscando un local en arriendo en Álamos Norte,...
