{"id":425776,"date":"2026-03-14T02:36:09","date_gmt":"2026-03-14T07:36:09","guid":{"rendered":"https:\/\/arriendo.com\/co\/%es_type%\/medellin\/los-colores\/\/"},"modified":"2026-03-14T02:36:09","modified_gmt":"2026-03-14T07:36:09","slug":"AR-425776","status":"publish","type":"properties","link":"https:\/\/arriendo.com\/co\/apartamentos\/medellin\/los-colores\/AR-425776\/","title":{"rendered":"Hermoso Apartamento Amoblado, Los Colores, Medell\u00edn"},"content":{"rendered":"<p>Moderno Apartamento Amoblado en Los Colores \u2013 Ubicaci\u00f3n Estrat\u00e9gicaDisfruta de la comodidad y seguridad en uno de los barrios m\u00e1s tradicionales y mejor conectados de Medell\u00edn. Este hermoso apartamento de 70mts\u00b2 es ideal para familias, ejecutivos o turistas que buscan estar cerca de todoUbicaci\u00f3n PrivilegiadaSituado en el sector de Los Colores (estrato 4), justo detr\u00e1s de la 4ta Brigada. Goza de una conectividad envidiable con transporte p\u00fablico permanente y cercan\u00eda inmediata a:Educaci\u00f3n: Universidades (Luis Amig\u00f3, UNAL, Fac. Minas) y colegios de prestigio.Comercio: Centros comerciales (Diamante, Obelisco), supermercados y zonas bancarias.Cerca de los mejores Sitios Tur\u00edsticosA pocos minutos de los puntos m\u00e1s emblem\u00e1ticos de la ciudad:Unidad Deportiva Atanasio Girardot: El coraz\u00f3n del deporte y grandes eventos.Bulevar de la 70: Famoso por su vibrante vida nocturna, restaurantes y cultura.Jard\u00edn Bot\u00e1nico y Parque Explora: A un corto trayecto para conectar con la naturaleza y la ciencia.Centro de la ciudad: F\u00e1cil acceso a la Plaza de Botero y Museos.Comodidades del ApartamentoCapacidad: 3 habitaciones totalmente equipadas.Habitaci\u00f3n principal con cama doble.Dos habitaciones auxiliares con cama tarima (nido) cada una.Tecnolog\u00eda y Hogar: Cocina integral dotada, nevera y 2 Smart TV para tu entretenimiento.Parqueadero: Espacio privado para carro incluido.\ud83c\udfe2 Seguridad y Zonas ComunesUnidad cerrada con vigilancia y porter\u00eda 24\/7.Ambiente familiar y tranquilo con excelentes rutas de acceso por la Carrera 76. Piscina, gimnasio dotado, cancha m\u00faltiple y parque infantil.Estancia m\u00ednima de un mes!\u00a1 Cont\u00e1ctanos para m\u00e1s informaci\u00f3n, Reserva ahora y vive Medell\u00edn desde el mejor punto de la ciudad!<\/p>\n","protected":false},"excerpt":{"rendered":"Moderno Apartamento Amoblado en Los Colores \u2013 Ubicaci\u00f3n Estrat\u00e9gicaDisfruta de...","protected":false},"author":833,"featured_media":425778,"template":"","es_locations":[79,418,305],"es_categories":[124],"es_types":[114],"es_rent_periods":[],"es_labels":[],"es_statuses":[],"es_parkings":[],"es_roofs":[],"es_exterior_materials":[],"es_basements":[],"es_floor_coverings":[],"es_features":[],"es_amenities":[],"es_neighborhoods":[],"es_tags":[],"class_list":["post-425776","properties","type-properties","status-publish","has-post-thumbnail","hentry","es_location-antioquia","es_location-colombia","es_location-medellin","es_category-arriendo","es_type-apartamentos","es-post-entity"],"_links":{"self":[{"href":"https:\/\/arriendo.com\/co\/wp-json\/wp\/v2\/properties\/425776","targetHints":{"allow":["GET"]}}],"collection":[{"href":"https:\/\/arriendo.com\/co\/wp-json\/wp\/v2\/properties"}],"about":[{"href":"https:\/\/arriendo.com\/co\/wp-json\/wp\/v2\/types\/properties"}],"author":[{"embeddable":true,"href":"https:\/\/arriendo.com\/co\/wp-json\/wp\/v2\/users\/833"}],"version-history":[{"count":1,"href":"https:\/\/arriendo.com\/co\/wp-json\/wp\/v2\/properties\/425776\/revisions"}],"predecessor-version":[{"id":425777,"href":"https:\/\/arriendo.com\/co\/wp-json\/wp\/v2\/properties\/425776\/revisions\/425777"}],"wp:featuredmedia":[{"embeddable":true,"href":"https:\/\/arriendo.com\/co\/wp-json\/wp\/v2\/media\/425778"}],"wp:attachment":[{"href":"https:\/\/arriendo.com\/co\/wp-json\/wp\/v2\/media?parent=425776"}],"wp:term":[{"taxonomy":"es_location","embeddable":true,"href":"https:\/\/arriendo.com\/co\/wp-json\/wp\/v2\/es_locations?post=425776"},{"taxonomy":"es_category","embeddable":true,"href":"https:\/\/arriendo.com\/co\/wp-json\/wp\/v2\/es_categories?post=425776"},{"taxonomy":"es_type","embeddable":true,"href":"https:\/\/arriendo.com\/co\/wp-json\/wp\/v2\/es_types?post=425776"},{"taxonomy":"es_rent_period","embeddable":true,"href":"https:\/\/arriendo.com\/co\/wp-json\/wp\/v2\/es_rent_periods?post=425776"},{"taxonomy":"es_label","embeddable":true,"href":"https:\/\/arriendo.com\/co\/wp-json\/wp\/v2\/es_labels?post=425776"},{"taxonomy":"es_status","embeddable":true,"href":"https:\/\/arriendo.com\/co\/wp-json\/wp\/v2\/es_statuses?post=425776"},{"taxonomy":"es_parking","embeddable":true,"href":"https:\/\/arriendo.com\/co\/wp-json\/wp\/v2\/es_parkings?post=425776"},{"taxonomy":"es_roof","embeddable":true,"href":"https:\/\/arriendo.com\/co\/wp-json\/wp\/v2\/es_roofs?post=425776"},{"taxonomy":"es_exterior_material","embeddable":true,"href":"https:\/\/arriendo.com\/co\/wp-json\/wp\/v2\/es_exterior_materials?post=425776"},{"taxonomy":"es_basement","embeddable":true,"href":"https:\/\/arriendo.com\/co\/wp-json\/wp\/v2\/es_basements?post=425776"},{"taxonomy":"es_floor_covering","embeddable":true,"href":"https:\/\/arriendo.com\/co\/wp-json\/wp\/v2\/es_floor_coverings?post=425776"},{"taxonomy":"es_feature","embeddable":true,"href":"https:\/\/arriendo.com\/co\/wp-json\/wp\/v2\/es_features?post=425776"},{"taxonomy":"es_amenity","embeddable":true,"href":"https:\/\/arriendo.com\/co\/wp-json\/wp\/v2\/es_amenities?post=425776"},{"taxonomy":"es_neighborhood","embeddable":true,"href":"https:\/\/arriendo.com\/co\/wp-json\/wp\/v2\/es_neighborhoods?post=425776"},{"taxonomy":"es_tag","embeddable":true,"href":"https:\/\/arriendo.com\/co\/wp-json\/wp\/v2\/es_tags?post=425776"}],"curies":[{"name":"wp","href":"https:\/\/api.w.org\/{rel}","templated":true}]}}

Hermoso Apartamento Amoblado, Los Colores, Medellín

<p>Moderno Apartamento Amoblado en Los Colores – Ubicación EstratégicaDisfruta de la comodidad y seguridad en uno de los barrios más tradicionales y mejor conectados de Medellín. Este hermoso apartamento de 70mts² es ideal para familias, ejecutivos o turistas que buscan estar cerca de todoUbicación PrivilegiadaSituado en el sector de Los Colores (estrato 4), justo detrás de la 4ta Brigada. Goza de una conectividad envidiable con transporte público permanente y cercanía inmediata a:Educación: Universidades (Luis Amigó, UNAL, Fac. Minas) y colegios de prestigio.Comercio: Centros comerciales (Diamante, Obelisco), supermercados y zonas bancarias.Cerca de los mejores Sitios TurísticosA pocos minutos de los puntos más emblemáticos de la ciudad:Unidad Deportiva Atanasio Girardot: El corazón del deporte y grandes eventos.Bulevar de la 70: Famoso por su vibrante vida nocturna, restaurantes y cultura.Jardín Botánico y Parque Explora: A un corto trayecto para conectar con la naturaleza y la ciencia.Centro de la ciudad: Fácil acceso a la Plaza de Botero y Museos.Comodidades del ApartamentoCapacidad: 3 habitaciones totalmente equipadas.Habitación principal con cama doble.Dos habitaciones auxiliares con cama tarima (nido) cada una.Tecnología y Hogar: Cocina integral dotada, nevera y 2 Smart TV para tu entretenimiento.Parqueadero: Espacio privado para carro incluido.🏢 Seguridad y Zonas ComunesUnidad cerrada con vigilancia y portería 24/7.Ambiente familiar y tranquilo con excelentes rutas de acceso por la Carrera 76. Piscina, gimnasio dotado, cancha múltiple y parque infantil.Estancia mínima de un mes!¡ Contáctanos para más información, Reserva ahora y vive Medellín desde el mejor punto de la ciudad!</p>

Moderno Apartamento Amoblado en Los Colores – Ubicación EstratégicaDisfruta de...
