{"id":425763,"date":"2026-03-14T02:35:54","date_gmt":"2026-03-14T07:35:54","guid":{"rendered":"https:\/\/arriendo.com\/co\/%es_type%\/itagui\/coltejer\/\/"},"modified":"2026-03-14T02:35:54","modified_gmt":"2026-03-14T07:35:54","slug":"AR-425763","status":"publish","type":"properties","link":"https:\/\/arriendo.com\/co\/apartamentos\/itagui\/coltejer\/AR-425763\/","title":{"rendered":"Se Arrienda Apartamento Para Estrenar, Ciudad Coltejer, Itag\u00fci"},"content":{"rendered":"<p>Se arrienda apartamento de 63mt2 ubicado en el sector Ciudad Coltejer, Itag\u00fc\u00ed, para estrenar. Con excelente conectividad hacia Medell\u00edn, Envigado y el sur del Valle de Aburr\u00e1.El apartamento est\u00e1 en piso 19, con buena iluminaci\u00f3n natural y ventilaci\u00f3n. Cuenta con 3 habitaciones, 2 ba\u00f1os (habitaci\u00f3n principal con ba\u00f1o y vestier), sala comedor, cocina integral, zona de ropas y espacio para estudio o biblioteca. Incluye parqueadero privado y cuarto \u00fatil.El edificio tiene porter\u00eda y vigilancia 24 horas. Las zonas comunes del proyecto est\u00e1n en proceso de finalizaci\u00f3n.Ubicaci\u00f3n estrat\u00e9gica (distancias aproximadas en carro):\u2022 3 min de la estaci\u00f3n Envigado del Metro de Medell\u00edn\u2022 5 min del Centro Comercial Viva Envigado\u2022 6 min del Centro Comercial Mayorca Mega Plaza\u2022 7 min de la Central Mayorista de Antioquia\u2022 12\u201315 min de El PobladoIdeal para quienes buscan vivir en un apartamento nuevo, bien ubicado y con f\u00e1cil acceso a transporte y comercio.Cont\u00e1ctanos para m\u00e1s informaci\u00f3n o agendar tu visita&nbsp;<\/p>\n","protected":false},"excerpt":{"rendered":"Se arrienda apartamento de 63mt2 ubicado en el sector Ciudad...","protected":false},"author":833,"featured_media":425765,"template":"","es_locations":[79,418,475],"es_categories":[124],"es_types":[114],"es_rent_periods":[],"es_labels":[2090],"es_statuses":[],"es_parkings":[],"es_roofs":[],"es_exterior_materials":[],"es_basements":[],"es_floor_coverings":[],"es_features":[],"es_amenities":[],"es_neighborhoods":[],"es_tags":[],"class_list":["post-425763","properties","type-properties","status-publish","has-post-thumbnail","hentry","es_location-antioquia","es_location-colombia","es_location-itagui","es_category-arriendo","es_type-apartamentos","es_label-arrendado","es-post-entity"],"_links":{"self":[{"href":"https:\/\/arriendo.com\/co\/wp-json\/wp\/v2\/properties\/425763","targetHints":{"allow":["GET"]}}],"collection":[{"href":"https:\/\/arriendo.com\/co\/wp-json\/wp\/v2\/properties"}],"about":[{"href":"https:\/\/arriendo.com\/co\/wp-json\/wp\/v2\/types\/properties"}],"author":[{"embeddable":true,"href":"https:\/\/arriendo.com\/co\/wp-json\/wp\/v2\/users\/833"}],"version-history":[{"count":1,"href":"https:\/\/arriendo.com\/co\/wp-json\/wp\/v2\/properties\/425763\/revisions"}],"predecessor-version":[{"id":425764,"href":"https:\/\/arriendo.com\/co\/wp-json\/wp\/v2\/properties\/425763\/revisions\/425764"}],"wp:featuredmedia":[{"embeddable":true,"href":"https:\/\/arriendo.com\/co\/wp-json\/wp\/v2\/media\/425765"}],"wp:attachment":[{"href":"https:\/\/arriendo.com\/co\/wp-json\/wp\/v2\/media?parent=425763"}],"wp:term":[{"taxonomy":"es_location","embeddable":true,"href":"https:\/\/arriendo.com\/co\/wp-json\/wp\/v2\/es_locations?post=425763"},{"taxonomy":"es_category","embeddable":true,"href":"https:\/\/arriendo.com\/co\/wp-json\/wp\/v2\/es_categories?post=425763"},{"taxonomy":"es_type","embeddable":true,"href":"https:\/\/arriendo.com\/co\/wp-json\/wp\/v2\/es_types?post=425763"},{"taxonomy":"es_rent_period","embeddable":true,"href":"https:\/\/arriendo.com\/co\/wp-json\/wp\/v2\/es_rent_periods?post=425763"},{"taxonomy":"es_label","embeddable":true,"href":"https:\/\/arriendo.com\/co\/wp-json\/wp\/v2\/es_labels?post=425763"},{"taxonomy":"es_status","embeddable":true,"href":"https:\/\/arriendo.com\/co\/wp-json\/wp\/v2\/es_statuses?post=425763"},{"taxonomy":"es_parking","embeddable":true,"href":"https:\/\/arriendo.com\/co\/wp-json\/wp\/v2\/es_parkings?post=425763"},{"taxonomy":"es_roof","embeddable":true,"href":"https:\/\/arriendo.com\/co\/wp-json\/wp\/v2\/es_roofs?post=425763"},{"taxonomy":"es_exterior_material","embeddable":true,"href":"https:\/\/arriendo.com\/co\/wp-json\/wp\/v2\/es_exterior_materials?post=425763"},{"taxonomy":"es_basement","embeddable":true,"href":"https:\/\/arriendo.com\/co\/wp-json\/wp\/v2\/es_basements?post=425763"},{"taxonomy":"es_floor_covering","embeddable":true,"href":"https:\/\/arriendo.com\/co\/wp-json\/wp\/v2\/es_floor_coverings?post=425763"},{"taxonomy":"es_feature","embeddable":true,"href":"https:\/\/arriendo.com\/co\/wp-json\/wp\/v2\/es_features?post=425763"},{"taxonomy":"es_amenity","embeddable":true,"href":"https:\/\/arriendo.com\/co\/wp-json\/wp\/v2\/es_amenities?post=425763"},{"taxonomy":"es_neighborhood","embeddable":true,"href":"https:\/\/arriendo.com\/co\/wp-json\/wp\/v2\/es_neighborhoods?post=425763"},{"taxonomy":"es_tag","embeddable":true,"href":"https:\/\/arriendo.com\/co\/wp-json\/wp\/v2\/es_tags?post=425763"}],"curies":[{"name":"wp","href":"https:\/\/api.w.org\/{rel}","templated":true}]}}

Se Arrienda Apartamento Para Estrenar, Ciudad Coltejer, Itagüi

<p>Se arrienda apartamento de 63mt2 ubicado en el sector Ciudad Coltejer, Itagüí, para estrenar. Con excelente conectividad hacia Medellín, Envigado y el sur del Valle de Aburrá.El apartamento está en piso 19, con buena iluminación natural y ventilación. Cuenta con 3 habitaciones, 2 baños (habitación principal con baño y vestier), sala comedor, cocina integral, zona de ropas y espacio para estudio o biblioteca. Incluye parqueadero privado y cuarto útil.El edificio tiene portería y vigilancia 24 horas. Las zonas comunes del proyecto están en proceso de finalización.Ubicación estratégica (distancias aproximadas en carro):• 3 min de la estación Envigado del Metro de Medellín• 5 min del Centro Comercial Viva Envigado• 6 min del Centro Comercial Mayorca Mega Plaza• 7 min de la Central Mayorista de Antioquia• 12–15 min de El PobladoIdeal para quienes buscan vivir en un apartamento nuevo, bien ubicado y con fácil acceso a transporte y comercio.Contáctanos para más información o agendar tu visita&nbsp;</p>
