{"id":424940,"date":"2026-03-13T00:01:25","date_gmt":"2026-03-13T05:01:25","guid":{"rendered":"https:\/\/arriendo.com\/co\/%es_type%\/cali\/ciudad-pacifica\/renta-apartamento-ciudad-pacifica-tierralinda-del-parque\/"},"modified":"2026-03-13T00:01:25","modified_gmt":"2026-03-13T05:01:25","slug":"AR-424940","status":"publish","type":"properties","link":"https:\/\/arriendo.com\/co\/apartamentos\/cali\/ciudad-pacifica\/AR-424940\/","title":{"rendered":"Renta Apartamento Ciudad Pacifica Tierralinda del Parque"},"content":{"rendered":"<p>Acogedor apartamento ubicado en Ciudad Pac\u00edfica, una de las zonas de mayor expansi\u00f3n y valorizaci\u00f3n del sur de Cali, dentro del conjunto residencial Tierra Linda del Parque. Un entorno ideal para quienes buscan tranquilidad, ambiente familiar y comodidad. El apartamento cuenta con bonitos acabados y espacios bien distribuidos. Al ingresar encontrar\u00e1s una cocina integral con acabados full, funcional, con excelente iluminaci\u00f3n y dise\u00f1o moderno. La sala\u2013comedor es amplia y se conecta con un balc\u00f3n, perfecto para disfrutar de la vista y la frescura del sector. Adem\u00e1s, dispone de un ba\u00f1o social con acabados full, de f\u00e1cil acceso para visitantes. La zona privada est\u00e1 conformada por dos habitaciones con cl\u00f3set, de buen tama\u00f1o y excelente ventilaci\u00f3n. La habitaci\u00f3n principal cuenta con ba\u00f1o privado tambi\u00e9n con acabados full, brindando mayor confort y privacidad. El conjunto residencial Tierra Linda del Parque ofrece completas zonas comunes, entre ellas piscina para adultos y ni\u00f1os, sal\u00f3n social y amplio parque infantil, ideal para el disfrute de los m\u00e1s peque\u00f1os. Su ubicaci\u00f3n es estrat\u00e9gica, cerca de la nueva v\u00eda de la Avenida Ciudad de Cali, que conecta f\u00e1cilmente con Valle del Lili, Bochalema y Ciudad Pac\u00edfica, facilitando la movilidad hacia diferentes sectores del sur de la ciudad. Una excelente oportunidad para vivir o invertir en un sector con gran proyecci\u00f3n de crecimiento en Cali.<\/p>\n","protected":false},"excerpt":{"rendered":"Acogedor apartamento ubicado en Ciudad Pac\u00edfica, una de las zonas...","protected":false},"author":2014,"featured_media":424942,"template":"","es_locations":[179,418,3744],"es_categories":[124],"es_types":[114],"es_rent_periods":[],"es_labels":[],"es_statuses":[],"es_parkings":[],"es_roofs":[],"es_exterior_materials":[],"es_basements":[],"es_floor_coverings":[],"es_features":[],"es_amenities":[],"es_neighborhoods":[],"es_tags":[],"class_list":["post-424940","properties","type-properties","status-publish","has-post-thumbnail","hentry","es_location-cali","es_location-colombia","es_location-valle-del-cauca","es_category-arriendo","es_type-apartamentos","es-post-entity"],"_links":{"self":[{"href":"https:\/\/arriendo.com\/co\/wp-json\/wp\/v2\/properties\/424940","targetHints":{"allow":["GET"]}}],"collection":[{"href":"https:\/\/arriendo.com\/co\/wp-json\/wp\/v2\/properties"}],"about":[{"href":"https:\/\/arriendo.com\/co\/wp-json\/wp\/v2\/types\/properties"}],"author":[{"embeddable":true,"href":"https:\/\/arriendo.com\/co\/wp-json\/wp\/v2\/users\/2014"}],"version-history":[{"count":1,"href":"https:\/\/arriendo.com\/co\/wp-json\/wp\/v2\/properties\/424940\/revisions"}],"predecessor-version":[{"id":424941,"href":"https:\/\/arriendo.com\/co\/wp-json\/wp\/v2\/properties\/424940\/revisions\/424941"}],"wp:featuredmedia":[{"embeddable":true,"href":"https:\/\/arriendo.com\/co\/wp-json\/wp\/v2\/media\/424942"}],"wp:attachment":[{"href":"https:\/\/arriendo.com\/co\/wp-json\/wp\/v2\/media?parent=424940"}],"wp:term":[{"taxonomy":"es_location","embeddable":true,"href":"https:\/\/arriendo.com\/co\/wp-json\/wp\/v2\/es_locations?post=424940"},{"taxonomy":"es_category","embeddable":true,"href":"https:\/\/arriendo.com\/co\/wp-json\/wp\/v2\/es_categories?post=424940"},{"taxonomy":"es_type","embeddable":true,"href":"https:\/\/arriendo.com\/co\/wp-json\/wp\/v2\/es_types?post=424940"},{"taxonomy":"es_rent_period","embeddable":true,"href":"https:\/\/arriendo.com\/co\/wp-json\/wp\/v2\/es_rent_periods?post=424940"},{"taxonomy":"es_label","embeddable":true,"href":"https:\/\/arriendo.com\/co\/wp-json\/wp\/v2\/es_labels?post=424940"},{"taxonomy":"es_status","embeddable":true,"href":"https:\/\/arriendo.com\/co\/wp-json\/wp\/v2\/es_statuses?post=424940"},{"taxonomy":"es_parking","embeddable":true,"href":"https:\/\/arriendo.com\/co\/wp-json\/wp\/v2\/es_parkings?post=424940"},{"taxonomy":"es_roof","embeddable":true,"href":"https:\/\/arriendo.com\/co\/wp-json\/wp\/v2\/es_roofs?post=424940"},{"taxonomy":"es_exterior_material","embeddable":true,"href":"https:\/\/arriendo.com\/co\/wp-json\/wp\/v2\/es_exterior_materials?post=424940"},{"taxonomy":"es_basement","embeddable":true,"href":"https:\/\/arriendo.com\/co\/wp-json\/wp\/v2\/es_basements?post=424940"},{"taxonomy":"es_floor_covering","embeddable":true,"href":"https:\/\/arriendo.com\/co\/wp-json\/wp\/v2\/es_floor_coverings?post=424940"},{"taxonomy":"es_feature","embeddable":true,"href":"https:\/\/arriendo.com\/co\/wp-json\/wp\/v2\/es_features?post=424940"},{"taxonomy":"es_amenity","embeddable":true,"href":"https:\/\/arriendo.com\/co\/wp-json\/wp\/v2\/es_amenities?post=424940"},{"taxonomy":"es_neighborhood","embeddable":true,"href":"https:\/\/arriendo.com\/co\/wp-json\/wp\/v2\/es_neighborhoods?post=424940"},{"taxonomy":"es_tag","embeddable":true,"href":"https:\/\/arriendo.com\/co\/wp-json\/wp\/v2\/es_tags?post=424940"}],"curies":[{"name":"wp","href":"https:\/\/api.w.org\/{rel}","templated":true}]}}

<p>Acogedor apartamento ubicado en Ciudad Pacífica, una de las zonas de mayor expansión y valorización del sur de Cali, dentro del conjunto residencial Tierra Linda del Parque. Un entorno ideal para quienes buscan tranquilidad, ambiente familiar y comodidad. El apartamento cuenta con bonitos acabados y espacios bien distribuidos. Al ingresar encontrarás una cocina integral con acabados full, funcional, con excelente iluminación y diseño moderno. La sala–comedor es amplia y se conecta con un balcón, perfecto para disfrutar de la vista y la frescura del sector. Además, dispone de un baño social con acabados full, de fácil acceso para visitantes. La zona privada está conformada por dos habitaciones con clóset, de buen tamaño y excelente ventilación. La habitación principal cuenta con baño privado también con acabados full, brindando mayor confort y privacidad. El conjunto residencial Tierra Linda del Parque ofrece completas zonas comunes, entre ellas piscina para adultos y niños, salón social y amplio parque infantil, ideal para el disfrute de los más pequeños. Su ubicación es estratégica, cerca de la nueva vía de la Avenida Ciudad de Cali, que conecta fácilmente con Valle del Lili, Bochalema y Ciudad Pacífica, facilitando la movilidad hacia diferentes sectores del sur de la ciudad. Una excelente oportunidad para vivir o invertir en un sector con gran proyección de crecimiento en Cali.</p>

Acogedor apartamento ubicado en Ciudad Pacífica, una de las zonas...
