{"id":424918,"date":"2026-03-13T00:01:16","date_gmt":"2026-03-13T05:01:16","guid":{"rendered":"https:\/\/arriendo.com\/co\/%es_type%\/jamundi\/alfaguara\/hermoso-apartamento-en-renta-conjunto-residencial-altea-jamundi\/"},"modified":"2026-03-13T00:01:16","modified_gmt":"2026-03-13T05:01:16","slug":"AR-424918","status":"publish","type":"properties","link":"https:\/\/arriendo.com\/co\/apartamentos\/jamundi\/alfaguara\/AR-424918\/","title":{"rendered":"HERMOSO APARTAMENTO EN RENTA CONJUNTO RESIDENCIAL ALTEA JAMUNDI"},"content":{"rendered":"<p>Este apartamento ofrece una experiencia de vida excepcional, fusionando elegancia, funcionalidad y comodidad en cada rinc\u00f3n. La cocina abierta, integrada al \u00e1rea social, es el coraz\u00f3n del hogar, invitando a la convivencia y la creatividad culinaria. La sala-comedor, espaciosa y luminosa, se conecta con un amplio balc\u00f3n con una hermosa vista al campo, creando un ambiente acogedor y lleno de luz natural, ideal para disfrutar de momentos inolvidables en compa\u00f1\u00eda de tus seres queridos. Con 2 acogedoras alcobas y una sala de TV adicional que puede ser f\u00e1cilmente adaptada como espacio de estudio o home office, este apartamento ofrece versatilidad y confort para satisfacer todas tus necesidades. El cuarto principal cuenta con un vestier y ba\u00f1o, brindando un toque de lujo y organizaci\u00f3n a tu d\u00eda a d\u00eda. adem\u00e1s, cuenta con una zona de oficios independiente, 1 ba\u00f1os de habitaciones y parqueadero propio #13, garantizando conveniencia y funcionalidad en cada detalle.<\/p>\n","protected":false},"excerpt":{"rendered":"Este apartamento ofrece una experiencia de vida excepcional, fusionando elegancia,...","protected":false},"author":2014,"featured_media":424920,"template":"","es_locations":[418,3754,3744],"es_categories":[124],"es_types":[114],"es_rent_periods":[],"es_labels":[],"es_statuses":[],"es_parkings":[],"es_roofs":[],"es_exterior_materials":[],"es_basements":[],"es_floor_coverings":[],"es_features":[],"es_amenities":[],"es_neighborhoods":[],"es_tags":[],"class_list":["post-424918","properties","type-properties","status-publish","has-post-thumbnail","hentry","es_location-colombia","es_location-jamundi","es_location-valle-del-cauca","es_category-arriendo","es_type-apartamentos","es-post-entity"],"_links":{"self":[{"href":"https:\/\/arriendo.com\/co\/wp-json\/wp\/v2\/properties\/424918","targetHints":{"allow":["GET"]}}],"collection":[{"href":"https:\/\/arriendo.com\/co\/wp-json\/wp\/v2\/properties"}],"about":[{"href":"https:\/\/arriendo.com\/co\/wp-json\/wp\/v2\/types\/properties"}],"author":[{"embeddable":true,"href":"https:\/\/arriendo.com\/co\/wp-json\/wp\/v2\/users\/2014"}],"version-history":[{"count":1,"href":"https:\/\/arriendo.com\/co\/wp-json\/wp\/v2\/properties\/424918\/revisions"}],"predecessor-version":[{"id":424919,"href":"https:\/\/arriendo.com\/co\/wp-json\/wp\/v2\/properties\/424918\/revisions\/424919"}],"wp:featuredmedia":[{"embeddable":true,"href":"https:\/\/arriendo.com\/co\/wp-json\/wp\/v2\/media\/424920"}],"wp:attachment":[{"href":"https:\/\/arriendo.com\/co\/wp-json\/wp\/v2\/media?parent=424918"}],"wp:term":[{"taxonomy":"es_location","embeddable":true,"href":"https:\/\/arriendo.com\/co\/wp-json\/wp\/v2\/es_locations?post=424918"},{"taxonomy":"es_category","embeddable":true,"href":"https:\/\/arriendo.com\/co\/wp-json\/wp\/v2\/es_categories?post=424918"},{"taxonomy":"es_type","embeddable":true,"href":"https:\/\/arriendo.com\/co\/wp-json\/wp\/v2\/es_types?post=424918"},{"taxonomy":"es_rent_period","embeddable":true,"href":"https:\/\/arriendo.com\/co\/wp-json\/wp\/v2\/es_rent_periods?post=424918"},{"taxonomy":"es_label","embeddable":true,"href":"https:\/\/arriendo.com\/co\/wp-json\/wp\/v2\/es_labels?post=424918"},{"taxonomy":"es_status","embeddable":true,"href":"https:\/\/arriendo.com\/co\/wp-json\/wp\/v2\/es_statuses?post=424918"},{"taxonomy":"es_parking","embeddable":true,"href":"https:\/\/arriendo.com\/co\/wp-json\/wp\/v2\/es_parkings?post=424918"},{"taxonomy":"es_roof","embeddable":true,"href":"https:\/\/arriendo.com\/co\/wp-json\/wp\/v2\/es_roofs?post=424918"},{"taxonomy":"es_exterior_material","embeddable":true,"href":"https:\/\/arriendo.com\/co\/wp-json\/wp\/v2\/es_exterior_materials?post=424918"},{"taxonomy":"es_basement","embeddable":true,"href":"https:\/\/arriendo.com\/co\/wp-json\/wp\/v2\/es_basements?post=424918"},{"taxonomy":"es_floor_covering","embeddable":true,"href":"https:\/\/arriendo.com\/co\/wp-json\/wp\/v2\/es_floor_coverings?post=424918"},{"taxonomy":"es_feature","embeddable":true,"href":"https:\/\/arriendo.com\/co\/wp-json\/wp\/v2\/es_features?post=424918"},{"taxonomy":"es_amenity","embeddable":true,"href":"https:\/\/arriendo.com\/co\/wp-json\/wp\/v2\/es_amenities?post=424918"},{"taxonomy":"es_neighborhood","embeddable":true,"href":"https:\/\/arriendo.com\/co\/wp-json\/wp\/v2\/es_neighborhoods?post=424918"},{"taxonomy":"es_tag","embeddable":true,"href":"https:\/\/arriendo.com\/co\/wp-json\/wp\/v2\/es_tags?post=424918"}],"curies":[{"name":"wp","href":"https:\/\/api.w.org\/{rel}","templated":true}]}}

<p>Este apartamento ofrece una experiencia de vida excepcional, fusionando elegancia, funcionalidad y comodidad en cada rincón. La cocina abierta, integrada al área social, es el corazón del hogar, invitando a la convivencia y la creatividad culinaria. La sala-comedor, espaciosa y luminosa, se conecta con un amplio balcón con una hermosa vista al campo, creando un ambiente acogedor y lleno de luz natural, ideal para disfrutar de momentos inolvidables en compañía de tus seres queridos. Con 2 acogedoras alcobas y una sala de TV adicional que puede ser fácilmente adaptada como espacio de estudio o home office, este apartamento ofrece versatilidad y confort para satisfacer todas tus necesidades. El cuarto principal cuenta con un vestier y baño, brindando un toque de lujo y organización a tu día a día. además, cuenta con una zona de oficios independiente, 1 baños de habitaciones y parqueadero propio #13, garantizando conveniencia y funcionalidad en cada detalle.</p>
