{"id":424740,"date":"2026-04-13T19:30:08","date_gmt":"2026-04-14T00:30:08","guid":{"rendered":"https:\/\/arriendo.com\/co\/%es_type%\/%address_city%\/%neighborhood%\/apartamento-en-arriendo-barrio-mazuren\/"},"modified":"2026-04-13T19:30:08","modified_gmt":"2026-04-14T00:30:08","slug":"AR-424740","status":"publish","type":"properties","link":"https:\/\/arriendo.com\/co\/apartamentos\/bogota\/la-victoria-norte\/AR-424740\/","title":{"rendered":"Apartamento en arriendo Barrio Mazur\u00e9n"},"content":{"rendered":"<p>\u00a1Descubre esta oportunidad \u00fanica de vivir en un apartamento que combina comodidad, funcionalidad y estilo en el coraz\u00f3n del Barrio Mazur\u00e9n. Espacioso apartamento de 86 m2. Ofrece un ambiente acogedor y bien distribuido para quienes buscan un hogar listo para habitar. Con tres habitaciones y dos ba\u00f1os, es ideal para familias que valoran el confort y la privacidad. La propiedad cuenta con un hall de alcobas que realza su amplitud y facilita la organizaci\u00f3n, adem\u00e1s de un \u00e1rea de ropas y un cuarto de despensa que optimizan el espacio y la funcionalidad del hogar. La cocina est\u00e1 equipada con una estufa a gas, extractor y horno, dise\u00f1ada para quienes disfrutan de la gastronom\u00eda. El piso en baldosa y laminado aporta un toque moderno y f\u00e1cil de mantener, creando un ambiente c\u00e1lido y elegante. Destacado por su condici\u00f3n de usado, este apartamento es una oportunidad para quienes desean adquirir un inmueble en una ubicaci\u00f3n privilegiada, con f\u00e1cil acceso a servicios y transporte en Mazur\u00e9n. La seguridad, el confort y la conveniencia se unen en esta propiedad que te invita a vivir con calidad y estilo. No dejes pasar esta oportunidad y contacta a Arriendo.com para conocer todos los detalles y agendar una visita a esta excelente opci\u00f3n en arriendo.<\/p>\n","protected":false},"excerpt":{"rendered":"\u00a1Descubre esta oportunidad \u00fanica de vivir en un apartamento que...","protected":false},"author":7299,"featured_media":424674,"template":"","es_locations":[110,418,1095,213],"es_categories":[],"es_types":[114],"es_rent_periods":[],"es_labels":[1951,51,1953],"es_statuses":[126],"es_parkings":[],"es_roofs":[],"es_exterior_materials":[],"es_basements":[],"es_floor_coverings":[],"es_features":[],"es_amenities":[],"es_neighborhoods":[],"es_tags":[],"class_list":["post-424740","properties","type-properties","status-publish","has-post-thumbnail","hentry","es_location-bogota","es_location-colombia","es_location-la-victoria-norte","es_location-suba","es_type-apartamentos","es_label-destacado","es_label-featured","es_label-usado","es_status-usado","es-post-entity"],"_links":{"self":[{"href":"https:\/\/arriendo.com\/co\/wp-json\/wp\/v2\/properties\/424740","targetHints":{"allow":["GET"]}}],"collection":[{"href":"https:\/\/arriendo.com\/co\/wp-json\/wp\/v2\/properties"}],"about":[{"href":"https:\/\/arriendo.com\/co\/wp-json\/wp\/v2\/types\/properties"}],"author":[{"embeddable":true,"href":"https:\/\/arriendo.com\/co\/wp-json\/wp\/v2\/users\/7299"}],"version-history":[{"count":4,"href":"https:\/\/arriendo.com\/co\/wp-json\/wp\/v2\/properties\/424740\/revisions"}],"predecessor-version":[{"id":438954,"href":"https:\/\/arriendo.com\/co\/wp-json\/wp\/v2\/properties\/424740\/revisions\/438954"}],"wp:featuredmedia":[{"embeddable":true,"href":"https:\/\/arriendo.com\/co\/wp-json\/wp\/v2\/media\/424674"}],"wp:attachment":[{"href":"https:\/\/arriendo.com\/co\/wp-json\/wp\/v2\/media?parent=424740"}],"wp:term":[{"taxonomy":"es_location","embeddable":true,"href":"https:\/\/arriendo.com\/co\/wp-json\/wp\/v2\/es_locations?post=424740"},{"taxonomy":"es_category","embeddable":true,"href":"https:\/\/arriendo.com\/co\/wp-json\/wp\/v2\/es_categories?post=424740"},{"taxonomy":"es_type","embeddable":true,"href":"https:\/\/arriendo.com\/co\/wp-json\/wp\/v2\/es_types?post=424740"},{"taxonomy":"es_rent_period","embeddable":true,"href":"https:\/\/arriendo.com\/co\/wp-json\/wp\/v2\/es_rent_periods?post=424740"},{"taxonomy":"es_label","embeddable":true,"href":"https:\/\/arriendo.com\/co\/wp-json\/wp\/v2\/es_labels?post=424740"},{"taxonomy":"es_status","embeddable":true,"href":"https:\/\/arriendo.com\/co\/wp-json\/wp\/v2\/es_statuses?post=424740"},{"taxonomy":"es_parking","embeddable":true,"href":"https:\/\/arriendo.com\/co\/wp-json\/wp\/v2\/es_parkings?post=424740"},{"taxonomy":"es_roof","embeddable":true,"href":"https:\/\/arriendo.com\/co\/wp-json\/wp\/v2\/es_roofs?post=424740"},{"taxonomy":"es_exterior_material","embeddable":true,"href":"https:\/\/arriendo.com\/co\/wp-json\/wp\/v2\/es_exterior_materials?post=424740"},{"taxonomy":"es_basement","embeddable":true,"href":"https:\/\/arriendo.com\/co\/wp-json\/wp\/v2\/es_basements?post=424740"},{"taxonomy":"es_floor_covering","embeddable":true,"href":"https:\/\/arriendo.com\/co\/wp-json\/wp\/v2\/es_floor_coverings?post=424740"},{"taxonomy":"es_feature","embeddable":true,"href":"https:\/\/arriendo.com\/co\/wp-json\/wp\/v2\/es_features?post=424740"},{"taxonomy":"es_amenity","embeddable":true,"href":"https:\/\/arriendo.com\/co\/wp-json\/wp\/v2\/es_amenities?post=424740"},{"taxonomy":"es_neighborhood","embeddable":true,"href":"https:\/\/arriendo.com\/co\/wp-json\/wp\/v2\/es_neighborhoods?post=424740"},{"taxonomy":"es_tag","embeddable":true,"href":"https:\/\/arriendo.com\/co\/wp-json\/wp\/v2\/es_tags?post=424740"}],"curies":[{"name":"wp","href":"https:\/\/api.w.org\/{rel}","templated":true}]}}

Apartamento en arriendo Barrio Mazurén

<p>¡Descubre esta oportunidad única de vivir en un apartamento que combina comodidad, funcionalidad y estilo en el corazón del Barrio Mazurén. Espacioso apartamento de 86 m2. Ofrece un ambiente acogedor y bien distribuido para quienes buscan un hogar listo para habitar. Con tres habitaciones y dos baños, es ideal para familias que valoran el confort y la privacidad. La propiedad cuenta con un hall de alcobas que realza su amplitud y facilita la organización, además de un área de ropas y un cuarto de despensa que optimizan el espacio y la funcionalidad del hogar. La cocina está equipada con una estufa a gas, extractor y horno, diseñada para quienes disfrutan de la gastronomía. El piso en baldosa y laminado aporta un toque moderno y fácil de mantener, creando un ambiente cálido y elegante. Destacado por su condición de usado, este apartamento es una oportunidad para quienes desean adquirir un inmueble en una ubicación privilegiada, con fácil acceso a servicios y transporte en Mazurén. La seguridad, el confort y la conveniencia se unen en esta propiedad que te invita a vivir con calidad y estilo. No dejes pasar esta oportunidad y contacta a Arriendo.com para conocer todos los detalles y agendar una visita a esta excelente opción en arriendo.</p>

¡Descubre esta oportunidad única de vivir en un apartamento que...
