{"id":423246,"date":"2026-03-12T07:52:03","date_gmt":"2026-03-12T12:52:03","guid":{"rendered":"https:\/\/arriendo.com\/co\/%es_type%\/%address_city%\/%neighborhood%\/sede-de-alto-perfil-clinica-estetica-rehabilitacion-ips\/"},"modified":"2026-03-12T07:52:05","modified_gmt":"2026-03-12T12:52:05","slug":"AR-423246","status":"publish","type":"properties","link":"https:\/\/arriendo.com\/co\/consultorios\/%address_city%\/sajonia\/AR-423246\/","title":{"rendered":"Sede de alto perfil cl\u00ednica, estetica, rehabilitaci\u00f3n, IPS,"},"content":{"rendered":"<p>\u200b\ud83c\udfe5 \u00daNICA: SEDE CL\u00cdNICA DE LUJO EN EL CORAZ\u00d3N M\u00c9DICO DE SAJONIA \u200bPosicione su marca en el sector m\u00e1s prestigioso y estrat\u00e9gico de la salud. Esta propiedad de alto nivel, ubicada en el Barrio Sajonia, \u200bEl epicentro de las mejores cl\u00ednicas \u200bINFRAESTRUCTURA DE \u00c9LITE (LISTA PARA OPERAR): \u200b4 Suites M\u00e9dicas \/ Oficinas: Cada una equipada con aire acondicionado y ba\u00f1o privado de lujo. Privacidad absoluta para pacientes VIP. \u200bCircuito de Recuperaci\u00f3n y Wellness: Equipamiento de alto impacto con Turco y Jacuzzi. Ideal para postoperatorios y terapias de bienestar. \u200bZonas Verdes Modernas: Terrazas con pasto sint\u00e9tico de alta calidad \u200bZona de Espera Magistral: \u00c1rea amplia, iluminada y c\u00f3moda \u200bLocal \/ Oficina Frontal: ideal para farmacia, laboratorio, recepci\u00f3n administrativa o vitrina comercial. \u200bDIFERENCIALES CLAVE: \u200bConfort t\u00e9rmico total (Aires acondicionados en todas las \u00e1reas de trabajo) salud. \u200bAcabados modernos que proyectan lujo, higiene y profesionalismo. \u200b&#8221;La ubicaci\u00f3n que sus pacientes buscan, con el lujo que su cl\u00ednica \u200b\u00a1Cont\u00e1ctenos ahora para agendar su visita y conocer este inmueble \u00fanico en Sajonia! \u200binf 3178946219 tulua valle<\/p>\n","protected":false},"excerpt":{"rendered":"\u200b\ud83c\udfe5 \u00daNICA: SEDE CL\u00cdNICA DE LUJO EN EL CORAZ\u00d3N M\u00c9DICO...","protected":false},"author":7294,"featured_media":423236,"template":"","es_locations":[170],"es_categories":[124],"es_types":[119],"es_rent_periods":[],"es_labels":[1951],"es_statuses":[126],"es_parkings":[],"es_roofs":[],"es_exterior_materials":[],"es_basements":[],"es_floor_coverings":[],"es_features":[],"es_amenities":[],"es_neighborhoods":[],"es_tags":[],"class_list":["post-423246","properties","type-properties","status-publish","has-post-thumbnail","hentry","es_location-elija-valor","es_category-arriendo","es_type-consultorios","es_label-destacado","es_status-usado","es-post-entity"],"_links":{"self":[{"href":"https:\/\/arriendo.com\/co\/wp-json\/wp\/v2\/properties\/423246","targetHints":{"allow":["GET"]}}],"collection":[{"href":"https:\/\/arriendo.com\/co\/wp-json\/wp\/v2\/properties"}],"about":[{"href":"https:\/\/arriendo.com\/co\/wp-json\/wp\/v2\/types\/properties"}],"author":[{"embeddable":true,"href":"https:\/\/arriendo.com\/co\/wp-json\/wp\/v2\/users\/7294"}],"version-history":[{"count":1,"href":"https:\/\/arriendo.com\/co\/wp-json\/wp\/v2\/properties\/423246\/revisions"}],"predecessor-version":[{"id":423247,"href":"https:\/\/arriendo.com\/co\/wp-json\/wp\/v2\/properties\/423246\/revisions\/423247"}],"wp:featuredmedia":[{"embeddable":true,"href":"https:\/\/arriendo.com\/co\/wp-json\/wp\/v2\/media\/423236"}],"wp:attachment":[{"href":"https:\/\/arriendo.com\/co\/wp-json\/wp\/v2\/media?parent=423246"}],"wp:term":[{"taxonomy":"es_location","embeddable":true,"href":"https:\/\/arriendo.com\/co\/wp-json\/wp\/v2\/es_locations?post=423246"},{"taxonomy":"es_category","embeddable":true,"href":"https:\/\/arriendo.com\/co\/wp-json\/wp\/v2\/es_categories?post=423246"},{"taxonomy":"es_type","embeddable":true,"href":"https:\/\/arriendo.com\/co\/wp-json\/wp\/v2\/es_types?post=423246"},{"taxonomy":"es_rent_period","embeddable":true,"href":"https:\/\/arriendo.com\/co\/wp-json\/wp\/v2\/es_rent_periods?post=423246"},{"taxonomy":"es_label","embeddable":true,"href":"https:\/\/arriendo.com\/co\/wp-json\/wp\/v2\/es_labels?post=423246"},{"taxonomy":"es_status","embeddable":true,"href":"https:\/\/arriendo.com\/co\/wp-json\/wp\/v2\/es_statuses?post=423246"},{"taxonomy":"es_parking","embeddable":true,"href":"https:\/\/arriendo.com\/co\/wp-json\/wp\/v2\/es_parkings?post=423246"},{"taxonomy":"es_roof","embeddable":true,"href":"https:\/\/arriendo.com\/co\/wp-json\/wp\/v2\/es_roofs?post=423246"},{"taxonomy":"es_exterior_material","embeddable":true,"href":"https:\/\/arriendo.com\/co\/wp-json\/wp\/v2\/es_exterior_materials?post=423246"},{"taxonomy":"es_basement","embeddable":true,"href":"https:\/\/arriendo.com\/co\/wp-json\/wp\/v2\/es_basements?post=423246"},{"taxonomy":"es_floor_covering","embeddable":true,"href":"https:\/\/arriendo.com\/co\/wp-json\/wp\/v2\/es_floor_coverings?post=423246"},{"taxonomy":"es_feature","embeddable":true,"href":"https:\/\/arriendo.com\/co\/wp-json\/wp\/v2\/es_features?post=423246"},{"taxonomy":"es_amenity","embeddable":true,"href":"https:\/\/arriendo.com\/co\/wp-json\/wp\/v2\/es_amenities?post=423246"},{"taxonomy":"es_neighborhood","embeddable":true,"href":"https:\/\/arriendo.com\/co\/wp-json\/wp\/v2\/es_neighborhoods?post=423246"},{"taxonomy":"es_tag","embeddable":true,"href":"https:\/\/arriendo.com\/co\/wp-json\/wp\/v2\/es_tags?post=423246"}],"curies":[{"name":"wp","href":"https:\/\/api.w.org\/{rel}","templated":true}]}}

Sede de alto perfil clínica, estetica, rehabilitación, IPS,

<p>​🏥 ÚNICA: SEDE CLÍNICA DE LUJO EN EL CORAZÓN MÉDICO DE SAJONIA ​Posicione su marca en el sector más prestigioso y estratégico de la salud. Esta propiedad de alto nivel, ubicada en el Barrio Sajonia, ​El epicentro de las mejores clínicas ​INFRAESTRUCTURA DE ÉLITE (LISTA PARA OPERAR): ​4 Suites Médicas / Oficinas: Cada una equipada con aire acondicionado y baño privado de lujo. Privacidad absoluta para pacientes VIP. ​Circuito de Recuperación y Wellness: Equipamiento de alto impacto con Turco y Jacuzzi. Ideal para postoperatorios y terapias de bienestar. ​Zonas Verdes Modernas: Terrazas con pasto sintético de alta calidad ​Zona de Espera Magistral: Área amplia, iluminada y cómoda ​Local / Oficina Frontal: ideal para farmacia, laboratorio, recepción administrativa o vitrina comercial. ​DIFERENCIALES CLAVE: ​Confort térmico total (Aires acondicionados en todas las áreas de trabajo) salud. ​Acabados modernos que proyectan lujo, higiene y profesionalismo. ​&#8221;La ubicación que sus pacientes buscan, con el lujo que su clínica ​¡Contáctenos ahora para agendar su visita y conocer este inmueble único en Sajonia! ​inf 3178946219 tulua valle</p>

​🏥 ÚNICA: SEDE CLÍNICA DE LUJO EN EL CORAZÓN MÉDICO...
