{"id":422675,"date":"2026-03-12T02:03:08","date_gmt":"2026-03-12T07:03:08","guid":{"rendered":"https:\/\/arriendo.com\/co\/%es_type%\/cajica\/capellania\/\/"},"modified":"2026-03-12T02:03:08","modified_gmt":"2026-03-12T07:03:08","slug":"AR-422675","status":"publish","type":"properties","link":"https:\/\/arriendo.com\/co\/apartamentos\/cajica\/capellania\/AR-422675\/","title":{"rendered":"Arriendo hermoso apartamento en Cajica para estrenar 72m2"},"content":{"rendered":"<p>Apartamento en arriendo en Cajic\u00e1 \u2013 Sector Capellan\u00eda | 72 m\u00b2Vive en uno de los sectores de mayor crecimiento y valorizaci\u00f3n de Cajic\u00e1, el sector Capellan\u00eda, una zona residencial tranquila, con f\u00e1cil acceso a comercio, transporte y servicios.Este moderno apartamento cuenta con 72 m\u00b2 de \u00e1rea construida, con una distribuci\u00f3n funcional que brinda comodidad y aprovechamiento de cada espacio.Caracter\u00edsticas del apartamento: \u2022 \u00c1rea: 72 m\u00b2 \u2022 3 alcobas con armarios empotrados \u2022 2 ba\u00f1os completos \u2022 Balc\u00f3n con agradable vista \u2022 Cocina integral con extractor \u2022 Comedor auxiliar \u2022 \u00c1rea de lavander\u00eda independiente \u2022 Hall de alcobas \u2022 Vestier en habitaci\u00f3n principal \u2022 Pisos laminados y en cer\u00e1mica \u2022 1 parqueadero privadoEl conjunto residencial ofrece: \u2022 Vigilancia privada 24 horas \u2022 Acceso controlado \u2022 Ascensor \u2022 Parqueaderos para visitantes \u2022 Sal\u00f3n comunal \u2022 Canchas deportivas \u2022 Zonas verdes \u2022 Acceso para personas con movilidad reducidaUna excelente opci\u00f3n para quienes buscan tranquilidad, seguridad y calidad de vida en Cajic\u00e1, en un entorno residencial con alta valorizaci\u00f3n.Cont\u00e1ctanos y agenda tu visita. Este apartamento puede ser tu pr\u00f3ximo hogar.<\/p>\n","protected":false},"excerpt":{"rendered":"Apartamento en arriendo en Cajic\u00e1 \u2013 Sector Capellan\u00eda | 72...","protected":false},"author":789,"featured_media":422677,"template":"","es_locations":[243,418,91],"es_categories":[124],"es_types":[114],"es_rent_periods":[],"es_labels":[2090],"es_statuses":[],"es_parkings":[],"es_roofs":[],"es_exterior_materials":[],"es_basements":[],"es_floor_coverings":[],"es_features":[],"es_amenities":[],"es_neighborhoods":[],"es_tags":[],"class_list":["post-422675","properties","type-properties","status-publish","has-post-thumbnail","hentry","es_location-cajica","es_location-colombia","es_location-cundinamarca","es_category-arriendo","es_type-apartamentos","es_label-arrendado","es-post-entity"],"_links":{"self":[{"href":"https:\/\/arriendo.com\/co\/wp-json\/wp\/v2\/properties\/422675","targetHints":{"allow":["GET"]}}],"collection":[{"href":"https:\/\/arriendo.com\/co\/wp-json\/wp\/v2\/properties"}],"about":[{"href":"https:\/\/arriendo.com\/co\/wp-json\/wp\/v2\/types\/properties"}],"author":[{"embeddable":true,"href":"https:\/\/arriendo.com\/co\/wp-json\/wp\/v2\/users\/789"}],"version-history":[{"count":1,"href":"https:\/\/arriendo.com\/co\/wp-json\/wp\/v2\/properties\/422675\/revisions"}],"predecessor-version":[{"id":422676,"href":"https:\/\/arriendo.com\/co\/wp-json\/wp\/v2\/properties\/422675\/revisions\/422676"}],"wp:featuredmedia":[{"embeddable":true,"href":"https:\/\/arriendo.com\/co\/wp-json\/wp\/v2\/media\/422677"}],"wp:attachment":[{"href":"https:\/\/arriendo.com\/co\/wp-json\/wp\/v2\/media?parent=422675"}],"wp:term":[{"taxonomy":"es_location","embeddable":true,"href":"https:\/\/arriendo.com\/co\/wp-json\/wp\/v2\/es_locations?post=422675"},{"taxonomy":"es_category","embeddable":true,"href":"https:\/\/arriendo.com\/co\/wp-json\/wp\/v2\/es_categories?post=422675"},{"taxonomy":"es_type","embeddable":true,"href":"https:\/\/arriendo.com\/co\/wp-json\/wp\/v2\/es_types?post=422675"},{"taxonomy":"es_rent_period","embeddable":true,"href":"https:\/\/arriendo.com\/co\/wp-json\/wp\/v2\/es_rent_periods?post=422675"},{"taxonomy":"es_label","embeddable":true,"href":"https:\/\/arriendo.com\/co\/wp-json\/wp\/v2\/es_labels?post=422675"},{"taxonomy":"es_status","embeddable":true,"href":"https:\/\/arriendo.com\/co\/wp-json\/wp\/v2\/es_statuses?post=422675"},{"taxonomy":"es_parking","embeddable":true,"href":"https:\/\/arriendo.com\/co\/wp-json\/wp\/v2\/es_parkings?post=422675"},{"taxonomy":"es_roof","embeddable":true,"href":"https:\/\/arriendo.com\/co\/wp-json\/wp\/v2\/es_roofs?post=422675"},{"taxonomy":"es_exterior_material","embeddable":true,"href":"https:\/\/arriendo.com\/co\/wp-json\/wp\/v2\/es_exterior_materials?post=422675"},{"taxonomy":"es_basement","embeddable":true,"href":"https:\/\/arriendo.com\/co\/wp-json\/wp\/v2\/es_basements?post=422675"},{"taxonomy":"es_floor_covering","embeddable":true,"href":"https:\/\/arriendo.com\/co\/wp-json\/wp\/v2\/es_floor_coverings?post=422675"},{"taxonomy":"es_feature","embeddable":true,"href":"https:\/\/arriendo.com\/co\/wp-json\/wp\/v2\/es_features?post=422675"},{"taxonomy":"es_amenity","embeddable":true,"href":"https:\/\/arriendo.com\/co\/wp-json\/wp\/v2\/es_amenities?post=422675"},{"taxonomy":"es_neighborhood","embeddable":true,"href":"https:\/\/arriendo.com\/co\/wp-json\/wp\/v2\/es_neighborhoods?post=422675"},{"taxonomy":"es_tag","embeddable":true,"href":"https:\/\/arriendo.com\/co\/wp-json\/wp\/v2\/es_tags?post=422675"}],"curies":[{"name":"wp","href":"https:\/\/api.w.org\/{rel}","templated":true}]}}

<p>Apartamento en arriendo en Cajicá – Sector Capellanía | 72 m²Vive en uno de los sectores de mayor crecimiento y valorización de Cajicá, el sector Capellanía, una zona residencial tranquila, con fácil acceso a comercio, transporte y servicios.Este moderno apartamento cuenta con 72 m² de área construida, con una distribución funcional que brinda comodidad y aprovechamiento de cada espacio.Características del apartamento: • Área: 72 m² • 3 alcobas con armarios empotrados • 2 baños completos • Balcón con agradable vista • Cocina integral con extractor • Comedor auxiliar • Área de lavandería independiente • Hall de alcobas • Vestier en habitación principal • Pisos laminados y en cerámica • 1 parqueadero privadoEl conjunto residencial ofrece: • Vigilancia privada 24 horas • Acceso controlado • Ascensor • Parqueaderos para visitantes • Salón comunal • Canchas deportivas • Zonas verdes • Acceso para personas con movilidad reducidaUna excelente opción para quienes buscan tranquilidad, seguridad y calidad de vida en Cajicá, en un entorno residencial con alta valorización.Contáctanos y agenda tu visita. Este apartamento puede ser tu próximo hogar.</p>

Apartamento en arriendo en Cajicá – Sector Capellanía | 72...
