{"id":413271,"date":"2026-03-02T20:20:02","date_gmt":"2026-03-03T01:20:02","guid":{"rendered":"https:\/\/arriendo.com\/co\/%es_type%\/bogota\/fontibon\/espacio-de-oficina-en-renta-para-1-persona-en-bogota-aeropuerto-buro-26\/"},"modified":"2026-04-07T23:00:15","modified_gmt":"2026-04-08T04:00:15","slug":"AR-413271","status":"publish","type":"properties","link":"https:\/\/arriendo.com\/co\/oficinas\/bogota\/fontibon\/AR-413271\/","title":{"rendered":"Espacio de oficina en renta para 1 persona en BOGOTA, Aeropuerto Bur\u00f3 26"},"content":{"rendered":"<p>Impulsa tu negocio con un espacio profesional en renta solo para ti.<\/p>\n<p>Haz de tu oficina un hogar para tu negocio en BOGOTA, Aeropuerto Bur\u00f3 26, ideal para 1 empleado.<\/p>\n<p>Nuestras oficinas peque\u00f1as est\u00e1n completamente equipadas con WiFi de alta velocidad y tecnolog\u00eda empresarial. Ofrecemos opciones de oficina a corto y largo plazo para adaptarnos a las necesidades de tu equipo.<\/p>\n<p>Trabaje en un edificio multiusos para los que piensan en grande.<br \/>\nImpulse el despegue de su empresa en el Aeropuerto Internacional de El Dorado, el cual forma parte de un complejo hotelero, de oficinas y comercios en el Aeropuerto Internacional de El Dorado. Gracias a la cercan\u00eda del aeropuerto, es la base perfecta para explorar la ciudad y recibir a los clientes.<\/p>\n<p>Elija entre una gran variedad de lugares de trabajo bien iluminados y elegantes, cada uno con asientos c\u00f3modos y mucha luz natural. Baje a disfrutar del almuerzo en una selecci\u00f3n de restaurantes y rel\u00e1jese en el cercano hotel de cuatro estrellas o en el boliche.<\/p>\n<p>Oficinas privadas de Regus incluyen:<br \/>\n    \u2022 Acceso a nuestra red global de centros de negocios<br \/>\n    \u2022 Equipo de recepci\u00f3n y soporte altamente capacitado<br \/>\n    \u2022 Tecnolog\u00eda segura de nivel empresarial y WiFi<br \/>\n    \u2022 Impresoras y soporte administrativo<br \/>\n    \u2022 Limpieza, servicios p\u00fablicos y seguridad<br \/>\n    \u2022 Espacios disponibles por hora, d\u00eda o mes<br \/>\n    \u2022 Eventos regulares de networking y comunidad<br \/>\n    \u2022 Reserva y gesti\u00f3n de cuenta f\u00e1cil v\u00eda app<br \/>\n    \u2022 Dise\u00f1os personalizables y flexibles<br \/>\n    \u2022 Escalabilidad o traslado seg\u00fan tus necesidades<br \/>\n    \u2022 Mobiliario ergon\u00f3mico de alta calidad<br \/>\n    \u2022 Programa de beneficios con descuentos exclusivos y soporte de compras personalizado<br \/>\n    \u2022 Acceso adicional a 50 m\u00b2 de espacio compartido<br \/>\n    \u2022 Precios desde 1569000 COP<\/p>\n<p>La oferta y el precio mostrados en este anuncio son aproximados y est\u00e1n sujetos a disponibilidad.<br \/>\nTodas las im\u00e1genes mostradas pertenecen a nuestras ubicaciones, pero pueden no corresponder a este centro espec\u00edfico.<\/p>\n<p>Consulta ahora<\/p>\n","protected":false},"excerpt":{"rendered":"Impulsa tu negocio con un espacio profesional en renta solo...","protected":false},"author":3363,"featured_media":413273,"template":"","es_locations":[110,77,418],"es_categories":[124],"es_types":[116],"es_rent_periods":[],"es_labels":[],"es_statuses":[],"es_parkings":[],"es_roofs":[],"es_exterior_materials":[],"es_basements":[],"es_floor_coverings":[],"es_features":[],"es_amenities":[],"es_neighborhoods":[],"es_tags":[],"class_list":["post-413271","properties","type-properties","status-publish","has-post-thumbnail","hentry","es_location-bogota","es_location-bogota-d-c","es_location-colombia","es_category-arriendo","es_type-oficinas","es-post-entity"],"_links":{"self":[{"href":"https:\/\/arriendo.com\/co\/wp-json\/wp\/v2\/properties\/413271","targetHints":{"allow":["GET"]}}],"collection":[{"href":"https:\/\/arriendo.com\/co\/wp-json\/wp\/v2\/properties"}],"about":[{"href":"https:\/\/arriendo.com\/co\/wp-json\/wp\/v2\/types\/properties"}],"author":[{"embeddable":true,"href":"https:\/\/arriendo.com\/co\/wp-json\/wp\/v2\/users\/3363"}],"version-history":[{"count":1,"href":"https:\/\/arriendo.com\/co\/wp-json\/wp\/v2\/properties\/413271\/revisions"}],"predecessor-version":[{"id":420120,"href":"https:\/\/arriendo.com\/co\/wp-json\/wp\/v2\/properties\/413271\/revisions\/420120"}],"wp:featuredmedia":[{"embeddable":true,"href":"https:\/\/arriendo.com\/co\/wp-json\/wp\/v2\/media\/413273"}],"wp:attachment":[{"href":"https:\/\/arriendo.com\/co\/wp-json\/wp\/v2\/media?parent=413271"}],"wp:term":[{"taxonomy":"es_location","embeddable":true,"href":"https:\/\/arriendo.com\/co\/wp-json\/wp\/v2\/es_locations?post=413271"},{"taxonomy":"es_category","embeddable":true,"href":"https:\/\/arriendo.com\/co\/wp-json\/wp\/v2\/es_categories?post=413271"},{"taxonomy":"es_type","embeddable":true,"href":"https:\/\/arriendo.com\/co\/wp-json\/wp\/v2\/es_types?post=413271"},{"taxonomy":"es_rent_period","embeddable":true,"href":"https:\/\/arriendo.com\/co\/wp-json\/wp\/v2\/es_rent_periods?post=413271"},{"taxonomy":"es_label","embeddable":true,"href":"https:\/\/arriendo.com\/co\/wp-json\/wp\/v2\/es_labels?post=413271"},{"taxonomy":"es_status","embeddable":true,"href":"https:\/\/arriendo.com\/co\/wp-json\/wp\/v2\/es_statuses?post=413271"},{"taxonomy":"es_parking","embeddable":true,"href":"https:\/\/arriendo.com\/co\/wp-json\/wp\/v2\/es_parkings?post=413271"},{"taxonomy":"es_roof","embeddable":true,"href":"https:\/\/arriendo.com\/co\/wp-json\/wp\/v2\/es_roofs?post=413271"},{"taxonomy":"es_exterior_material","embeddable":true,"href":"https:\/\/arriendo.com\/co\/wp-json\/wp\/v2\/es_exterior_materials?post=413271"},{"taxonomy":"es_basement","embeddable":true,"href":"https:\/\/arriendo.com\/co\/wp-json\/wp\/v2\/es_basements?post=413271"},{"taxonomy":"es_floor_covering","embeddable":true,"href":"https:\/\/arriendo.com\/co\/wp-json\/wp\/v2\/es_floor_coverings?post=413271"},{"taxonomy":"es_feature","embeddable":true,"href":"https:\/\/arriendo.com\/co\/wp-json\/wp\/v2\/es_features?post=413271"},{"taxonomy":"es_amenity","embeddable":true,"href":"https:\/\/arriendo.com\/co\/wp-json\/wp\/v2\/es_amenities?post=413271"},{"taxonomy":"es_neighborhood","embeddable":true,"href":"https:\/\/arriendo.com\/co\/wp-json\/wp\/v2\/es_neighborhoods?post=413271"},{"taxonomy":"es_tag","embeddable":true,"href":"https:\/\/arriendo.com\/co\/wp-json\/wp\/v2\/es_tags?post=413271"}],"curies":[{"name":"wp","href":"https:\/\/api.w.org\/{rel}","templated":true}]}}

Espacio de oficina en renta para 1 persona en BOGOTA, Aeropuerto Buró 26

<p>Impulsa tu negocio con un espacio profesional en renta solo para ti.</p>
<p>Haz de tu oficina un hogar para tu negocio en BOGOTA, Aeropuerto Buró 26, ideal para 1 empleado.</p>
<p>Nuestras oficinas pequeñas están completamente equipadas con WiFi de alta velocidad y tecnología empresarial. Ofrecemos opciones de oficina a corto y largo plazo para adaptarnos a las necesidades de tu equipo.</p>
<p>Trabaje en un edificio multiusos para los que piensan en grande.<br />
Impulse el despegue de su empresa en el Aeropuerto Internacional de El Dorado, el cual forma parte de un complejo hotelero, de oficinas y comercios en el Aeropuerto Internacional de El Dorado. Gracias a la cercanía del aeropuerto, es la base perfecta para explorar la ciudad y recibir a los clientes.</p>
<p>Elija entre una gran variedad de lugares de trabajo bien iluminados y elegantes, cada uno con asientos cómodos y mucha luz natural. Baje a disfrutar del almuerzo en una selección de restaurantes y relájese en el cercano hotel de cuatro estrellas o en el boliche.</p>
<p>Oficinas privadas de Regus incluyen:<br />
    • Acceso a nuestra red global de centros de negocios<br />
    • Equipo de recepción y soporte altamente capacitado<br />
    • Tecnología segura de nivel empresarial y WiFi<br />
    • Impresoras y soporte administrativo<br />
    • Limpieza, servicios públicos y seguridad<br />
    • Espacios disponibles por hora, día o mes<br />
    • Eventos regulares de networking y comunidad<br />
    • Reserva y gestión de cuenta fácil vía app<br />
    • Diseños personalizables y flexibles<br />
    • Escalabilidad o traslado según tus necesidades<br />
    • Mobiliario ergonómico de alta calidad<br />
    • Programa de beneficios con descuentos exclusivos y soporte de compras personalizado<br />
    • Acceso adicional a 50 m² de espacio compartido<br />
    • Precios desde 1569000 COP</p>
<p>La oferta y el precio mostrados en este anuncio son aproximados y están sujetos a disponibilidad.<br />
Todas las imágenes mostradas pertenecen a nuestras ubicaciones, pero pueden no corresponder a este centro específico.</p>
<p>Consulta ahora</p>
