{"id":41078,"date":"2025-02-23T18:40:38","date_gmt":"2025-02-23T23:40:38","guid":{"rendered":"https:\/\/arriendo.com\/co\/%es_type%\/medellin\/el-poblado--campestre\/vqw1Wu5H0\/"},"modified":"2026-01-22T09:31:03","modified_gmt":"2026-01-22T14:31:03","slug":"ar-41078","status":"publish","type":"properties","link":"https:\/\/arriendo.com\/co\/oficinas\/medellin\/el-poblado-campestre\/ar-41078\/","title":{"rendered":"Oficina en arriendo Poblado Campestre"},"content":{"rendered":"<p data-start=\"916\" data-end=\"1287\"><strong>Oficina en arriendo Poblado Campestre<\/strong> ubicada en un sector empresarial privilegiado, con f\u00e1cil acceso a transporte p\u00fablico y cercan\u00eda a la avenida El Poblado. El espacio cuenta con un \u00e1rea de 60 metros cuadrados bien distribuida, que incluye ba\u00f1o privado y cocineta, permitiendo un entorno de trabajo c\u00f3modo y funcional para diferentes tipos de actividades profesionales.<\/p>\n<p data-start=\"1289\" data-end=\"1626\">La oficina dispone de<strong> dos parqueaderos independientes<\/strong>, un valor agregado importante para quienes requieren<strong> fac\u00edl de acceso y comodidad<\/strong> tanto para colaboradores como para visitantes. Su distribuci\u00f3n permite aprovechar el \u00e1rea de forma eficiente, manteniendo un ambiente pr\u00e1ctico y organizado para el desarrollo diario de la operaci\u00f3n.<\/p>\n<p data-start=\"1628\" data-end=\"2051\" data-is-last-node=\"\" data-is-only-node=\"\">El edificio ofrece porter\u00eda con vigilancia 24 horas, circuito cerrado de televisi\u00f3n, sal\u00f3n de reuniones y un cafet\u00edn para uso de los ocupantes. Adem\u00e1s, cuenta con parqueadero para visitantes y una ubicaci\u00f3n estrat\u00e9gica cerca de centros comerciales como Santa Fe, Oviedo, Mall La Frontera y Sao Paulo, lo que facilita el acceso a servicios, comercio y opciones gastron\u00f3micas en una de las zonas m\u00e1s consolidadas de Medell\u00edn.<\/p>\n","protected":false},"excerpt":{"rendered":"Oficina en arriendo Poblado Campestre ubicada en un sector empresarial...","protected":false},"author":1160,"featured_media":41079,"template":"","es_locations":[79,418,783,305],"es_categories":[124],"es_types":[116],"es_rent_periods":[],"es_labels":[2090],"es_statuses":[],"es_parkings":[],"es_roofs":[],"es_exterior_materials":[],"es_basements":[],"es_floor_coverings":[],"es_features":[],"es_amenities":[],"es_neighborhoods":[],"es_tags":[],"class_list":["post-41078","properties","type-properties","status-publish","has-post-thumbnail","hentry","es_location-antioquia","es_location-colombia","es_location-el-poblado-campestre","es_location-medellin","es_category-arriendo","es_type-oficinas","es_label-arrendado","es-post-entity"],"_links":{"self":[{"href":"https:\/\/arriendo.com\/co\/wp-json\/wp\/v2\/properties\/41078","targetHints":{"allow":["GET"]}}],"collection":[{"href":"https:\/\/arriendo.com\/co\/wp-json\/wp\/v2\/properties"}],"about":[{"href":"https:\/\/arriendo.com\/co\/wp-json\/wp\/v2\/types\/properties"}],"author":[{"embeddable":true,"href":"https:\/\/arriendo.com\/co\/wp-json\/wp\/v2\/users\/1160"}],"version-history":[{"count":0,"href":"https:\/\/arriendo.com\/co\/wp-json\/wp\/v2\/properties\/41078\/revisions"}],"wp:featuredmedia":[{"embeddable":true,"href":"https:\/\/arriendo.com\/co\/wp-json\/wp\/v2\/media\/41079"}],"wp:attachment":[{"href":"https:\/\/arriendo.com\/co\/wp-json\/wp\/v2\/media?parent=41078"}],"wp:term":[{"taxonomy":"es_location","embeddable":true,"href":"https:\/\/arriendo.com\/co\/wp-json\/wp\/v2\/es_locations?post=41078"},{"taxonomy":"es_category","embeddable":true,"href":"https:\/\/arriendo.com\/co\/wp-json\/wp\/v2\/es_categories?post=41078"},{"taxonomy":"es_type","embeddable":true,"href":"https:\/\/arriendo.com\/co\/wp-json\/wp\/v2\/es_types?post=41078"},{"taxonomy":"es_rent_period","embeddable":true,"href":"https:\/\/arriendo.com\/co\/wp-json\/wp\/v2\/es_rent_periods?post=41078"},{"taxonomy":"es_label","embeddable":true,"href":"https:\/\/arriendo.com\/co\/wp-json\/wp\/v2\/es_labels?post=41078"},{"taxonomy":"es_status","embeddable":true,"href":"https:\/\/arriendo.com\/co\/wp-json\/wp\/v2\/es_statuses?post=41078"},{"taxonomy":"es_parking","embeddable":true,"href":"https:\/\/arriendo.com\/co\/wp-json\/wp\/v2\/es_parkings?post=41078"},{"taxonomy":"es_roof","embeddable":true,"href":"https:\/\/arriendo.com\/co\/wp-json\/wp\/v2\/es_roofs?post=41078"},{"taxonomy":"es_exterior_material","embeddable":true,"href":"https:\/\/arriendo.com\/co\/wp-json\/wp\/v2\/es_exterior_materials?post=41078"},{"taxonomy":"es_basement","embeddable":true,"href":"https:\/\/arriendo.com\/co\/wp-json\/wp\/v2\/es_basements?post=41078"},{"taxonomy":"es_floor_covering","embeddable":true,"href":"https:\/\/arriendo.com\/co\/wp-json\/wp\/v2\/es_floor_coverings?post=41078"},{"taxonomy":"es_feature","embeddable":true,"href":"https:\/\/arriendo.com\/co\/wp-json\/wp\/v2\/es_features?post=41078"},{"taxonomy":"es_amenity","embeddable":true,"href":"https:\/\/arriendo.com\/co\/wp-json\/wp\/v2\/es_amenities?post=41078"},{"taxonomy":"es_neighborhood","embeddable":true,"href":"https:\/\/arriendo.com\/co\/wp-json\/wp\/v2\/es_neighborhoods?post=41078"},{"taxonomy":"es_tag","embeddable":true,"href":"https:\/\/arriendo.com\/co\/wp-json\/wp\/v2\/es_tags?post=41078"}],"curies":[{"name":"wp","href":"https:\/\/api.w.org\/{rel}","templated":true}]}}

<p data-start="916" data-end="1287"><strong>Oficina en arriendo Poblado Campestre</strong> ubicada en un sector empresarial privilegiado, con fácil acceso a transporte público y cercanía a la avenida El Poblado. El espacio cuenta con un área de 60 metros cuadrados bien distribuida, que incluye baño privado y cocineta, permitiendo un entorno de trabajo cómodo y funcional para diferentes tipos de actividades profesionales.</p>
<p data-start="1289" data-end="1626">La oficina dispone de<strong> dos parqueaderos independientes</strong>, un valor agregado importante para quienes requieren<strong> facíl de acceso y comodidad</strong> tanto para colaboradores como para visitantes. Su distribución permite aprovechar el área de forma eficiente, manteniendo un ambiente práctico y organizado para el desarrollo diario de la operación.</p>
<p data-start="1628" data-end="2051" data-is-last-node="" data-is-only-node="">El edificio ofrece portería con vigilancia 24 horas, circuito cerrado de televisión, salón de reuniones y un cafetín para uso de los ocupantes. Además, cuenta con parqueadero para visitantes y una ubicación estratégica cerca de centros comerciales como Santa Fe, Oviedo, Mall La Frontera y Sao Paulo, lo que facilita el acceso a servicios, comercio y opciones gastronómicas en una de las zonas más consolidadas de Medellín.</p>
