{"id":396123,"date":"2026-02-24T09:58:20","date_gmt":"2026-02-24T14:58:20","guid":{"rendered":"https:\/\/arriendo.com\/co\/%es_type%\/%address_city%\/%neighborhood%\/sabaneta-mayorca-oficina-en-arriendo-en-cdec74\/"},"modified":"2026-02-24T09:58:20","modified_gmt":"2026-02-24T14:58:20","slug":"AR-396123","status":"publish","type":"properties","link":"https:\/\/arriendo.com\/co\/oficinas\/sabaneta\/mayorca\/AR-396123\/","title":{"rendered":"Oficina en Arriendo en Mayorca, Sabaneta"},"content":{"rendered":"<p>Oficina en arriendo en Sabaneta, ideal para quienes buscan espacios comerciales en el sur del valle de Aburr\u00e1. Ubicada cerca al centro comercial Mayorca y a las Vegas. Cuenta con 40 mtr, ba\u00f1o privado, cocineta sencilla, ventanal con vista panor\u00e1mica y buena iluminaci\u00f3n. El edificio tiene ascensor y acceso pavimentado. Zona comercial con supermercados, colegios y transporte p\u00fablico cercano. Precio + IVA.<\/p>\n","protected":false},"excerpt":{"rendered":"Oficina en arriendo en Sabaneta, ideal para quienes buscan espacios...","protected":false},"author":7646,"featured_media":396131,"template":"","es_locations":[79,1844,473],"es_categories":[124],"es_types":[116],"es_rent_periods":[],"es_labels":[],"es_statuses":[],"es_parkings":[],"es_roofs":[],"es_exterior_materials":[],"es_basements":[],"es_floor_coverings":[],"es_features":[2292,2164,2200,2293,2302,2148,2296,2201,2132,2135,2150,2136,2297,2137],"es_amenities":[2294,2187,2205,2295,2303,2157,2298,2206,2140,2142,2161,2143,2299,2144],"es_neighborhoods":[],"es_tags":[],"class_list":["post-396123","properties","type-properties","status-publish","has-post-thumbnail","hentry","es_location-antioquia","es_location-mayorca","es_location-sabaneta","es_category-arriendo","es_type-oficinas","es_feature-acceso-pavimentado","es_feature-bano-independiente","es_feature-cerca-a-sector-comercial","es_feature-cerca-centro-comercial","es_feature-cocineta","es_feature-colegios-universidades","es_feature-en-edificio","es_feature-en-zona-comercial","es_feature-parques-cercanos","es_feature-sobre-via-principal","es_feature-supermercados-c-comerciales","es_feature-trans-publico-cercano","es_feature-ubicada-en-edificio","es_feature-zona-comercial","es_amenity-acceso-pavimentado","es_amenity-bano-independiente","es_amenity-cerca-a-sector-comercial","es_amenity-cerca-centro-comercial","es_amenity-cocineta","es_amenity-colegios-universidades","es_amenity-en-edificio","es_amenity-en-zona-comercial","es_amenity-parques-cercanos","es_amenity-sobre-via-principal","es_amenity-supermercados-c-comerciales","es_amenity-trans-publico-cercano","es_amenity-ubicada-en-edificio","es_amenity-zona-comercial","es-post-entity"],"_links":{"self":[{"href":"https:\/\/arriendo.com\/co\/wp-json\/wp\/v2\/properties\/396123","targetHints":{"allow":["GET"]}}],"collection":[{"href":"https:\/\/arriendo.com\/co\/wp-json\/wp\/v2\/properties"}],"about":[{"href":"https:\/\/arriendo.com\/co\/wp-json\/wp\/v2\/types\/properties"}],"author":[{"embeddable":true,"href":"https:\/\/arriendo.com\/co\/wp-json\/wp\/v2\/users\/7646"}],"version-history":[{"count":0,"href":"https:\/\/arriendo.com\/co\/wp-json\/wp\/v2\/properties\/396123\/revisions"}],"wp:featuredmedia":[{"embeddable":true,"href":"https:\/\/arriendo.com\/co\/wp-json\/wp\/v2\/media\/396131"}],"wp:attachment":[{"href":"https:\/\/arriendo.com\/co\/wp-json\/wp\/v2\/media?parent=396123"}],"wp:term":[{"taxonomy":"es_location","embeddable":true,"href":"https:\/\/arriendo.com\/co\/wp-json\/wp\/v2\/es_locations?post=396123"},{"taxonomy":"es_category","embeddable":true,"href":"https:\/\/arriendo.com\/co\/wp-json\/wp\/v2\/es_categories?post=396123"},{"taxonomy":"es_type","embeddable":true,"href":"https:\/\/arriendo.com\/co\/wp-json\/wp\/v2\/es_types?post=396123"},{"taxonomy":"es_rent_period","embeddable":true,"href":"https:\/\/arriendo.com\/co\/wp-json\/wp\/v2\/es_rent_periods?post=396123"},{"taxonomy":"es_label","embeddable":true,"href":"https:\/\/arriendo.com\/co\/wp-json\/wp\/v2\/es_labels?post=396123"},{"taxonomy":"es_status","embeddable":true,"href":"https:\/\/arriendo.com\/co\/wp-json\/wp\/v2\/es_statuses?post=396123"},{"taxonomy":"es_parking","embeddable":true,"href":"https:\/\/arriendo.com\/co\/wp-json\/wp\/v2\/es_parkings?post=396123"},{"taxonomy":"es_roof","embeddable":true,"href":"https:\/\/arriendo.com\/co\/wp-json\/wp\/v2\/es_roofs?post=396123"},{"taxonomy":"es_exterior_material","embeddable":true,"href":"https:\/\/arriendo.com\/co\/wp-json\/wp\/v2\/es_exterior_materials?post=396123"},{"taxonomy":"es_basement","embeddable":true,"href":"https:\/\/arriendo.com\/co\/wp-json\/wp\/v2\/es_basements?post=396123"},{"taxonomy":"es_floor_covering","embeddable":true,"href":"https:\/\/arriendo.com\/co\/wp-json\/wp\/v2\/es_floor_coverings?post=396123"},{"taxonomy":"es_feature","embeddable":true,"href":"https:\/\/arriendo.com\/co\/wp-json\/wp\/v2\/es_features?post=396123"},{"taxonomy":"es_amenity","embeddable":true,"href":"https:\/\/arriendo.com\/co\/wp-json\/wp\/v2\/es_amenities?post=396123"},{"taxonomy":"es_neighborhood","embeddable":true,"href":"https:\/\/arriendo.com\/co\/wp-json\/wp\/v2\/es_neighborhoods?post=396123"},{"taxonomy":"es_tag","embeddable":true,"href":"https:\/\/arriendo.com\/co\/wp-json\/wp\/v2\/es_tags?post=396123"}],"curies":[{"name":"wp","href":"https:\/\/api.w.org\/{rel}","templated":true}]}}

<p>Oficina en arriendo en Sabaneta, ideal para quienes buscan espacios comerciales en el sur del valle de Aburrá. Ubicada cerca al centro comercial Mayorca y a las Vegas. Cuenta con 40 mtr, baño privado, cocineta sencilla, ventanal con vista panorámica y buena iluminación. El edificio tiene ascensor y acceso pavimentado. Zona comercial con supermercados, colegios y transporte público cercano. Precio + IVA.</p>
