{"id":395613,"date":"2026-02-24T09:50:50","date_gmt":"2026-02-24T14:50:50","guid":{"rendered":"https:\/\/arriendo.com\/co\/%es_type%\/%address_city%\/%neighborhood%\/envigado-san-rafael-apartamento-en-arriendo-en-a7c5c4\/"},"modified":"2026-02-24T09:50:50","modified_gmt":"2026-02-24T14:50:50","slug":"AR-395613","status":"publish","type":"properties","link":"https:\/\/arriendo.com\/co\/apartamentos\/envigado\/san-rafael\/AR-395613\/","title":{"rendered":"Apartamento en arriendo en San rafael, Envigado"},"content":{"rendered":"<p>Apartamento disponible para arriendo en San Rafael, con un \u00e1rea construida de 70m\u00b2 distribuidos en 3 alcobas, 2 ba\u00f1os, cocina semi integral con red de gas, sala comedor, balc\u00f3n, zona de ropas y piso en cer\u00e1mica. Ubicado cerca de cancha, colegios y supermercados, con acceso pavimentado, zonas comunes, seguridad en la zona y excelente conectividad vial. Oportunidad ideal para quienes buscan apartamentos en arriendo y venta en Envigado, apartamentos en arriendo Medell\u00edn Envigado, arrendamientos en el sur de Medell\u00edn, o ventas de inmuebles en Envigado.<\/p>\n","protected":false},"excerpt":{"rendered":"Apartamento disponible para arriendo en San Rafael, con un \u00e1rea...","protected":false},"author":7646,"featured_media":395616,"template":"","es_locations":[79,511,585],"es_categories":[124],"es_types":[114],"es_rent_periods":[],"es_labels":[],"es_statuses":[],"es_parkings":[],"es_roofs":[],"es_exterior_materials":[],"es_basements":[],"es_floor_coverings":[],"es_features":[2292,2168,132,2164,2293,2166,2148,2176,2177,145,2132,2135,2239,2150,2136,2151,2152],"es_amenities":[2294,2195,2186,2187,2295,2189,2157,2191,2192,2160,2140,2142,2256,2161,2143,162,2162],"es_neighborhoods":[],"es_tags":[],"class_list":["post-395613","properties","type-properties","status-publish","has-post-thumbnail","hentry","es_location-antioquia","es_location-envigado","es_location-san-rafael","es_category-arriendo","es_type-apartamentos","es_feature-acceso-pavimentado","es_feature-area-urbana","es_feature-balcon","es_feature-bano-independiente","es_feature-cerca-centro-comercial","es_feature-closet","es_feature-colegios-universidades","es_feature-en-zona-residencial","es_feature-finca-cafetera","es_feature-instalacion-de-gas","es_feature-parques-cercanos","es_feature-sobre-via-principal","es_feature-sobre-via-secundaria","es_feature-supermercados-c-comerciales","es_feature-trans-publico-cercano","es_feature-zona-de-lavanderia","es_feature-zona-residencial","es_amenity-acceso-pavimentado","es_amenity-area-urbana","es_amenity-balcon","es_amenity-bano-independiente","es_amenity-cerca-centro-comercial","es_amenity-closet","es_amenity-colegios-universidades","es_amenity-en-zona-residencial","es_amenity-finca-cafetera","es_amenity-instalacion-de-gas","es_amenity-parques-cercanos","es_amenity-sobre-via-principal","es_amenity-sobre-via-secundaria","es_amenity-supermercados-c-comerciales","es_amenity-trans-publico-cercano","es_amenity-zona-de-lavanderia","es_amenity-zona-residencial","es-post-entity"],"_links":{"self":[{"href":"https:\/\/arriendo.com\/co\/wp-json\/wp\/v2\/properties\/395613","targetHints":{"allow":["GET"]}}],"collection":[{"href":"https:\/\/arriendo.com\/co\/wp-json\/wp\/v2\/properties"}],"about":[{"href":"https:\/\/arriendo.com\/co\/wp-json\/wp\/v2\/types\/properties"}],"author":[{"embeddable":true,"href":"https:\/\/arriendo.com\/co\/wp-json\/wp\/v2\/users\/7646"}],"version-history":[{"count":0,"href":"https:\/\/arriendo.com\/co\/wp-json\/wp\/v2\/properties\/395613\/revisions"}],"wp:featuredmedia":[{"embeddable":true,"href":"https:\/\/arriendo.com\/co\/wp-json\/wp\/v2\/media\/395616"}],"wp:attachment":[{"href":"https:\/\/arriendo.com\/co\/wp-json\/wp\/v2\/media?parent=395613"}],"wp:term":[{"taxonomy":"es_location","embeddable":true,"href":"https:\/\/arriendo.com\/co\/wp-json\/wp\/v2\/es_locations?post=395613"},{"taxonomy":"es_category","embeddable":true,"href":"https:\/\/arriendo.com\/co\/wp-json\/wp\/v2\/es_categories?post=395613"},{"taxonomy":"es_type","embeddable":true,"href":"https:\/\/arriendo.com\/co\/wp-json\/wp\/v2\/es_types?post=395613"},{"taxonomy":"es_rent_period","embeddable":true,"href":"https:\/\/arriendo.com\/co\/wp-json\/wp\/v2\/es_rent_periods?post=395613"},{"taxonomy":"es_label","embeddable":true,"href":"https:\/\/arriendo.com\/co\/wp-json\/wp\/v2\/es_labels?post=395613"},{"taxonomy":"es_status","embeddable":true,"href":"https:\/\/arriendo.com\/co\/wp-json\/wp\/v2\/es_statuses?post=395613"},{"taxonomy":"es_parking","embeddable":true,"href":"https:\/\/arriendo.com\/co\/wp-json\/wp\/v2\/es_parkings?post=395613"},{"taxonomy":"es_roof","embeddable":true,"href":"https:\/\/arriendo.com\/co\/wp-json\/wp\/v2\/es_roofs?post=395613"},{"taxonomy":"es_exterior_material","embeddable":true,"href":"https:\/\/arriendo.com\/co\/wp-json\/wp\/v2\/es_exterior_materials?post=395613"},{"taxonomy":"es_basement","embeddable":true,"href":"https:\/\/arriendo.com\/co\/wp-json\/wp\/v2\/es_basements?post=395613"},{"taxonomy":"es_floor_covering","embeddable":true,"href":"https:\/\/arriendo.com\/co\/wp-json\/wp\/v2\/es_floor_coverings?post=395613"},{"taxonomy":"es_feature","embeddable":true,"href":"https:\/\/arriendo.com\/co\/wp-json\/wp\/v2\/es_features?post=395613"},{"taxonomy":"es_amenity","embeddable":true,"href":"https:\/\/arriendo.com\/co\/wp-json\/wp\/v2\/es_amenities?post=395613"},{"taxonomy":"es_neighborhood","embeddable":true,"href":"https:\/\/arriendo.com\/co\/wp-json\/wp\/v2\/es_neighborhoods?post=395613"},{"taxonomy":"es_tag","embeddable":true,"href":"https:\/\/arriendo.com\/co\/wp-json\/wp\/v2\/es_tags?post=395613"}],"curies":[{"name":"wp","href":"https:\/\/api.w.org\/{rel}","templated":true}]}}

<p>Apartamento disponible para arriendo en San Rafael, con un área construida de 70m² distribuidos en 3 alcobas, 2 baños, cocina semi integral con red de gas, sala comedor, balcón, zona de ropas y piso en cerámica. Ubicado cerca de cancha, colegios y supermercados, con acceso pavimentado, zonas comunes, seguridad en la zona y excelente conectividad vial. Oportunidad ideal para quienes buscan apartamentos en arriendo y venta en Envigado, apartamentos en arriendo Medellín Envigado, arrendamientos en el sur de Medellín, o ventas de inmuebles en Envigado.</p>

Apartamento disponible para arriendo en San Rafael, con un área...
