{"id":395470,"date":"2026-02-24T09:49:29","date_gmt":"2026-02-24T14:49:29","guid":{"rendered":"https:\/\/arriendo.com\/co\/%es_type%\/%address_city%\/%neighborhood%\/san-jeronimo-veliguarin-apartamento-en-arriendo-9b2236\/"},"modified":"2026-02-24T09:49:29","modified_gmt":"2026-02-24T14:49:29","slug":"AR-395470","status":"publish","type":"properties","link":"https:\/\/arriendo.com\/co\/locales\/san-jeronimo\/veliguarin\/AR-395470\/","title":{"rendered":"Apartamento en  Arriendo en Veliguarin, San Jer\u00f3nimo"},"content":{"rendered":"<p>Local en arriendo ubicado en San Jer\u00f3nimo, con un \u00e1rea total de 89m\u00b2, 65m\u00b2 internos y 24m\u00b2 externos. Cuenta con 2 ba\u00f1os, cocina sencilla, divisiones internas (3 espacios) y piso en cer\u00e1mica. Ideal para consultorio odontol\u00f3gico, ya que se encuentra amoblado y listo para operar. Ubicado estrat\u00e9gicamente sobre v\u00eda principal al ingreso del parque, en zona comercial y residencial con alto flujo peatonal. Cerca de colegios, universidades, supermercados, centros comerciales y con excelente acceso a transporte p\u00fablico. Canon amoblado: $3.000.000.<\/p>\n","protected":false},"excerpt":{"rendered":"Local en arriendo ubicado en San Jer\u00f3nimo, con un \u00e1rea...","protected":false},"author":7646,"featured_media":395473,"template":"","es_locations":[79,939,3737],"es_categories":[124],"es_types":[117],"es_rent_periods":[],"es_labels":[],"es_statuses":[],"es_parkings":[],"es_roofs":[],"es_exterior_materials":[],"es_basements":[],"es_floor_coverings":[],"es_features":[2292,2168,2164,2200,2293,2302,2148,2201,2176,2132,2135,2239,2150,2136,2137,2152],"es_amenities":[2294,2195,2187,2205,2295,2303,2157,2206,2191,2140,2142,2256,2161,2143,2144,2162],"es_neighborhoods":[],"es_tags":[],"class_list":["post-395470","properties","type-properties","status-publish","has-post-thumbnail","hentry","es_location-antioquia","es_location-san-jeronimo","es_location-veliguarin","es_category-arriendo","es_type-locales","es_feature-acceso-pavimentado","es_feature-area-urbana","es_feature-bano-independiente","es_feature-cerca-a-sector-comercial","es_feature-cerca-centro-comercial","es_feature-cocineta","es_feature-colegios-universidades","es_feature-en-zona-comercial","es_feature-en-zona-residencial","es_feature-parques-cercanos","es_feature-sobre-via-principal","es_feature-sobre-via-secundaria","es_feature-supermercados-c-comerciales","es_feature-trans-publico-cercano","es_feature-zona-comercial","es_feature-zona-residencial","es_amenity-acceso-pavimentado","es_amenity-area-urbana","es_amenity-bano-independiente","es_amenity-cerca-a-sector-comercial","es_amenity-cerca-centro-comercial","es_amenity-cocineta","es_amenity-colegios-universidades","es_amenity-en-zona-comercial","es_amenity-en-zona-residencial","es_amenity-parques-cercanos","es_amenity-sobre-via-principal","es_amenity-sobre-via-secundaria","es_amenity-supermercados-c-comerciales","es_amenity-trans-publico-cercano","es_amenity-zona-comercial","es_amenity-zona-residencial","es-post-entity"],"_links":{"self":[{"href":"https:\/\/arriendo.com\/co\/wp-json\/wp\/v2\/properties\/395470","targetHints":{"allow":["GET"]}}],"collection":[{"href":"https:\/\/arriendo.com\/co\/wp-json\/wp\/v2\/properties"}],"about":[{"href":"https:\/\/arriendo.com\/co\/wp-json\/wp\/v2\/types\/properties"}],"author":[{"embeddable":true,"href":"https:\/\/arriendo.com\/co\/wp-json\/wp\/v2\/users\/7646"}],"version-history":[{"count":0,"href":"https:\/\/arriendo.com\/co\/wp-json\/wp\/v2\/properties\/395470\/revisions"}],"wp:featuredmedia":[{"embeddable":true,"href":"https:\/\/arriendo.com\/co\/wp-json\/wp\/v2\/media\/395473"}],"wp:attachment":[{"href":"https:\/\/arriendo.com\/co\/wp-json\/wp\/v2\/media?parent=395470"}],"wp:term":[{"taxonomy":"es_location","embeddable":true,"href":"https:\/\/arriendo.com\/co\/wp-json\/wp\/v2\/es_locations?post=395470"},{"taxonomy":"es_category","embeddable":true,"href":"https:\/\/arriendo.com\/co\/wp-json\/wp\/v2\/es_categories?post=395470"},{"taxonomy":"es_type","embeddable":true,"href":"https:\/\/arriendo.com\/co\/wp-json\/wp\/v2\/es_types?post=395470"},{"taxonomy":"es_rent_period","embeddable":true,"href":"https:\/\/arriendo.com\/co\/wp-json\/wp\/v2\/es_rent_periods?post=395470"},{"taxonomy":"es_label","embeddable":true,"href":"https:\/\/arriendo.com\/co\/wp-json\/wp\/v2\/es_labels?post=395470"},{"taxonomy":"es_status","embeddable":true,"href":"https:\/\/arriendo.com\/co\/wp-json\/wp\/v2\/es_statuses?post=395470"},{"taxonomy":"es_parking","embeddable":true,"href":"https:\/\/arriendo.com\/co\/wp-json\/wp\/v2\/es_parkings?post=395470"},{"taxonomy":"es_roof","embeddable":true,"href":"https:\/\/arriendo.com\/co\/wp-json\/wp\/v2\/es_roofs?post=395470"},{"taxonomy":"es_exterior_material","embeddable":true,"href":"https:\/\/arriendo.com\/co\/wp-json\/wp\/v2\/es_exterior_materials?post=395470"},{"taxonomy":"es_basement","embeddable":true,"href":"https:\/\/arriendo.com\/co\/wp-json\/wp\/v2\/es_basements?post=395470"},{"taxonomy":"es_floor_covering","embeddable":true,"href":"https:\/\/arriendo.com\/co\/wp-json\/wp\/v2\/es_floor_coverings?post=395470"},{"taxonomy":"es_feature","embeddable":true,"href":"https:\/\/arriendo.com\/co\/wp-json\/wp\/v2\/es_features?post=395470"},{"taxonomy":"es_amenity","embeddable":true,"href":"https:\/\/arriendo.com\/co\/wp-json\/wp\/v2\/es_amenities?post=395470"},{"taxonomy":"es_neighborhood","embeddable":true,"href":"https:\/\/arriendo.com\/co\/wp-json\/wp\/v2\/es_neighborhoods?post=395470"},{"taxonomy":"es_tag","embeddable":true,"href":"https:\/\/arriendo.com\/co\/wp-json\/wp\/v2\/es_tags?post=395470"}],"curies":[{"name":"wp","href":"https:\/\/api.w.org\/{rel}","templated":true}]}}

Apartamento en  Arriendo en Veliguarin, San Jerónimo

<p>Local en arriendo ubicado en San Jerónimo, con un área total de 89m², 65m² internos y 24m² externos. Cuenta con 2 baños, cocina sencilla, divisiones internas (3 espacios) y piso en cerámica. Ideal para consultorio odontológico, ya que se encuentra amoblado y listo para operar. Ubicado estratégicamente sobre vía principal al ingreso del parque, en zona comercial y residencial con alto flujo peatonal. Cerca de colegios, universidades, supermercados, centros comerciales y con excelente acceso a transporte público. Canon amoblado: $3.000.000.</p>

Local en arriendo ubicado en San Jerónimo, con un área...
