{"id":393919,"date":"2026-02-24T09:10:39","date_gmt":"2026-02-24T14:10:39","guid":{"rendered":"https:\/\/arriendo.com\/co\/%es_type%\/%address_city%\/%neighborhood%\/rionegro-el-porvenir-apartamento-en-arriendo-fbcbd9\/"},"modified":"2026-02-24T09:10:39","modified_gmt":"2026-02-24T14:10:39","slug":"AR-393919","status":"publish","type":"properties","link":"https:\/\/arriendo.com\/co\/apartamentos\/rionegro\/el-porvenir\/AR-393919\/","title":{"rendered":"Apartamento en  Arriendo en El porvenir, Rionegro"},"content":{"rendered":"<p>Hermoso apartamento, cuenta con 3 habitaciones,3 closet, 2 ba\u00f1os cabinados, cocina integral, zona de ropas, piso en cer\u00e1mica , parqueadero y cuarto \u00fatil, ubicado en unidad muy campestre y tranquila, cercana al club la macarena, rutas de transporte, excelentes acabados, iluminaci\u00f3n natural. administraci\u00f3n incluida. 679-63017<\/p>\n","protected":false},"excerpt":{"rendered":"Hermoso apartamento, cuenta con 3 habitaciones,3 closet, 2 ba\u00f1os cabinados,...","protected":false},"author":8340,"featured_media":393922,"template":"","es_locations":[79,503,502],"es_categories":[124],"es_types":[114],"es_rent_periods":[],"es_labels":[],"es_statuses":[],"es_parkings":[],"es_roofs":[],"es_exterior_materials":[],"es_basements":[],"es_floor_coverings":[],"es_features":[2168,131,2212,2145,2211,2166,2146,2213,2202,145,2272,2182,2227,2228,2241,2151,2185,2152],"es_amenities":[2195,152,2217,2153,2210,2189,2155,2218,2207,2160,2273,159,2255,2258,2259,162,2173,2162],"es_neighborhoods":[],"es_tags":[],"class_list":["post-393919","properties","type-properties","status-publish","has-post-thumbnail","hentry","es_location-antioquia","es_location-el-porvenir","es_location-rionegro","es_category-arriendo","es_type-apartamentos","es_feature-area-urbana","es_feature-ascensor","es_feature-bano-auxiliar","es_feature-calentador","es_feature-canchas-deportivas","es_feature-closet","es_feature-cocina-integral","es_feature-comedor","es_feature-garaje-parqueaderos","es_feature-instalacion-de-gas","es_feature-piso-en-baldosa-marmol","es_feature-salon-comunal","es_feature-shut-de-basura","es_feature-ventilacion-natural","es_feature-vigilancia-24x7","es_feature-zona-de-lavanderia","es_feature-zona-infantil","es_feature-zona-residencial","es_amenity-area-urbana","es_amenity-ascensor-privado","es_amenity-bano-auxiliar","es_amenity-calentador","es_amenity-canchas-deportivas","es_amenity-closet","es_amenity-cocina-integral","es_amenity-comedor","es_amenity-garaje-parqueaderos","es_amenity-instalacion-de-gas","es_amenity-piso-en-baldosa-marmol","es_amenity-salon-comunal","es_amenity-shut-de-basura","es_amenity-ventilacion-natural","es_amenity-vigilancia-24x7","es_amenity-zona-de-lavanderia","es_amenity-zona-infantil","es_amenity-zona-residencial","es-post-entity"],"_links":{"self":[{"href":"https:\/\/arriendo.com\/co\/wp-json\/wp\/v2\/properties\/393919","targetHints":{"allow":["GET"]}}],"collection":[{"href":"https:\/\/arriendo.com\/co\/wp-json\/wp\/v2\/properties"}],"about":[{"href":"https:\/\/arriendo.com\/co\/wp-json\/wp\/v2\/types\/properties"}],"author":[{"embeddable":true,"href":"https:\/\/arriendo.com\/co\/wp-json\/wp\/v2\/users\/8340"}],"version-history":[{"count":0,"href":"https:\/\/arriendo.com\/co\/wp-json\/wp\/v2\/properties\/393919\/revisions"}],"wp:featuredmedia":[{"embeddable":true,"href":"https:\/\/arriendo.com\/co\/wp-json\/wp\/v2\/media\/393922"}],"wp:attachment":[{"href":"https:\/\/arriendo.com\/co\/wp-json\/wp\/v2\/media?parent=393919"}],"wp:term":[{"taxonomy":"es_location","embeddable":true,"href":"https:\/\/arriendo.com\/co\/wp-json\/wp\/v2\/es_locations?post=393919"},{"taxonomy":"es_category","embeddable":true,"href":"https:\/\/arriendo.com\/co\/wp-json\/wp\/v2\/es_categories?post=393919"},{"taxonomy":"es_type","embeddable":true,"href":"https:\/\/arriendo.com\/co\/wp-json\/wp\/v2\/es_types?post=393919"},{"taxonomy":"es_rent_period","embeddable":true,"href":"https:\/\/arriendo.com\/co\/wp-json\/wp\/v2\/es_rent_periods?post=393919"},{"taxonomy":"es_label","embeddable":true,"href":"https:\/\/arriendo.com\/co\/wp-json\/wp\/v2\/es_labels?post=393919"},{"taxonomy":"es_status","embeddable":true,"href":"https:\/\/arriendo.com\/co\/wp-json\/wp\/v2\/es_statuses?post=393919"},{"taxonomy":"es_parking","embeddable":true,"href":"https:\/\/arriendo.com\/co\/wp-json\/wp\/v2\/es_parkings?post=393919"},{"taxonomy":"es_roof","embeddable":true,"href":"https:\/\/arriendo.com\/co\/wp-json\/wp\/v2\/es_roofs?post=393919"},{"taxonomy":"es_exterior_material","embeddable":true,"href":"https:\/\/arriendo.com\/co\/wp-json\/wp\/v2\/es_exterior_materials?post=393919"},{"taxonomy":"es_basement","embeddable":true,"href":"https:\/\/arriendo.com\/co\/wp-json\/wp\/v2\/es_basements?post=393919"},{"taxonomy":"es_floor_covering","embeddable":true,"href":"https:\/\/arriendo.com\/co\/wp-json\/wp\/v2\/es_floor_coverings?post=393919"},{"taxonomy":"es_feature","embeddable":true,"href":"https:\/\/arriendo.com\/co\/wp-json\/wp\/v2\/es_features?post=393919"},{"taxonomy":"es_amenity","embeddable":true,"href":"https:\/\/arriendo.com\/co\/wp-json\/wp\/v2\/es_amenities?post=393919"},{"taxonomy":"es_neighborhood","embeddable":true,"href":"https:\/\/arriendo.com\/co\/wp-json\/wp\/v2\/es_neighborhoods?post=393919"},{"taxonomy":"es_tag","embeddable":true,"href":"https:\/\/arriendo.com\/co\/wp-json\/wp\/v2\/es_tags?post=393919"}],"curies":[{"name":"wp","href":"https:\/\/api.w.org\/{rel}","templated":true}]}}

<p>Hermoso apartamento, cuenta con 3 habitaciones,3 closet, 2 baños cabinados, cocina integral, zona de ropas, piso en cerámica , parqueadero y cuarto útil, ubicado en unidad muy campestre y tranquila, cercana al club la macarena, rutas de transporte, excelentes acabados, iluminación natural. administración incluida. 679-63017</p>

Hermoso apartamento, cuenta con 3 habitaciones,3 closet, 2 baños cabinados,...
