{"id":393323,"date":"2026-02-24T08:58:16","date_gmt":"2026-02-24T13:58:16","guid":{"rendered":"https:\/\/arriendo.com\/co\/%es_type%\/%address_city%\/%neighborhood%\/guarne-piedras-blancas-apartamento-en-arriendo-en-872721\/"},"modified":"2026-02-24T08:58:16","modified_gmt":"2026-02-24T13:58:16","slug":"AR-393323","status":"publish","type":"properties","link":"https:\/\/arriendo.com\/co\/apartamentos\/guarne\/piedras-blancas\/AR-393323\/","title":{"rendered":"Apartamento en Arriendo en Piedras blancas, Guarne"},"content":{"rendered":"<p>Este acogedor apartamento campestre de 2 habitaciones y 2 ba\u00f1os 2 closets , ofrece un espacio ideal para la comodidad y el bienestar familiar. Cuenta con una moderna cocina integral perfectamente integrada a la zona social, zona de ropas independiente, y una amplia sala-comedor que brinda un ambiente c\u00e1lido y funcional. Los pisos en cer\u00e1mica aportan elegancia y confort en cada rinc\u00f3n del hogar. Adem\u00e1s, el inmueble incluye parqueadero descubierto, lo que garantiza mayor comodidad y seguridad. Este hermoso apartamento se encuentra en una excelente ubicaci\u00f3n, a tan solo 15 minutos de la autopista Med-bog y del caso urbano de Guarne.<\/p>\n","protected":false},"excerpt":{"rendered":"Este acogedor apartamento campestre de 2 habitaciones y 2 ba\u00f1os...","protected":false},"author":8340,"featured_media":393326,"template":"","es_locations":[79,766,3608],"es_categories":[124],"es_types":[114],"es_rent_periods":[],"es_labels":[],"es_statuses":[],"es_parkings":[],"es_roofs":[],"es_exterior_materials":[],"es_basements":[],"es_floor_coverings":[],"es_features":[132,2146,2148,2203,2220,2136,144,2152],"es_amenities":[2186,2155,2157,2208,2221,2143,2289,2162],"es_neighborhoods":[],"es_tags":[],"class_list":["post-393323","properties","type-properties","status-publish","has-post-thumbnail","hentry","es_location-antioquia","es_location-guarne","es_location-piedras-blancas","es_category-arriendo","es_type-apartamentos","es_feature-balcon","es_feature-cocina-integral","es_feature-colegios-universidades","es_feature-jardines-exteriores","es_feature-patio","es_feature-trans-publico-cercano","es_feature-vista-panoramica","es_feature-zona-residencial","es_amenity-balcon","es_amenity-cocina-integral","es_amenity-colegios-universidades","es_amenity-jardines-exteriores","es_amenity-patio","es_amenity-trans-publico-cercano","es_amenity-vista-panoramica","es_amenity-zona-residencial","es-post-entity"],"_links":{"self":[{"href":"https:\/\/arriendo.com\/co\/wp-json\/wp\/v2\/properties\/393323","targetHints":{"allow":["GET"]}}],"collection":[{"href":"https:\/\/arriendo.com\/co\/wp-json\/wp\/v2\/properties"}],"about":[{"href":"https:\/\/arriendo.com\/co\/wp-json\/wp\/v2\/types\/properties"}],"author":[{"embeddable":true,"href":"https:\/\/arriendo.com\/co\/wp-json\/wp\/v2\/users\/8340"}],"version-history":[{"count":0,"href":"https:\/\/arriendo.com\/co\/wp-json\/wp\/v2\/properties\/393323\/revisions"}],"wp:featuredmedia":[{"embeddable":true,"href":"https:\/\/arriendo.com\/co\/wp-json\/wp\/v2\/media\/393326"}],"wp:attachment":[{"href":"https:\/\/arriendo.com\/co\/wp-json\/wp\/v2\/media?parent=393323"}],"wp:term":[{"taxonomy":"es_location","embeddable":true,"href":"https:\/\/arriendo.com\/co\/wp-json\/wp\/v2\/es_locations?post=393323"},{"taxonomy":"es_category","embeddable":true,"href":"https:\/\/arriendo.com\/co\/wp-json\/wp\/v2\/es_categories?post=393323"},{"taxonomy":"es_type","embeddable":true,"href":"https:\/\/arriendo.com\/co\/wp-json\/wp\/v2\/es_types?post=393323"},{"taxonomy":"es_rent_period","embeddable":true,"href":"https:\/\/arriendo.com\/co\/wp-json\/wp\/v2\/es_rent_periods?post=393323"},{"taxonomy":"es_label","embeddable":true,"href":"https:\/\/arriendo.com\/co\/wp-json\/wp\/v2\/es_labels?post=393323"},{"taxonomy":"es_status","embeddable":true,"href":"https:\/\/arriendo.com\/co\/wp-json\/wp\/v2\/es_statuses?post=393323"},{"taxonomy":"es_parking","embeddable":true,"href":"https:\/\/arriendo.com\/co\/wp-json\/wp\/v2\/es_parkings?post=393323"},{"taxonomy":"es_roof","embeddable":true,"href":"https:\/\/arriendo.com\/co\/wp-json\/wp\/v2\/es_roofs?post=393323"},{"taxonomy":"es_exterior_material","embeddable":true,"href":"https:\/\/arriendo.com\/co\/wp-json\/wp\/v2\/es_exterior_materials?post=393323"},{"taxonomy":"es_basement","embeddable":true,"href":"https:\/\/arriendo.com\/co\/wp-json\/wp\/v2\/es_basements?post=393323"},{"taxonomy":"es_floor_covering","embeddable":true,"href":"https:\/\/arriendo.com\/co\/wp-json\/wp\/v2\/es_floor_coverings?post=393323"},{"taxonomy":"es_feature","embeddable":true,"href":"https:\/\/arriendo.com\/co\/wp-json\/wp\/v2\/es_features?post=393323"},{"taxonomy":"es_amenity","embeddable":true,"href":"https:\/\/arriendo.com\/co\/wp-json\/wp\/v2\/es_amenities?post=393323"},{"taxonomy":"es_neighborhood","embeddable":true,"href":"https:\/\/arriendo.com\/co\/wp-json\/wp\/v2\/es_neighborhoods?post=393323"},{"taxonomy":"es_tag","embeddable":true,"href":"https:\/\/arriendo.com\/co\/wp-json\/wp\/v2\/es_tags?post=393323"}],"curies":[{"name":"wp","href":"https:\/\/api.w.org\/{rel}","templated":true}]}}

<p>Este acogedor apartamento campestre de 2 habitaciones y 2 baños 2 closets , ofrece un espacio ideal para la comodidad y el bienestar familiar. Cuenta con una moderna cocina integral perfectamente integrada a la zona social, zona de ropas independiente, y una amplia sala-comedor que brinda un ambiente cálido y funcional. Los pisos en cerámica aportan elegancia y confort en cada rincón del hogar. Además, el inmueble incluye parqueadero descubierto, lo que garantiza mayor comodidad y seguridad. Este hermoso apartamento se encuentra en una excelente ubicación, a tan solo 15 minutos de la autopista Med-bog y del caso urbano de Guarne.</p>

Este acogedor apartamento campestre de 2 habitaciones y 2 baños...
